{"id":35264,"date":"1979-07-06T10:41:18","date_gmt":"1979-07-06T08:41:18","guid":{"rendered":"http:\/\/www.libraria-occitana.org\/?post_type=product&#038;p=35264\/"},"modified":"2026-04-29T06:31:35","modified_gmt":"2026-04-29T04:31:35","slug":"lou-tresor-dou-felibrige-2-volumes","status":"publish","type":"product","link":"https:\/\/www.libraria-occitana.org\/oc\/produch\/lou-tresor-dou-felibrige-2-volumes\/","title":{"rendered":"Lou tresor d\u00f3u Felibrige 2 volumes"},"content":{"rendered":"<p>Au XIXe si\u00e8cle, l\u2019appellation \u00ab langue proven\u00e7ale \u00bb \u00e9tait usit\u00e9e pour qualifier l&#8217;occitan. L&#8217;int\u00e9r\u00eat de ce dictionnaire est justement qu&#8217;il ne concerne pas uniquement le dialecte proven\u00e7al mais bien l&#8217;ensemble des dialectes occitans.<\/p>\n<p>Il est d&#8217;ailleurs sous-titr\u00e9 : \u00ab Dictionnaire proven\u00e7al-fran\u00e7ais embrassant les divers dialectes de la langue d&#8217;oc moderne \u00bb. Il s&#8217;inspire de bien des auteurs des diff\u00e9rents territoires o\u00f9 l&#8217;on parle l&#8217;occitan et mentionne un grand nombre d&#8217;\u00e9crivains dans cette langue sur plusieurs si\u00e8cles, du Moyen-\u00c2ge \u00e0 ses propres contemporains.<\/p>\n<p>Pour chaque mot (transcrit en graphie mistralienne), sont mentionn\u00e9es les diff\u00e9rentes variantes dialectales, ou subdialectales, ainsi que son \u00e9quivalent dans un grand nombre de langues romanes.<\/p>\n","protected":false},"excerpt":{"rendered":"<p>Au XIXe si\u00e8cle, l\u2019appellation \u00ab langue proven\u00e7ale \u00bb \u00e9tait usit\u00e9e pour qualifier l&#8217;occitan. L&#8217;int\u00e9r\u00eat de ce dictionnaire est justement qu&#8217;il ne concerne pas uniquement le dialecte proven\u00e7al mais bien l&#8217;ensemble des dialectes occitans. Il est d&#8217;ailleurs sous-titr\u00e9 : \u00ab Dictionnaire proven\u00e7al-fran\u00e7ais embrassant les divers dialectes de la langue d&#8217;oc moderne \u00bb. Il s&#8217;inspire de bien [&hellip;]<\/p>\n","protected":false},"featured_media":52616,"template":"","meta":{"_acf_changed":false,"_genesis_hide_title":false,"_genesis_hide_breadcrumbs":false,"_genesis_hide_singular_image":false,"_genesis_hide_footer_widgets":false,"_genesis_custom_body_class":"","_genesis_custom_post_class":"","_genesis_layout":""},"product_brand":[],"product_cat":[7139,7137,7133],"product_tag":[],"class_list":{"0":"post-35264","1":"product","2":"type-product","3":"status-publish","4":"has-post-thumbnail","6":"product_cat-diccionaris-gramaticas-oc","7":"product_cat-diccionaris-lenga-escolar-oc","8":"product_cat-libres-oc","9":"pa_auteur-mistral-frederic-oc","10":"pa_editeur-culture-provencale-et-meridionale-oc","11":"pa_langue-occitan-auvernhat-oc","12":"pa_langue-occitan-gascon-oc","13":"pa_langue-occitan-lemosin-oc","14":"pa_langue-occitan-lengadocian-oc","15":"pa_langue-occitan-provencau-oc","16":"pa_langue-occitan-vivaroaupenc-oc","17":"pa_langue-occitan-francais-oc","18":"entry","20":"first","21":"instock","22":"shipping-taxable","23":"purchasable","24":"product-type-simple"},"acf":[],"_links":{"self":[{"href":"https:\/\/www.libraria-occitana.org\/oc\/wp-json\/wp\/v2\/product\/35264","targetHints":{"allow":["GET"]}}],"collection":[{"href":"https:\/\/www.libraria-occitana.org\/oc\/wp-json\/wp\/v2\/product"}],"about":[{"href":"https:\/\/www.libraria-occitana.org\/oc\/wp-json\/wp\/v2\/types\/product"}],"wp:featuredmedia":[{"embeddable":true,"href":"https:\/\/www.libraria-occitana.org\/oc\/wp-json\/wp\/v2\/media\/52616"}],"wp:attachment":[{"href":"https:\/\/www.libraria-occitana.org\/oc\/wp-json\/wp\/v2\/media?parent=35264"}],"wp:term":[{"taxonomy":"product_brand","embeddable":true,"href":"https:\/\/www.libraria-occitana.org\/oc\/wp-json\/wp\/v2\/product_brand?post=35264"},{"taxonomy":"product_cat","embeddable":true,"href":"https:\/\/www.libraria-occitana.org\/oc\/wp-json\/wp\/v2\/product_cat?post=35264"},{"taxonomy":"product_tag","embeddable":true,"href":"https:\/\/www.libraria-occitana.org\/oc\/wp-json\/wp\/v2\/product_tag?post=35264"}],"curies":[{"name":"wp","href":"https:\/\/api.w.org\/{rel}","templated":true}]}}

Lou tresor dóu Felibrige 2 volumes

<p>Au XIXe siècle, l’appellation « langue provençale » était usitée pour qualifier l&#8217;occitan. L&#8217;intérêt de ce dictionnaire est justement qu&#8217;il ne concerne pas uniquement le dialecte provençal mais bien l&#8217;ensemble des dialectes occitans.</p>
<p>Il est d&#8217;ailleurs sous-titré : « Dictionnaire provençal-français embrassant les divers dialectes de la langue d&#8217;oc moderne ». Il s&#8217;inspire de bien des auteurs des différents territoires où l&#8217;on parle l&#8217;occitan et mentionne un grand nombre d&#8217;écrivains dans cette langue sur plusieurs siècles, du Moyen-Âge à ses propres contemporains.</p>
<p>Pour chaque mot (transcrit en graphie mistralienne), sont mentionnées les différentes variantes dialectales, ou subdialectales, ainsi que son équivalent dans un grand nombre de langues romanes.</p>

<p>Au XIXe siècle, l’appellation « langue provençale » était usitée pour qualifier l&#8217;occitan. L&#8217;intérêt de ce dictionnaire est justement qu&#8217;il ne concerne pas uniquement le dialecte provençal mais bien l&#8217;ensemble des dialectes occitans. Il est d&#8217;ailleurs sous-titré : « Dictionnaire provençal-français embrassant les divers dialectes de la langue d&#8217;oc moderne ». Il s&#8217;inspire de bien [&hellip;]</p>
