{"id":35344,"date":"2026-08-31T17:03:46","date_gmt":"2026-08-31T15:03:46","guid":{"rendered":"http:\/\/www.libraria-occitana.org\/?post_type=product&#038;p=35344\/"},"modified":"2026-08-31T17:03:48","modified_gmt":"2026-08-31T15:03:48","slug":"la-vielle-die-drehleier-the-hurdy-gurdy","status":"publish","type":"product","link":"https:\/\/www.libraria-occitana.org\/oc\/produch\/la-vielle-die-drehleier-the-hurdy-gurdy\/","title":{"rendered":"LA VIELLE &#8211; DIE DREHLEIER &#8211; THE HURDY-GURDY"},"content":{"rendered":"<p style=\"margin:0;\"><span style=\"font-family:'Times New Roman';font-size:12pt;\">La vielle &#8211; Die drehleier &#8211; The hurdy-gurdy<\/p>\n<p>Complement de titre : R\u00e9glage et entretien &#8211; Feinabstimmung und wartung &#8211; Adjustment and maintenance<br \/>Autor : Destrem, Philippe ; Heidemann, Volker<br \/>Linga : Franc\u00e9s &#8211; alemand &#8211; angl\u00e9s<br \/>Parucion : 1993<br \/>Editor : AMTA<br \/>Nb de pajas : 89<br \/>Format : 21 x 29,5 cm<br \/>P\u00e9s : 428 g<br \/>ISBN 10 : 2950768202<\/span><\/p>\n","protected":false},"excerpt":{"rendered":"<p>La vielle &#8211; Die drehleier &#8211; The hurdy-gurdy Complement de titre : R\u00e9glage et entretien &#8211; Feinabstimmung und wartung &#8211; Adjustment and maintenanceAutor : Destrem, Philippe ; Heidemann, VolkerLinga : Franc\u00e9s &#8211; alemand &#8211; angl\u00e9sParucion : 1993Editor : AMTANb de pajas : 89Format : 21 x 29,5 cmP\u00e9s : 428 gISBN 10 : 2950768202<\/p>\n","protected":false},"featured_media":0,"template":"","meta":{"_acf_changed":false,"_genesis_hide_title":false,"_genesis_hide_breadcrumbs":false,"_genesis_hide_singular_image":false,"_genesis_hide_footer_widgets":false,"_genesis_custom_body_class":"","_genesis_custom_post_class":"","_genesis_layout":""},"product_brand":[],"product_cat":[7195,7133,7191,16136],"product_tag":[],"class_list":["post-35344","product","type-product","status-publish","product_cat-estudis-oc","product_cat-libres-oc","product_cat-musica-danca-oc","product_cat-non-classe-oc","pa_auteur-destrem-philippe-oc","pa_auteur-heidemann-volker-oc","pa_auteurs-destrem-philippe-heidemann-volker","pa_editeur-amta-oc","entry","first","outofstock","purchasable","product-type-simple"],"acf":[],"_links":{"self":[{"href":"https:\/\/www.libraria-occitana.org\/oc\/wp-json\/wp\/v2\/product\/35344","targetHints":{"allow":["GET"]}}],"collection":[{"href":"https:\/\/www.libraria-occitana.org\/oc\/wp-json\/wp\/v2\/product"}],"about":[{"href":"https:\/\/www.libraria-occitana.org\/oc\/wp-json\/wp\/v2\/types\/product"}],"wp:attachment":[{"href":"https:\/\/www.libraria-occitana.org\/oc\/wp-json\/wp\/v2\/media?parent=35344"}],"wp:term":[{"taxonomy":"product_brand","embeddable":true,"href":"https:\/\/www.libraria-occitana.org\/oc\/wp-json\/wp\/v2\/product_brand?post=35344"},{"taxonomy":"product_cat","embeddable":true,"href":"https:\/\/www.libraria-occitana.org\/oc\/wp-json\/wp\/v2\/product_cat?post=35344"},{"taxonomy":"product_tag","embeddable":true,"href":"https:\/\/www.libraria-occitana.org\/oc\/wp-json\/wp\/v2\/product_tag?post=35344"}],"curies":[{"name":"wp","href":"https:\/\/api.w.org\/{rel}","templated":true}]}}

<p style="margin:0;"><span style="font-family:'Times New Roman';font-size:12pt;">La vielle &#8211; Die drehleier &#8211; The hurdy-gurdy</p>
<p>Complement de titre : Réglage et entretien &#8211; Feinabstimmung und wartung &#8211; Adjustment and maintenance<br />Autor : Destrem, Philippe ; Heidemann, Volker<br />Linga : Francés &#8211; alemand &#8211; anglés<br />Parucion : 1993<br />Editor : AMTA<br />Nb de pajas : 89<br />Format : 21 x 29,5 cm<br />Pés : 428 g<br />ISBN 10 : 2950768202</span></p>

<p>La vielle &#8211; Die drehleier &#8211; The hurdy-gurdy Complement de titre : Réglage et entretien &#8211; Feinabstimmung und wartung &#8211; Adjustment and maintenanceAutor : Destrem, Philippe ; Heidemann, VolkerLinga : Francés &#8211; alemand &#8211; anglésParucion : 1993Editor : AMTANb de pajas : 89Format : 21 x 29,5 cmPés : 428 gISBN 10 : 2950768202</p>
