{"id":35362,"date":"2026-08-31T16:55:27","date_gmt":"2026-08-31T14:55:27","guid":{"rendered":"http:\/\/www.libraria-occitana.org\/?post_type=product&#038;p=35362\/"},"modified":"2026-08-31T16:55:30","modified_gmt":"2026-08-31T14:55:30","slug":"la-langue-doc-tome-2-grammairiens-linguistes-philologues-lexicologues","status":"publish","type":"product","link":"https:\/\/www.libraria-occitana.org\/oc\/produch\/la-langue-doc-tome-2-grammairiens-linguistes-philologues-lexicologues\/","title":{"rendered":"LA LANGUE D&#8217;OC TOME 2 : GRAMMAIRIENS, LINGUISTES, PHILOLOGUES, LEXICOLOGUES"},"content":{"rendered":"<p style=\"margin:0;\"><span style=\"font-family:'Times New Roman';font-size:12pt;\">La langue d&#8217;oc tome 2 : Grammairiens, linguistes, philologues, lexicologues<\/p>\n<p>Revuda Lenga d&#8217;\u00f2c N\u00b0 2<br \/>Autor : Collectiu<br \/>Linga : Franc\u00e9s, occitan<br \/>Editor : Monast\u00e8re orthodoxe Sts Clair et Maurin<br \/>Nb de pajas : 96<br \/>Format : 21 x 15 cm<br \/>P\u00e9s : 216 g<br \/><\/span><\/p>\n","protected":false},"excerpt":{"rendered":"<p>La langue d&#8217;oc tome 2 : Grammairiens, linguistes, philologues, lexicologues Revuda Lenga d&#8217;\u00f2c N\u00b0 2Autor : CollectiuLinga : Franc\u00e9s, occitanEditor : Monast\u00e8re orthodoxe Sts Clair et MaurinNb de pajas : 96Format : 21 x 15 cmP\u00e9s : 216 g<\/p>\n","protected":false},"featured_media":0,"template":"","meta":{"_acf_changed":false,"_genesis_hide_title":false,"_genesis_hide_breadcrumbs":false,"_genesis_hide_singular_image":false,"_genesis_hide_footer_widgets":false,"_genesis_custom_body_class":"","_genesis_custom_post_class":"","_genesis_layout":""},"product_brand":[],"product_cat":[7189,7133,7175,16136],"product_tag":[],"class_list":["post-35362","product","type-product","status-publish","product_cat-estudis-literaris-oc","product_cat-libres-oc","product_cat-literatura-oc","product_cat-non-classe-oc","entry","first","outofstock","purchasable","product-type-simple"],"acf":[],"_links":{"self":[{"href":"https:\/\/www.libraria-occitana.org\/oc\/wp-json\/wp\/v2\/product\/35362","targetHints":{"allow":["GET"]}}],"collection":[{"href":"https:\/\/www.libraria-occitana.org\/oc\/wp-json\/wp\/v2\/product"}],"about":[{"href":"https:\/\/www.libraria-occitana.org\/oc\/wp-json\/wp\/v2\/types\/product"}],"wp:attachment":[{"href":"https:\/\/www.libraria-occitana.org\/oc\/wp-json\/wp\/v2\/media?parent=35362"}],"wp:term":[{"taxonomy":"product_brand","embeddable":true,"href":"https:\/\/www.libraria-occitana.org\/oc\/wp-json\/wp\/v2\/product_brand?post=35362"},{"taxonomy":"product_cat","embeddable":true,"href":"https:\/\/www.libraria-occitana.org\/oc\/wp-json\/wp\/v2\/product_cat?post=35362"},{"taxonomy":"product_tag","embeddable":true,"href":"https:\/\/www.libraria-occitana.org\/oc\/wp-json\/wp\/v2\/product_tag?post=35362"}],"curies":[{"name":"wp","href":"https:\/\/api.w.org\/{rel}","templated":true}]}}

<p style="margin:0;"><span style="font-family:'Times New Roman';font-size:12pt;">La langue d&#8217;oc tome 2 : Grammairiens, linguistes, philologues, lexicologues</p>
<p>Revuda Lenga d&#8217;òc N° 2<br />Autor : Collectiu<br />Linga : Francés, occitan<br />Editor : Monastère orthodoxe Sts Clair et Maurin<br />Nb de pajas : 96<br />Format : 21 x 15 cm<br />Pés : 216 g<br /></span></p>

<p>La langue d&#8217;oc tome 2 : Grammairiens, linguistes, philologues, lexicologues Revuda Lenga d&#8217;òc N° 2Autor : CollectiuLinga : Francés, occitanEditor : Monastère orthodoxe Sts Clair et MaurinNb de pajas : 96Format : 21 x 15 cmPés : 216 g</p>
