{"id":35397,"date":"2011-06-03T11:01:17","date_gmt":"2011-06-03T09:01:17","guid":{"rendered":"http:\/\/www.libraria-occitana.org\/?post_type=product&#038;p=35397\/"},"modified":"2026-04-29T05:01:51","modified_gmt":"2026-04-29T03:01:51","slug":"lenterrament-a-sabres","status":"publish","type":"product","link":"https:\/\/www.libraria-occitana.org\/oc\/produch\/lenterrament-a-sabres\/","title":{"rendered":"L&#8217;Enterrament a Sabres"},"content":{"rendered":"<p>Aqueth document unenc permet d&#8217;ent\u00e9ner la votz incomparabla de Bernat Manciet que leg\u00eds en gascon tr\u00f2\u00e7 de <em>L&#8217;Enterrament a Sabres<\/em>. Aqueth enregistrament, uei restaurat e numerizat, estot realisat per Hermine Karagheuz en 1996 quan prerar\u00e8va l&#8217;adaptacion teatrau d&#8217;aqueth t\u00e8xte qu&#8217;estot jogat, la medisha annada, dens lo quadre prestigi\u00f3s de la Hestejada d&#8217;Ag\u00f2r de Par\u00eds dab l&#8217;autor coma parlaire en occitan.<\/p>\n<p>Vadut a Sabres, dens las Lanas, Bernat Manciet (1923-2005) publiqu\u00e8t l&#8217;una de las \u00f2bras m\u00e0gers de la literatura de uei en lenga occitana. Grana seguida de 131 po\u00e8mas qui los perm\u00e8irs tr\u00f2\u00e7 estoren publicats en 1969 dens la revista <em>Oc<\/em>.<\/p>\n","protected":false},"excerpt":{"rendered":"<p>Aqueth document unenc permet d&#8217;ent\u00e9ner la votz incomparabla de Bernat Manciet que leg\u00eds en gascon tr\u00f2\u00e7 de L&#8217;Enterrament a Sabres. Aqueth enregistrament, uei restaurat e numerizat, estot realisat per Hermine Karagheuz en 1996 quan prerar\u00e8va l&#8217;adaptacion teatrau d&#8217;aqueth t\u00e8xte qu&#8217;estot jogat, la medisha annada, dens lo quadre prestigi\u00f3s de la Hestejada d&#8217;Ag\u00f2r de Par\u00eds dab [&hellip;]<\/p>\n","protected":false},"featured_media":51609,"template":"","meta":{"_acf_changed":false,"_genesis_hide_title":false,"_genesis_hide_breadcrumbs":false,"_genesis_hide_singular_image":false,"_genesis_hide_footer_widgets":false,"_genesis_custom_body_class":"","_genesis_custom_post_class":"","_genesis_layout":""},"product_brand":[],"product_cat":[7225,16683],"product_tag":[],"class_list":{"0":"post-35397","1":"product","2":"type-product","3":"status-publish","4":"has-post-thumbnail","6":"product_cat-litterature-musique-oc","7":"product_cat-musica-oc","8":"pa_auteur-manciet-bernat-oc","9":"pa_editeur-daqui-oc","10":"pa_langue-occitan-oc","11":"pa_langue-occitan-gascon-oc","12":"entry","14":"first","15":"outofstock","16":"shipping-taxable","17":"purchasable","18":"product-type-simple"},"acf":[],"_links":{"self":[{"href":"https:\/\/www.libraria-occitana.org\/oc\/wp-json\/wp\/v2\/product\/35397","targetHints":{"allow":["GET"]}}],"collection":[{"href":"https:\/\/www.libraria-occitana.org\/oc\/wp-json\/wp\/v2\/product"}],"about":[{"href":"https:\/\/www.libraria-occitana.org\/oc\/wp-json\/wp\/v2\/types\/product"}],"wp:featuredmedia":[{"embeddable":true,"href":"https:\/\/www.libraria-occitana.org\/oc\/wp-json\/wp\/v2\/media\/51609"}],"wp:attachment":[{"href":"https:\/\/www.libraria-occitana.org\/oc\/wp-json\/wp\/v2\/media?parent=35397"}],"wp:term":[{"taxonomy":"product_brand","embeddable":true,"href":"https:\/\/www.libraria-occitana.org\/oc\/wp-json\/wp\/v2\/product_brand?post=35397"},{"taxonomy":"product_cat","embeddable":true,"href":"https:\/\/www.libraria-occitana.org\/oc\/wp-json\/wp\/v2\/product_cat?post=35397"},{"taxonomy":"product_tag","embeddable":true,"href":"https:\/\/www.libraria-occitana.org\/oc\/wp-json\/wp\/v2\/product_tag?post=35397"}],"curies":[{"name":"wp","href":"https:\/\/api.w.org\/{rel}","templated":true}]}}

<p>Aqueth document unenc permet d&#8217;enténer la votz incomparabla de Bernat Manciet que legís en gascon tròç de <em>L&#8217;Enterrament a Sabres</em>. Aqueth enregistrament, uei restaurat e numerizat, estot realisat per Hermine Karagheuz en 1996 quan prerarèva l&#8217;adaptacion teatrau d&#8217;aqueth tèxte qu&#8217;estot jogat, la medisha annada, dens lo quadre prestigiós de la Hestejada d&#8217;Agòr de París dab l&#8217;autor coma parlaire en occitan.</p>
<p>Vadut a Sabres, dens las Lanas, Bernat Manciet (1923-2005) publiquèt l&#8217;una de las òbras màgers de la literatura de uei en lenga occitana. Grana seguida de 131 poèmas qui los permèirs tròç estoren publicats en 1969 dens la revista <em>Oc</em>.</p>

<p>Aqueth document unenc permet d&#8217;enténer la votz incomparabla de Bernat Manciet que legís en gascon tròç de L&#8217;Enterrament a Sabres. Aqueth enregistrament, uei restaurat e numerizat, estot realisat per Hermine Karagheuz en 1996 quan prerarèva l&#8217;adaptacion teatrau d&#8217;aqueth tèxte qu&#8217;estot jogat, la medisha annada, dens lo quadre prestigiós de la Hestejada d&#8217;Agòr de París dab [&hellip;]</p>
