{"id":35754,"date":"2026-08-31T16:52:49","date_gmt":"2026-08-31T14:52:49","guid":{"rendered":"http:\/\/www.libraria-occitana.org\/?post_type=product&#038;p=35754\/"},"modified":"2026-08-31T16:53:18","modified_gmt":"2026-08-31T14:53:18","slug":"saint-pardoux-la-riviere-sent-pardol-la-ribiera","status":"publish","type":"product","link":"https:\/\/www.libraria-occitana.org\/oc\/produch\/saint-pardoux-la-riviere-sent-pardol-la-ribiera\/","title":{"rendered":"SAINT-PARDOUX- LA-RIVIERE &#8211; SENT-PARDOL-LA-RIBIERA"},"content":{"rendered":"<p style=\"margin:0;\"><span style=\"font-family:'Times New Roman';font-size:12pt;\">Saint-Pardoux- la-Rivi\u00e8re &#8211; Sent-Pardol-la-Ribiera<\/p>\n<p>Complement de titre : Lieux-dits et hameaux de la commune de Saint-Pardoux-la-Rivi\u00e8re \/ Sent Pardol la Ribiera<br \/>Autor : Lavalade, Yves<br \/>Linga : Franc\u00e9s<br \/>Parucion : 06\/2004<br \/>Editor : Municipalit\u00e9 de Saint-Pardoux-la-Rivi\u00e8re<br \/>Nb de pajas : 17<br \/>Format : 15,5 x 21 cm<br \/>P\u00e9s : 66 g<br \/><\/span><\/p>\n","protected":false},"excerpt":{"rendered":"<p>Saint-Pardoux- la-Rivi\u00e8re &#8211; Sent-Pardol-la-Ribiera Complement de titre : Lieux-dits et hameaux de la commune de Saint-Pardoux-la-Rivi\u00e8re \/ Sent Pardol la RibieraAutor : Lavalade, YvesLinga : Franc\u00e9sParucion : 06\/2004Editor : Municipalit\u00e9 de Saint-Pardoux-la-Rivi\u00e8reNb de pajas : 17Format : 15,5 x 21 cmP\u00e9s : 66 g<\/p>\n","protected":false},"featured_media":0,"template":"","meta":{"_acf_changed":false,"_genesis_hide_title":false,"_genesis_hide_breadcrumbs":false,"_genesis_hide_singular_image":false,"_genesis_hide_footer_widgets":false,"_genesis_custom_body_class":"","_genesis_custom_post_class":"","_genesis_layout":""},"product_brand":[],"product_cat":[7149,7133,7163,16136],"product_tag":[],"class_list":["post-35754","product","type-product","status-publish","product_cat-istoria-geografia-oc","product_cat-libres-oc","product_cat-noms-de-luocs-noms-de-personas-oc","product_cat-non-classe-oc","pa_auteurs-lavalade-yves","entry","first","outofstock","purchasable","product-type-simple"],"acf":[],"_links":{"self":[{"href":"https:\/\/www.libraria-occitana.org\/oc\/wp-json\/wp\/v2\/product\/35754","targetHints":{"allow":["GET"]}}],"collection":[{"href":"https:\/\/www.libraria-occitana.org\/oc\/wp-json\/wp\/v2\/product"}],"about":[{"href":"https:\/\/www.libraria-occitana.org\/oc\/wp-json\/wp\/v2\/types\/product"}],"wp:attachment":[{"href":"https:\/\/www.libraria-occitana.org\/oc\/wp-json\/wp\/v2\/media?parent=35754"}],"wp:term":[{"taxonomy":"product_brand","embeddable":true,"href":"https:\/\/www.libraria-occitana.org\/oc\/wp-json\/wp\/v2\/product_brand?post=35754"},{"taxonomy":"product_cat","embeddable":true,"href":"https:\/\/www.libraria-occitana.org\/oc\/wp-json\/wp\/v2\/product_cat?post=35754"},{"taxonomy":"product_tag","embeddable":true,"href":"https:\/\/www.libraria-occitana.org\/oc\/wp-json\/wp\/v2\/product_tag?post=35754"}],"curies":[{"name":"wp","href":"https:\/\/api.w.org\/{rel}","templated":true}]}}

<p style="margin:0;"><span style="font-family:'Times New Roman';font-size:12pt;">Saint-Pardoux- la-Rivière &#8211; Sent-Pardol-la-Ribiera</p>
<p>Complement de titre : Lieux-dits et hameaux de la commune de Saint-Pardoux-la-Rivière / Sent Pardol la Ribiera<br />Autor : Lavalade, Yves<br />Linga : Francés<br />Parucion : 06/2004<br />Editor : Municipalité de Saint-Pardoux-la-Rivière<br />Nb de pajas : 17<br />Format : 15,5 x 21 cm<br />Pés : 66 g<br /></span></p>

<p>Saint-Pardoux- la-Rivière &#8211; Sent-Pardol-la-Ribiera Complement de titre : Lieux-dits et hameaux de la commune de Saint-Pardoux-la-Rivière / Sent Pardol la RibieraAutor : Lavalade, YvesLinga : FrancésParucion : 06/2004Editor : Municipalité de Saint-Pardoux-la-RivièreNb de pajas : 17Format : 15,5 x 21 cmPés : 66 g</p>
