{"id":35771,"date":"2026-08-31T16:23:17","date_gmt":"2026-08-31T14:23:17","guid":{"rendered":"http:\/\/www.libraria-occitana.org\/?post_type=product&#038;p=35771\/"},"modified":"2026-08-31T16:23:21","modified_gmt":"2026-08-31T14:23:21","slug":"petite-histoire-du-limousin-et-de-la-limousinite","status":"publish","type":"product","link":"https:\/\/www.libraria-occitana.org\/oc\/produch\/petite-histoire-du-limousin-et-de-la-limousinite\/","title":{"rendered":"PETITE HISTOIRE DU LIMOUSIN ET DE LA LIMOUSINITE"},"content":{"rendered":"<p style=\"margin:0;\"><span style=\"font-family:'Times New Roman';font-size:12pt;\">Petite histoire du Limousin et de la limousinit\u00e9<\/p>\n<p>Le Limousin, en ses trois d\u00e9partements, Corr\u00e8ze, Creuse, Haute-Vienne, et plus de 2000 ans d&#8217;histoire, n&#8217;a cess\u00e9, m\u00eame \u00e0 travers les conflits internes et franco-anglais, les partages seigneuriaux et la cr\u00e9ation d&#8217;une Marche, ou d&#8217;un second \u00e9v\u00each\u00e9 \u00e0 Tulle, d&#8217;affirmer sur un sol ingrat, mais en des limites territoriales quasi constantes, une unit\u00e9 sociale et culturelle et un fort sentiment identitaire qui persiste encore aujourd&#8217;hui. Les moqueries de quelques auteurs d&#8217;une intelligentsia des si\u00e8cles pass\u00e9s ont \u00e9t\u00e9 vite effac\u00e9es par la r\u00e9putation qu&#8217;il a acquise en divers domaines comme l&#8217;art po\u00e9tique, les \u00e9maux, la porcelaine, la tapisserie, les \u00e9levages&#8230;<br \/>C&#8217;est cette histoire, tout \u00e0 la fois \u00e9v\u00e9nementielle et populaire, des origines \u00e0 la premi\u00e8re d\u00e9cennie du XXIe si\u00e8cle, nourrie du fort sentiment d&#8217;appartenance, la limousinit\u00e9, qui est ici d\u00e9velopp\u00e9e en une approche nouvelle, originale m\u00eame, o\u00f9 la vie du paysan et de l&#8217;artisan, l&#8217;\u00e9conomie et la politique, la nature et la technique, le parler vernaculaire et l&#8217;innovation, la religion et l&#8217;ath\u00e9isme constituent, quelquefois en contrepoints dialectiques, un tableau vivant d&#8217;une culture r\u00e9gionale qui fait du Limousin, un pays \u00ab petit mais costaud \u00bb, un pays o\u00f9 l&#8217;on sait \u00ab oser la diff\u00e9rence \u00bb.<\/p>\n<p>Autor : Robert, Maurice<br \/>Linga : Franc\u00e9s<br \/>Parucion : 03\/2014<br \/>Editor : Geste<br \/>Colleccion : Petite histoire<br \/>Nb de pajas : 414<br \/>Format : 11 x 18 cm<br \/>P\u00e9s : 322 g<br \/>EAN 13 : 9782367461601<\/p>\n<p><\/span><\/p>\n","protected":false},"excerpt":{"rendered":"<p>Petite histoire du Limousin et de la limousinit\u00e9 Le Limousin, en ses trois d\u00e9partements, Corr\u00e8ze, Creuse, Haute-Vienne, et plus de 2000 ans d&#8217;histoire, n&#8217;a cess\u00e9, m\u00eame \u00e0 travers les conflits internes et franco-anglais, les partages seigneuriaux et la cr\u00e9ation d&#8217;une Marche, ou d&#8217;un second \u00e9v\u00each\u00e9 \u00e0 Tulle, d&#8217;affirmer sur un sol ingrat, mais en des [&hellip;]<\/p>\n","protected":false},"featured_media":0,"template":"","meta":{"_acf_changed":false,"_genesis_hide_title":false,"_genesis_hide_breadcrumbs":false,"_genesis_hide_singular_image":false,"_genesis_hide_footer_widgets":false,"_genesis_custom_body_class":"","_genesis_custom_post_class":"","_genesis_layout":""},"product_brand":[],"product_cat":[7133,16136,7203],"product_tag":[],"class_list":["post-35771","product","type-product","status-publish","product_cat-libres-oc","product_cat-non-classe-oc","product_cat-politica-sociologia-actualitat-oc","entry","first","outofstock","purchasable","product-type-simple"],"acf":[],"_links":{"self":[{"href":"https:\/\/www.libraria-occitana.org\/oc\/wp-json\/wp\/v2\/product\/35771","targetHints":{"allow":["GET"]}}],"collection":[{"href":"https:\/\/www.libraria-occitana.org\/oc\/wp-json\/wp\/v2\/product"}],"about":[{"href":"https:\/\/www.libraria-occitana.org\/oc\/wp-json\/wp\/v2\/types\/product"}],"wp:attachment":[{"href":"https:\/\/www.libraria-occitana.org\/oc\/wp-json\/wp\/v2\/media?parent=35771"}],"wp:term":[{"taxonomy":"product_brand","embeddable":true,"href":"https:\/\/www.libraria-occitana.org\/oc\/wp-json\/wp\/v2\/product_brand?post=35771"},{"taxonomy":"product_cat","embeddable":true,"href":"https:\/\/www.libraria-occitana.org\/oc\/wp-json\/wp\/v2\/product_cat?post=35771"},{"taxonomy":"product_tag","embeddable":true,"href":"https:\/\/www.libraria-occitana.org\/oc\/wp-json\/wp\/v2\/product_tag?post=35771"}],"curies":[{"name":"wp","href":"https:\/\/api.w.org\/{rel}","templated":true}]}}

<p style="margin:0;"><span style="font-family:'Times New Roman';font-size:12pt;">Petite histoire du Limousin et de la limousinité</p>
<p>Le Limousin, en ses trois départements, Corrèze, Creuse, Haute-Vienne, et plus de 2000 ans d&#8217;histoire, n&#8217;a cessé, même à travers les conflits internes et franco-anglais, les partages seigneuriaux et la création d&#8217;une Marche, ou d&#8217;un second évêché à Tulle, d&#8217;affirmer sur un sol ingrat, mais en des limites territoriales quasi constantes, une unité sociale et culturelle et un fort sentiment identitaire qui persiste encore aujourd&#8217;hui. Les moqueries de quelques auteurs d&#8217;une intelligentsia des siècles passés ont été vite effacées par la réputation qu&#8217;il a acquise en divers domaines comme l&#8217;art poétique, les émaux, la porcelaine, la tapisserie, les élevages&#8230;<br />C&#8217;est cette histoire, tout à la fois événementielle et populaire, des origines à la première décennie du XXIe siècle, nourrie du fort sentiment d&#8217;appartenance, la limousinité, qui est ici développée en une approche nouvelle, originale même, où la vie du paysan et de l&#8217;artisan, l&#8217;économie et la politique, la nature et la technique, le parler vernaculaire et l&#8217;innovation, la religion et l&#8217;athéisme constituent, quelquefois en contrepoints dialectiques, un tableau vivant d&#8217;une culture régionale qui fait du Limousin, un pays « petit mais costaud », un pays où l&#8217;on sait « oser la différence ».</p>
<p>Autor : Robert, Maurice<br />Linga : Francés<br />Parucion : 03/2014<br />Editor : Geste<br />Colleccion : Petite histoire<br />Nb de pajas : 414<br />Format : 11 x 18 cm<br />Pés : 322 g<br />EAN 13 : 9782367461601</p>
<p></span></p>

<p>Petite histoire du Limousin et de la limousinité Le Limousin, en ses trois départements, Corrèze, Creuse, Haute-Vienne, et plus de 2000 ans d&#8217;histoire, n&#8217;a cessé, même à travers les conflits internes et franco-anglais, les partages seigneuriaux et la création d&#8217;une Marche, ou d&#8217;un second évêché à Tulle, d&#8217;affirmer sur un sol ingrat, mais en des [&hellip;]</p>
