{"id":35832,"date":"2026-08-31T16:38:39","date_gmt":"2026-08-31T14:38:39","guid":{"rendered":"http:\/\/www.libraria-occitana.org\/?post_type=product&#038;p=35832\/"},"modified":"2026-08-31T16:38:43","modified_gmt":"2026-08-31T14:38:43","slug":"lo-lop-lo-diable-e-lavesque-antologia-de-contes-gascons","status":"publish","type":"product","link":"https:\/\/www.libraria-occitana.org\/oc\/produch\/lo-lop-lo-diable-e-lavesque-antologia-de-contes-gascons\/","title":{"rendered":"LO LOP, LO DIABLE E L&#8217;AVESQUE ANTOLOGIA DE CONTES GASCONS"},"content":{"rendered":"<p style=\"margin:0;\"><span style=\"font-family:'Times New Roman';font-size:12pt;\">Lo lop, lo diable e l&#8217;avesque : Antologia de contes gascons<\/p>\n<p>Dens tota la Gasconha, de las Lanas au Comenge, de la Big\u00f2rra au Bearn, deu Med\u00f2c a l&#8217;Armanhac, folcloristas, etnol\u00f2gues, ahuecats de lenga d&#8217;\u00f2c qu&#8217;an cuelhut contes gessits de la paraula deu p\u00f2ple.<br \/>Au miei de tots aquestes cuelhedors, que s&#8217;i tr\u00f2ban escrivans vertad\u00e8rs com Jan Franc\u00e9s Blad\u00e9, Miqu\u00e8u de Camelat, Jan Vict\u00f2r Lalanne, F\u00e8li\u00e7 Arnaudin, Jan Palay, Onorat Dambielle e d&#8217;autes mensh coneguts com Silvan Lacoste, Pascau Badiolle, Leop\u00f2ld Dardy, Jan Baptista Laborde, F\u00e8li\u00e7 Sarran, Rog\u00e8r Seillan o Ug\u00e8na Dal\u00e9as qui&#8217;s hican ad escr\u00edver contes occitans.<br \/>En tot partir de la mestior audida dens las velhadas o au miei de las lanas e deus paisheders, qu&#8217;escriven t\u00e8xtes, modificats quauqu&#8217;un c\u00f2p, qui viran contes tirats de la boca deu p\u00f2ple en \u00f2bras liter\u00e0rias.<br \/>La lectura deus contes meravilh\u00f3s, deus contes de b\u00e8stias, deus contes tad arr\u00edder que&#8217;ns h\u00e8 atau caminar dab lo Rei de las Agraulas e l&#8217;\u00d2mi de totas colors, dab la Mair deu Vent e lo Becut, dab Sent P\u00e8ir e lo diable, dab lo renard e la piga, lo lop e la maria chorra, dab l&#8217;avesque e la goja deu caperan dens lo pa\u00eds deu contes.<\/p>\n<p>Dans l&#8217;ensemble des pays gascons, de l&#8217;Albret au B\u00e9arn, de la Chalosse \u00e0 la Bigorre, de la Lande \u00e0 l&#8217;Armagnac, des folkloristes, des ethnographes, des passionn\u00e9s de langue d&#8217;oc ont recueilli des contes issus de la parole populaire.<br \/>Parmi eux, de v\u00e9ritables \u00e9crivains tels Jean-Fran\u00e7ois Blad\u00e9, Michel Cam\u00e9lat, Jean-Victor Lalanne, F\u00e9lix Arnaudin, Jean Palay, Honor\u00e9 Dambielle, et d&#8217;autres plus m\u00e9connus tels Sylvain Lascoste, Pascal Badiolle, L\u00e9opold Dardy, Jean-Baptiste Laborde, F\u00e9lix Sarran, Roger Seillan ou Eug\u00e8ne Dal\u00e9as, se tournent vers l&#8217;\u00e9criture de contes occitans.<br \/>A partir de cette mati\u00e8re orale entendue \u00e0 la veill\u00e9e ou au milieu des landes et des p\u00e2turages, ils \u00e9crivent des textes, qu&#8217;ils transmuent quelquefois, qui font de ces contes issus de la parole du peuple des \u0153uvres litt\u00e9raires \u00e0 part enti\u00e8re.<br \/>Au travers de contes merveilleux, de contes de b\u00eates, de contes fac\u00e9tieux, c&#8217;est \u00e0 une randonn\u00e9e en compagnie du Roi des Corbeaux et de l&#8217;Homme de toutes couleurs, de la M\u00e8re du Vent et de l&#8217;Ogre, de saint Pierre et du diable, du renard et de la pie, du loup et du troglodyte, de l&#8217;\u00e9v\u00eaque et de la bonne du cur\u00e9 que nous convie ce livre.<\/p>\n<p>Autor : Collectiu<br \/>Linga : Occitan <wbr>(gascon)<br \/>Lexic occitan-franc\u00e9s<br \/>Parucion : 10\/2007<br \/>Editor : Letras d&#8217;\u00f2c<br \/>Nb de pajas : 149<br \/>Format : 16 x 24 cm<br \/>P\u00e9s : 302 g<br \/>EAN 13 : 9782916718095<\/span><\/p>\n","protected":false},"excerpt":{"rendered":"<p>Lo lop, lo diable e l&#8217;avesque : Antologia de contes gascons Dens tota la Gasconha, de las Lanas au Comenge, de la Big\u00f2rra au Bearn, deu Med\u00f2c a l&#8217;Armanhac, folcloristas, etnol\u00f2gues, ahuecats de lenga d&#8217;\u00f2c qu&#8217;an cuelhut contes gessits de la paraula deu p\u00f2ple.Au miei de tots aquestes cuelhedors, que s&#8217;i tr\u00f2ban escrivans vertad\u00e8rs com [&hellip;]<\/p>\n","protected":false},"featured_media":0,"template":"","meta":{"_acf_changed":false,"_genesis_hide_title":false,"_genesis_hide_breadcrumbs":false,"_genesis_hide_singular_image":false,"_genesis_hide_footer_widgets":false,"_genesis_custom_body_class":"","_genesis_custom_post_class":"","_genesis_layout":""},"product_brand":[],"product_cat":[7177,7133,7175,16136],"product_tag":[],"class_list":["post-35832","product","type-product","status-publish","product_cat-contes-fablas-oc","product_cat-libres-oc","product_cat-literatura-oc","product_cat-non-classe-oc","pa_auteur-collectiu-oc-2","pa_auteurs-anonyme","pa_editeurs-letras-oc","entry","first","instock","purchasable","product-type-simple"],"acf":[],"_links":{"self":[{"href":"https:\/\/www.libraria-occitana.org\/oc\/wp-json\/wp\/v2\/product\/35832","targetHints":{"allow":["GET"]}}],"collection":[{"href":"https:\/\/www.libraria-occitana.org\/oc\/wp-json\/wp\/v2\/product"}],"about":[{"href":"https:\/\/www.libraria-occitana.org\/oc\/wp-json\/wp\/v2\/types\/product"}],"wp:attachment":[{"href":"https:\/\/www.libraria-occitana.org\/oc\/wp-json\/wp\/v2\/media?parent=35832"}],"wp:term":[{"taxonomy":"product_brand","embeddable":true,"href":"https:\/\/www.libraria-occitana.org\/oc\/wp-json\/wp\/v2\/product_brand?post=35832"},{"taxonomy":"product_cat","embeddable":true,"href":"https:\/\/www.libraria-occitana.org\/oc\/wp-json\/wp\/v2\/product_cat?post=35832"},{"taxonomy":"product_tag","embeddable":true,"href":"https:\/\/www.libraria-occitana.org\/oc\/wp-json\/wp\/v2\/product_tag?post=35832"}],"curies":[{"name":"wp","href":"https:\/\/api.w.org\/{rel}","templated":true}]}}

<p style="margin:0;"><span style="font-family:'Times New Roman';font-size:12pt;">Lo lop, lo diable e l&#8217;avesque : Antologia de contes gascons</p>
<p>Dens tota la Gasconha, de las Lanas au Comenge, de la Bigòrra au Bearn, deu Medòc a l&#8217;Armanhac, folcloristas, etnològues, ahuecats de lenga d&#8217;òc qu&#8217;an cuelhut contes gessits de la paraula deu pòple.<br />Au miei de tots aquestes cuelhedors, que s&#8217;i tròban escrivans vertadèrs com Jan Francés Bladé, Miquèu de Camelat, Jan Victòr Lalanne, Fèliç Arnaudin, Jan Palay, Onorat Dambielle e d&#8217;autes mensh coneguts com Silvan Lacoste, Pascau Badiolle, Leopòld Dardy, Jan Baptista Laborde, Fèliç Sarran, Rogèr Seillan o Ugèna Daléas qui&#8217;s hican ad escríver contes occitans.<br />En tot partir de la mestior audida dens las velhadas o au miei de las lanas e deus paisheders, qu&#8217;escriven tèxtes, modificats quauqu&#8217;un còp, qui viran contes tirats de la boca deu pòple en òbras literàrias.<br />La lectura deus contes meravilhós, deus contes de bèstias, deus contes tad arríder que&#8217;ns hè atau caminar dab lo Rei de las Agraulas e l&#8217;Òmi de totas colors, dab la Mair deu Vent e lo Becut, dab Sent Pèir e lo diable, dab lo renard e la piga, lo lop e la maria chorra, dab l&#8217;avesque e la goja deu caperan dens lo país deu contes.</p>
<p>Dans l&#8217;ensemble des pays gascons, de l&#8217;Albret au Béarn, de la Chalosse à la Bigorre, de la Lande à l&#8217;Armagnac, des folkloristes, des ethnographes, des passionnés de langue d&#8217;oc ont recueilli des contes issus de la parole populaire.<br />Parmi eux, de véritables écrivains tels Jean-François Bladé, Michel Camélat, Jean-Victor Lalanne, Félix Arnaudin, Jean Palay, Honoré Dambielle, et d&#8217;autres plus méconnus tels Sylvain Lascoste, Pascal Badiolle, Léopold Dardy, Jean-Baptiste Laborde, Félix Sarran, Roger Seillan ou Eugène Daléas, se tournent vers l&#8217;écriture de contes occitans.<br />A partir de cette matière orale entendue à la veillée ou au milieu des landes et des pâturages, ils écrivent des textes, qu&#8217;ils transmuent quelquefois, qui font de ces contes issus de la parole du peuple des œuvres littéraires à part entière.<br />Au travers de contes merveilleux, de contes de bêtes, de contes facétieux, c&#8217;est à une randonnée en compagnie du Roi des Corbeaux et de l&#8217;Homme de toutes couleurs, de la Mère du Vent et de l&#8217;Ogre, de saint Pierre et du diable, du renard et de la pie, du loup et du troglodyte, de l&#8217;évêque et de la bonne du curé que nous convie ce livre.</p>
<p>Autor : Collectiu<br />Linga : Occitan <wbr>(gascon)<br />Lexic occitan-francés<br />Parucion : 10/2007<br />Editor : Letras d&#8217;òc<br />Nb de pajas : 149<br />Format : 16 x 24 cm<br />Pés : 302 g<br />EAN 13 : 9782916718095</span></p>

<p>Lo lop, lo diable e l&#8217;avesque : Antologia de contes gascons Dens tota la Gasconha, de las Lanas au Comenge, de la Bigòrra au Bearn, deu Medòc a l&#8217;Armanhac, folcloristas, etnològues, ahuecats de lenga d&#8217;òc qu&#8217;an cuelhut contes gessits de la paraula deu pòple.Au miei de tots aquestes cuelhedors, que s&#8217;i tròban escrivans vertadèrs com [&hellip;]</p>
