{"id":35887,"date":"2026-08-31T16:51:36","date_gmt":"2026-08-31T14:51:36","guid":{"rendered":"http:\/\/www.libraria-occitana.org\/?post_type=product&#038;p=35887\/"},"modified":"2026-08-31T16:51:39","modified_gmt":"2026-08-31T14:51:39","slug":"le-parler-marchois-de-saint-priest-la-feuille-creuse","status":"publish","type":"product","link":"https:\/\/www.libraria-occitana.org\/oc\/produch\/le-parler-marchois-de-saint-priest-la-feuille-creuse\/","title":{"rendered":"LE PARLER MARCHOIS DE SAINT-PRIEST-LA-FEUILLE (CREUSE)"},"content":{"rendered":"<p style=\"margin:0;\"><span style=\"font-family:'Times New Roman';font-size:12pt;\">Sant-Prit-la-Fu\u00e8lha es un vilatge de 600 abitants del departament franc\u00e9s de Creuse. A l&#8217;ora d&#8217;ara, s&#8217;i parla encara un dial\u00e8cte particular, lo march\u00e9s, que marca la limita entre las lengas occitana e francesa. Se lo vocabulari de basa e las conjugasons l&#8217;apar\u00e9ntan a l&#8217;occitan, la fonetica pr&#8217;aqu\u00f2 es netament francisada e presenta de sons nombroses e originals <wbr>(nasalas, etc.). \u00c7aquel\u00e0, lo march\u00e9s deu pas \u00e8sser considerat solament coma una mescla entre doas lengas, que presenta c\u00e8rtas particularitats pr\u00f2prias e una co\u00ebr\u00e9ncia int\u00e8rna vertadi\u00e8ra.<\/p>\n<p>Complement de titre : Br\u00e8ve \u00e9tude du parler nord-limousin de Saint-Priest-la-Feuille<br \/>Revuda La Clau lemosina N\u00b0 especiau<br \/>Autor : Quint, Nicolas<br \/>Linga : Franc\u00e9s, occitan <wbr>(lengadocian)<br \/>Parucion : 04\/1991<br \/>Editor : CLEO<br \/>Nb de pajas : 52<br \/>Format : 14,5 x 20,5 cm<br \/>P\u00e9s : 80 g<br \/>ISSN : 03396487<\/span><\/p>\n","protected":false},"excerpt":{"rendered":"<p>Sant-Prit-la-Fu\u00e8lha es un vilatge de 600 abitants del departament franc\u00e9s de Creuse. A l&#8217;ora d&#8217;ara, s&#8217;i parla encara un dial\u00e8cte particular, lo march\u00e9s, que marca la limita entre las lengas occitana e francesa. Se lo vocabulari de basa e las conjugasons l&#8217;apar\u00e9ntan a l&#8217;occitan, la fonetica pr&#8217;aqu\u00f2 es netament francisada e presenta de sons nombroses [&hellip;]<\/p>\n","protected":false},"featured_media":0,"template":"","meta":{"_acf_changed":false,"_genesis_hide_title":false,"_genesis_hide_breadcrumbs":false,"_genesis_hide_singular_image":false,"_genesis_hide_footer_widgets":false,"_genesis_custom_body_class":"","_genesis_custom_post_class":"","_genesis_layout":""},"product_brand":[],"product_cat":[7137,7133,7141,16136],"product_tag":[],"class_list":["post-35887","product","type-product","status-publish","product_cat-diccionaris-lenga-escolar-oc","product_cat-libres-oc","product_cat-linguistica-oc","product_cat-non-classe-oc","entry","first","outofstock","purchasable","product-type-simple"],"acf":[],"_links":{"self":[{"href":"https:\/\/www.libraria-occitana.org\/oc\/wp-json\/wp\/v2\/product\/35887","targetHints":{"allow":["GET"]}}],"collection":[{"href":"https:\/\/www.libraria-occitana.org\/oc\/wp-json\/wp\/v2\/product"}],"about":[{"href":"https:\/\/www.libraria-occitana.org\/oc\/wp-json\/wp\/v2\/types\/product"}],"wp:attachment":[{"href":"https:\/\/www.libraria-occitana.org\/oc\/wp-json\/wp\/v2\/media?parent=35887"}],"wp:term":[{"taxonomy":"product_brand","embeddable":true,"href":"https:\/\/www.libraria-occitana.org\/oc\/wp-json\/wp\/v2\/product_brand?post=35887"},{"taxonomy":"product_cat","embeddable":true,"href":"https:\/\/www.libraria-occitana.org\/oc\/wp-json\/wp\/v2\/product_cat?post=35887"},{"taxonomy":"product_tag","embeddable":true,"href":"https:\/\/www.libraria-occitana.org\/oc\/wp-json\/wp\/v2\/product_tag?post=35887"}],"curies":[{"name":"wp","href":"https:\/\/api.w.org\/{rel}","templated":true}]}}

<p style="margin:0;"><span style="font-family:'Times New Roman';font-size:12pt;">Sant-Prit-la-Fuèlha es un vilatge de 600 abitants del departament francés de Creuse. A l&#8217;ora d&#8217;ara, s&#8217;i parla encara un dialècte particular, lo marchés, que marca la limita entre las lengas occitana e francesa. Se lo vocabulari de basa e las conjugasons l&#8217;aparéntan a l&#8217;occitan, la fonetica pr&#8217;aquò es netament francisada e presenta de sons nombroses e originals <wbr>(nasalas, etc.). Çaquelà, lo marchés deu pas èsser considerat solament coma una mescla entre doas lengas, que presenta cèrtas particularitats pròprias e una coëréncia intèrna vertadièra.</p>
<p>Complement de titre : Brève étude du parler nord-limousin de Saint-Priest-la-Feuille<br />Revuda La Clau lemosina N° especiau<br />Autor : Quint, Nicolas<br />Linga : Francés, occitan <wbr>(lengadocian)<br />Parucion : 04/1991<br />Editor : CLEO<br />Nb de pajas : 52<br />Format : 14,5 x 20,5 cm<br />Pés : 80 g<br />ISSN : 03396487</span></p>

<p>Sant-Prit-la-Fuèlha es un vilatge de 600 abitants del departament francés de Creuse. A l&#8217;ora d&#8217;ara, s&#8217;i parla encara un dialècte particular, lo marchés, que marca la limita entre las lengas occitana e francesa. Se lo vocabulari de basa e las conjugasons l&#8217;aparéntan a l&#8217;occitan, la fonetica pr&#8217;aquò es netament francisada e presenta de sons nombroses [&hellip;]</p>
