{"id":35904,"date":"2026-08-31T17:17:17","date_gmt":"2026-08-31T15:17:17","guid":{"rendered":"http:\/\/www.libraria-occitana.org\/?post_type=product&#038;p=35904\/"},"modified":"2026-08-31T17:17:20","modified_gmt":"2026-08-31T15:17:20","slug":"le-livre-de-vie-1379-1382-bergerac-au-coeur-de-la-guerre-des-cent-ans","status":"publish","type":"product","link":"https:\/\/www.libraria-occitana.org\/oc\/produch\/le-livre-de-vie-1379-1382-bergerac-au-coeur-de-la-guerre-des-cent-ans\/","title":{"rendered":"LE LIVRE DE VIE 1379-1382 : BERGERAC, AU COEUR DE LA GUERRE DES CENT ANS"},"content":{"rendered":"<p style=\"margin:0;\"><span style=\"font-family:'Times New Roman';font-size:12pt;\">Document exceptionnel que ce Libre de Vita, dont le manuscrit original est conserv\u00e9 aux Archives de Bergerac et constitue l&#8217;un des \u00e9l\u00e9ments essentiels du patrimoine de cette ville du P\u00e9rigord. Son auteur, Johan Thoyr, notaire public et secr\u00e9taire du consulat de Bergerac, y transcrit minutieusement cent vingt d\u00e9positions des torts faits \u00e0 la population sous le ressort de la juridiction de la ville entre 1379 et 1382.<br \/>Certes l&#8217;\u00e9poque est troubl\u00e9e &#8211; nous sommes en pleine guerre de Cent Ans : en 1345, la ville est pour la premi\u00e8re fois de la guerre assaillie et prise par les troupes du comte de Derby. En 1377, le duc d&#8217;Anjou vient la replacer dans la mouvance du roi de France. Devant les murs de Bergerac, ou non loin, passent des troupes en op\u00e9rations, plus ou moins mena\u00e7antes, qu&#8217;il faut contribuer \u00e0 ravitailler.<br \/>Mais ce ne sont pas \u00e0 proprement parler les violences caus\u00e9es par le conflit qui sont consign\u00e9es dans Le Livre de Vie : issus de garnisons d\u00e9clar\u00e9es anglaises ou fran\u00e7aises, les pi\u00e8tres auteurs des exactions sont des gens d&#8217;armes qui se maintiennent dans les ch\u00e2teaux, lorsque se sont retir\u00e9es les troupes r\u00e9guli\u00e8res, ou bien des seigneurs et des capitaines qui, jouant de la faiblesse de l&#8217;autorit\u00e9 royale, ne songent qu&#8217;\u00e0 servir leurs propres int\u00e9r\u00eats, ou bien encore de simples valets, des compagnons pillards qui volent, violent, ran\u00e7onnent pour tromper l&#8217;ennui des p\u00e9riodes de tr\u00eaves et surtout pallier la pr\u00e9carit\u00e9 mat\u00e9rielle o\u00f9 ils se trouvent&#8230;<\/p>\n<p>Introduction au contexte historique : Yan Laborie<br \/>Transcription du texte, notes, index, apparat critique : Jean Roux<br \/>Traduction : Bernard Lesfargues<\/p>\n<p>Complement de titre : Lo libre de vita<br \/>Autor : Thoyr, Johan<br \/>Reviraire : Lesfargues, Bernard<br \/>Linga : Occitan <wbr>(medievau) &#8211; franc\u00e9s<br \/>Parucion : 01\/2003<br \/>Editor : F\u00e9d\u00e9rop<br \/>Colleccion : Culture occitane<br \/>Nb de pajas : 221<br \/>Format : 14,5 x 22,5 cm<br \/>P\u00e9s : 312 g<br \/>EAN 13 : 9782857921141<br \/><\/span><\/p>\n","protected":false},"excerpt":{"rendered":"<p>Document exceptionnel que ce Libre de Vita, dont le manuscrit original est conserv\u00e9 aux Archives de Bergerac et constitue l&#8217;un des \u00e9l\u00e9ments essentiels du patrimoine de cette ville du P\u00e9rigord. Son auteur, Johan Thoyr, notaire public et secr\u00e9taire du consulat de Bergerac, y transcrit minutieusement cent vingt d\u00e9positions des torts faits \u00e0 la population sous [&hellip;]<\/p>\n","protected":false},"featured_media":0,"template":"","meta":{"_acf_changed":false,"_genesis_hide_title":false,"_genesis_hide_breadcrumbs":false,"_genesis_hide_singular_image":false,"_genesis_hide_footer_widgets":false,"_genesis_custom_body_class":"","_genesis_custom_post_class":"","_genesis_layout":""},"product_brand":[],"product_cat":[7161,7149,7133,16136],"product_tag":[],"class_list":["post-35904","product","type-product","status-publish","product_cat-istoria-medievala-oc","product_cat-istoria-geografia-oc","product_cat-libres-oc","product_cat-non-classe-oc","pa_auteurs-thoyr-johan-lesfargues-bernard-rev","entry","first","instock","purchasable","product-type-simple"],"acf":[],"_links":{"self":[{"href":"https:\/\/www.libraria-occitana.org\/oc\/wp-json\/wp\/v2\/product\/35904","targetHints":{"allow":["GET"]}}],"collection":[{"href":"https:\/\/www.libraria-occitana.org\/oc\/wp-json\/wp\/v2\/product"}],"about":[{"href":"https:\/\/www.libraria-occitana.org\/oc\/wp-json\/wp\/v2\/types\/product"}],"wp:attachment":[{"href":"https:\/\/www.libraria-occitana.org\/oc\/wp-json\/wp\/v2\/media?parent=35904"}],"wp:term":[{"taxonomy":"product_brand","embeddable":true,"href":"https:\/\/www.libraria-occitana.org\/oc\/wp-json\/wp\/v2\/product_brand?post=35904"},{"taxonomy":"product_cat","embeddable":true,"href":"https:\/\/www.libraria-occitana.org\/oc\/wp-json\/wp\/v2\/product_cat?post=35904"},{"taxonomy":"product_tag","embeddable":true,"href":"https:\/\/www.libraria-occitana.org\/oc\/wp-json\/wp\/v2\/product_tag?post=35904"}],"curies":[{"name":"wp","href":"https:\/\/api.w.org\/{rel}","templated":true}]}}

<p style="margin:0;"><span style="font-family:'Times New Roman';font-size:12pt;">Document exceptionnel que ce Libre de Vita, dont le manuscrit original est conservé aux Archives de Bergerac et constitue l&#8217;un des éléments essentiels du patrimoine de cette ville du Périgord. Son auteur, Johan Thoyr, notaire public et secrétaire du consulat de Bergerac, y transcrit minutieusement cent vingt dépositions des torts faits à la population sous le ressort de la juridiction de la ville entre 1379 et 1382.<br />Certes l&#8217;époque est troublée &#8211; nous sommes en pleine guerre de Cent Ans : en 1345, la ville est pour la première fois de la guerre assaillie et prise par les troupes du comte de Derby. En 1377, le duc d&#8217;Anjou vient la replacer dans la mouvance du roi de France. Devant les murs de Bergerac, ou non loin, passent des troupes en opérations, plus ou moins menaçantes, qu&#8217;il faut contribuer à ravitailler.<br />Mais ce ne sont pas à proprement parler les violences causées par le conflit qui sont consignées dans Le Livre de Vie : issus de garnisons déclarées anglaises ou françaises, les piètres auteurs des exactions sont des gens d&#8217;armes qui se maintiennent dans les châteaux, lorsque se sont retirées les troupes régulières, ou bien des seigneurs et des capitaines qui, jouant de la faiblesse de l&#8217;autorité royale, ne songent qu&#8217;à servir leurs propres intérêts, ou bien encore de simples valets, des compagnons pillards qui volent, violent, rançonnent pour tromper l&#8217;ennui des périodes de trêves et surtout pallier la précarité matérielle où ils se trouvent&#8230;</p>
<p>Introduction au contexte historique : Yan Laborie<br />Transcription du texte, notes, index, apparat critique : Jean Roux<br />Traduction : Bernard Lesfargues</p>
<p>Complement de titre : Lo libre de vita<br />Autor : Thoyr, Johan<br />Reviraire : Lesfargues, Bernard<br />Linga : Occitan <wbr>(medievau) &#8211; francés<br />Parucion : 01/2003<br />Editor : Fédérop<br />Colleccion : Culture occitane<br />Nb de pajas : 221<br />Format : 14,5 x 22,5 cm<br />Pés : 312 g<br />EAN 13 : 9782857921141<br /></span></p>

<p>Document exceptionnel que ce Libre de Vita, dont le manuscrit original est conservé aux Archives de Bergerac et constitue l&#8217;un des éléments essentiels du patrimoine de cette ville du Périgord. Son auteur, Johan Thoyr, notaire public et secrétaire du consulat de Bergerac, y transcrit minutieusement cent vingt dépositions des torts faits à la population sous [&hellip;]</p>
