{"id":35947,"date":"2009-08-02T09:11:33","date_gmt":"2009-08-02T07:11:33","guid":{"rendered":"http:\/\/www.libraria-occitana.org\/?post_type=product&#038;p=35947\/"},"modified":"2026-04-29T10:07:57","modified_gmt":"2026-04-29T08:07:57","slug":"langues-minoritaires-en-quete-de-dignite-le-galicien-en-espagne-et-loccitan-en-france","status":"publish","type":"product","link":"https:\/\/www.libraria-occitana.org\/oc\/produch\/langues-minoritaires-en-quete-de-dignite-le-galicien-en-espagne-et-loccitan-en-france\/","title":{"rendered":"Langues minoritaires en qu\u00eate de dignit\u00e9 : Le galicien en Espagne et l&#8217;occitan en France"},"content":{"rendered":"<p>Les deux dynamiques sociolinguistiques analys\u00e9es dans cet ouvrage concernent deux langues dominantes officielles, prestigieuses et de port\u00e9e internationale (le fran\u00e7ais et l&#8217;espagnol) et deux langues domin\u00e9es \u00e0 port\u00e9e communicative limit\u00e9e \u00e0 un territoire qui correspond (plus ou moins) \u00e0 une ou plusieurs r\u00e9gions \u00e0 l&#8217;int\u00e9rieur d&#8217;un \u00c9tat : la galicien en Espagne et l&#8217;occitan en France. L&#8217;analyse en regard de ces deux cas de contact linguistique s&#8217;av\u00e8re \u00e9clairante pour mieux comprendre les diff\u00e9rentes \u00e9tapes et les diff\u00e9rentes formes d&#8217;un <em>conflit diglossique<\/em>.<\/p>\n","protected":false},"excerpt":{"rendered":"<p>Les deux dynamiques sociolinguistiques analys\u00e9es dans cet ouvrage concernent deux langues dominantes officielles, prestigieuses et de port\u00e9e internationale (le fran\u00e7ais et l&#8217;espagnol) et deux langues domin\u00e9es \u00e0 port\u00e9e communicative limit\u00e9e \u00e0 un territoire qui correspond (plus ou moins) \u00e0 une ou plusieurs r\u00e9gions \u00e0 l&#8217;int\u00e9rieur d&#8217;un \u00c9tat : la galicien en Espagne et l&#8217;occitan en [&hellip;]<\/p>\n","protected":false},"featured_media":51547,"template":"","meta":{"_acf_changed":false,"_genesis_hide_title":false,"_genesis_hide_breadcrumbs":false,"_genesis_hide_singular_image":false,"_genesis_hide_footer_widgets":false,"_genesis_custom_body_class":"","_genesis_custom_post_class":"","_genesis_layout":""},"product_brand":[],"product_cat":[7133,7203],"product_tag":[],"class_list":{"0":"post-35947","1":"product","2":"type-product","3":"status-publish","4":"has-post-thumbnail","6":"product_cat-libres-oc","7":"product_cat-politica-sociologia-actualitat-oc","8":"pa_auteur-alen-garabato-carmen-oc","9":"pa_editeur-lharmattan-oc","10":"pa_langue-francais-oc","11":"entry","13":"first","14":"instock","15":"shipping-taxable","16":"purchasable","17":"product-type-simple"},"acf":[],"_links":{"self":[{"href":"https:\/\/www.libraria-occitana.org\/oc\/wp-json\/wp\/v2\/product\/35947","targetHints":{"allow":["GET"]}}],"collection":[{"href":"https:\/\/www.libraria-occitana.org\/oc\/wp-json\/wp\/v2\/product"}],"about":[{"href":"https:\/\/www.libraria-occitana.org\/oc\/wp-json\/wp\/v2\/types\/product"}],"wp:featuredmedia":[{"embeddable":true,"href":"https:\/\/www.libraria-occitana.org\/oc\/wp-json\/wp\/v2\/media\/51547"}],"wp:attachment":[{"href":"https:\/\/www.libraria-occitana.org\/oc\/wp-json\/wp\/v2\/media?parent=35947"}],"wp:term":[{"taxonomy":"product_brand","embeddable":true,"href":"https:\/\/www.libraria-occitana.org\/oc\/wp-json\/wp\/v2\/product_brand?post=35947"},{"taxonomy":"product_cat","embeddable":true,"href":"https:\/\/www.libraria-occitana.org\/oc\/wp-json\/wp\/v2\/product_cat?post=35947"},{"taxonomy":"product_tag","embeddable":true,"href":"https:\/\/www.libraria-occitana.org\/oc\/wp-json\/wp\/v2\/product_tag?post=35947"}],"curies":[{"name":"wp","href":"https:\/\/api.w.org\/{rel}","templated":true}]}}

Langues minoritaires en quête de dignité : Le galicien en Espagne et l&#8217;occitan en France

<p>Les deux dynamiques sociolinguistiques analysées dans cet ouvrage concernent deux langues dominantes officielles, prestigieuses et de portée internationale (le français et l&#8217;espagnol) et deux langues dominées à portée communicative limitée à un territoire qui correspond (plus ou moins) à une ou plusieurs régions à l&#8217;intérieur d&#8217;un État : la galicien en Espagne et l&#8217;occitan en France. L&#8217;analyse en regard de ces deux cas de contact linguistique s&#8217;avère éclairante pour mieux comprendre les différentes étapes et les différentes formes d&#8217;un <em>conflit diglossique</em>.</p>

<p>Les deux dynamiques sociolinguistiques analysées dans cet ouvrage concernent deux langues dominantes officielles, prestigieuses et de portée internationale (le français et l&#8217;espagnol) et deux langues dominées à portée communicative limitée à un territoire qui correspond (plus ou moins) à une ou plusieurs régions à l&#8217;intérieur d&#8217;un État : la galicien en Espagne et l&#8217;occitan en [&hellip;]</p>
