{"id":36011,"date":"2010-01-04T12:08:23","date_gmt":"2010-01-04T11:08:23","guid":{"rendered":"http:\/\/www.libraria-occitana.org\/produit\/lo-libre-de-catoia\/"},"modified":"2026-04-29T10:40:22","modified_gmt":"2026-04-29T08:40:22","slug":"lo-libre-de-catoia","status":"publish","type":"product","link":"https:\/\/www.libraria-occitana.org\/oc\/produch\/lo-libre-de-catoia\/","title":{"rendered":"Lo libre de Cat\u00f2ia"},"content":{"rendered":"<blockquote>\n<p>\u00d2c, soi Cat\u00f2ia. Cat\u00f2ia l\u2019Enfarinat.<br \/>\nJamais soi pas estat coma los autres. Jamai. Perque soi Cat\u00f2ia. E tanben perque soi Enfarinat.<br \/>\nA Sant Geni\u00e8is degun sap pas que soi Cat\u00f2ia. Degun sap pas que soi Enfarinat. Mas ieu o sabi. Ieu, Aman\u00e7, Baptista, Blasi Codomi\u00e8r.<br \/>\nCodomi\u00e8r soi a Sant Geni\u00e8is. Encara mai Aman\u00e7. E m\u2019agrada d\u2019\u00e8sser Aman\u00e7 : sant Aman\u00e7, primi\u00e8r avesque de Rod\u00e9s. [&#8230;]<\/p>\n<\/blockquote>\n<p>Lu\u00e8nh d\u2019en c\u00f2 sieu e d\u2019annadas apr\u00e8s, Cat\u00f2ia conta son enf\u00e1ncia dins una de las darri\u00e8ras familhas d\u2019Enfarinats del Ro\u00e8rgue, aquestes catolics qu\u2019an refusat lo Concordat de 1801 e que vivi\u00e1n isolats al mitan dels autres, dins un estacament prigon a las praticas ancestralas.<\/p>\n<p>Traduccion en franc\u00e9s : <a href=\"http:\/\/www.libraria-occitana.org\/produit\/le-livre-de-catoia\/\"><em>Le livre de Cato\u00efa<\/em><\/a><\/p>\n","protected":false},"excerpt":{"rendered":"<p>\u00d2c, soi Cat\u00f2ia. Cat\u00f2ia l\u2019Enfarinat. Jamais soi pas estat coma los autres. Jamai. Perque soi Cat\u00f2ia. E tanben perque soi Enfarinat. A Sant Geni\u00e8is degun sap pas que soi Cat\u00f2ia. Degun sap pas que soi Enfarinat. Mas ieu o sabi. Ieu, Aman\u00e7, Baptista, Blasi Codomi\u00e8r. Codomi\u00e8r soi a Sant Geni\u00e8is. Encara mai Aman\u00e7. E m\u2019agrada [&hellip;]<\/p>\n","protected":false},"featured_media":29852,"template":"","meta":{"_acf_changed":false,"_genesis_hide_title":false,"_genesis_hide_breadcrumbs":false,"_genesis_hide_singular_image":false,"_genesis_hide_footer_widgets":false,"_genesis_custom_body_class":"","_genesis_custom_post_class":"","_genesis_layout":""},"product_brand":[],"product_cat":[7133,7175,7183],"product_tag":[],"class_list":{"0":"post-36011","1":"product","2":"type-product","3":"status-publish","4":"has-post-thumbnail","6":"product_cat-libres-oc","7":"product_cat-literatura-oc","8":"product_cat-romans-novelas-oc","9":"pa_auteur-bodon-joan-oc","10":"pa_editeur-ieo-fr-oc","11":"pa_langue-occitan-oc","12":"pa_langue-occitan-lengadocian-oc","13":"entry","15":"first","16":"outofstock","17":"shipping-taxable","18":"purchasable","19":"product-type-simple"},"acf":[],"_links":{"self":[{"href":"https:\/\/www.libraria-occitana.org\/oc\/wp-json\/wp\/v2\/product\/36011","targetHints":{"allow":["GET"]}}],"collection":[{"href":"https:\/\/www.libraria-occitana.org\/oc\/wp-json\/wp\/v2\/product"}],"about":[{"href":"https:\/\/www.libraria-occitana.org\/oc\/wp-json\/wp\/v2\/types\/product"}],"wp:featuredmedia":[{"embeddable":true,"href":"https:\/\/www.libraria-occitana.org\/oc\/wp-json\/wp\/v2\/media\/29852"}],"wp:attachment":[{"href":"https:\/\/www.libraria-occitana.org\/oc\/wp-json\/wp\/v2\/media?parent=36011"}],"wp:term":[{"taxonomy":"product_brand","embeddable":true,"href":"https:\/\/www.libraria-occitana.org\/oc\/wp-json\/wp\/v2\/product_brand?post=36011"},{"taxonomy":"product_cat","embeddable":true,"href":"https:\/\/www.libraria-occitana.org\/oc\/wp-json\/wp\/v2\/product_cat?post=36011"},{"taxonomy":"product_tag","embeddable":true,"href":"https:\/\/www.libraria-occitana.org\/oc\/wp-json\/wp\/v2\/product_tag?post=36011"}],"curies":[{"name":"wp","href":"https:\/\/api.w.org\/{rel}","templated":true}]}}

Lo libre de Catòia

<blockquote>
<p>Òc, soi Catòia. Catòia l’Enfarinat.<br />
Jamais soi pas estat coma los autres. Jamai. Perque soi Catòia. E tanben perque soi Enfarinat.<br />
A Sant Genièis degun sap pas que soi Catòia. Degun sap pas que soi Enfarinat. Mas ieu o sabi. Ieu, Amanç, Baptista, Blasi Codomièr.<br />
Codomièr soi a Sant Genièis. Encara mai Amanç. E m’agrada d’èsser Amanç : sant Amanç, primièr avesque de Rodés. [&#8230;]</p>
</blockquote>
<p>Luènh d’en cò sieu e d’annadas après, Catòia conta son enfáncia dins una de las darrièras familhas d’Enfarinats del Roèrgue, aquestes catolics qu’an refusat lo Concordat de 1801 e que vivián isolats al mitan dels autres, dins un estacament prigon a las praticas ancestralas.</p>
<p>Traduccion en francés : <a href="http://www.libraria-occitana.org/produit/le-livre-de-catoia/"><em>Le livre de Catoïa</em></a></p>

<p>Òc, soi Catòia. Catòia l’Enfarinat. Jamais soi pas estat coma los autres. Jamai. Perque soi Catòia. E tanben perque soi Enfarinat. A Sant Genièis degun sap pas que soi Catòia. Degun sap pas que soi Enfarinat. Mas ieu o sabi. Ieu, Amanç, Baptista, Blasi Codomièr. Codomièr soi a Sant Genièis. Encara mai Amanç. E m’agrada [&hellip;]</p>
