{"id":36712,"date":"2017-09-13T19:25:44","date_gmt":"2017-09-13T17:25:44","guid":{"rendered":"http:\/\/www.libraria-occitana.org\/produit\/la-dame-graal-chansons-de-rigaud-de-barbezieux\/"},"modified":"2026-04-29T10:38:50","modified_gmt":"2026-04-29T08:38:50","slug":"la-dame-graal-chansons-de-rigaud-de-barbezieux-2","status":"publish","type":"product","link":"https:\/\/www.libraria-occitana.org\/oc\/produch\/la-dame-graal-chansons-de-rigaud-de-barbezieux-2\/","title":{"rendered":"La Dame-Graal : Chansons de Rigaud de Barbezieux"},"content":{"rendered":"<blockquote>\n<p>Atressi con Persavaus<br \/>\nEl temps que vivia,<br \/>\nQue s&#8217;esbait d&#8217;esgardar<br \/>\nTant qu&#8217;anc no saup demandar<br \/>\nDe que servia<br \/>\nLa Lansa ni.l Grazaus,<br \/>\nEt eu sui atretaus,<br \/>\nMiels-de-Dompna, quan vei vostre cors gen,<br \/>\nQu&#8217;eissamen<br \/>\nM&#8217;oblit quan vos remir<br \/>\nE.us cug prejar, e non fatz, mais consir.<\/p>\n<p>Je suis comme Perceval<br \/>\nQui, du temps qu&#8217;il vivait,<br \/>\nFut bouche b\u00e9e en voyant<br \/>\nLa Lance et le Graal au point<br \/>\nQu&#8217;il ne sut jamais<br \/>\nEn demander le r\u00f4le,<br \/>\nJe suis tout comme lui,<br \/>\nMieux-que-Dame, quand je vois votre corps&#8230;<\/p>\n<\/blockquote>\n<p>\u00ab Nous sommes en cette Aquitaine ducale du XIIe si\u00e8cle, vibrante encore des chansons de Guillaume Le Troubadour, son comte-duc. Nous sommes en ces terres bouillonnantes tenues depuis 1137 par sa petite-fille, la grande Ali\u00e9nor.<br \/>\nEntre Bordeaux et Poitiers, Barbezieux se dresse.<br \/>\nC\u2019est l\u00e0 que s\u2019inscrit et que s\u2019embrase la fabuleuse aventure \u00e9rotico-po\u00e9tique d\u2019un autre po\u00e8te de langue d\u2019oc. L\u2019histoire de l\u2019art troubadouresque le retient sous le nom de Rigaud de Barbezieux. [\u2026]<br \/>\nLe chant de Barbezieux est celui du don total, d\u00e9sesp\u00e9r\u00e9, du don \u00e0 perte. Le chant de Barbezieux est celui d\u2019une douleur sans \u00e9gale, s\u2019unissant, puisque aucune autre \u00e9treinte n\u2019est possible, au souffle entra\u00eenant de la mort. Le chant de Barbezieux est celui d\u2019une fascination inqui\u00e8te et r\u00e9solue, insondable comme la vraie foi. \u00bb<\/p>\n<p style=\"text-align: right;\">Extraits de la pr\u00e9sentation de Katy Bernard<\/p>\n<p>\u00ab Il se d\u00e9lectait beaucoup \u00e0 faire dans ses chansons des comparaisons avec des b\u00eates et des oiseaux et des hommes, et avec le soleil et les \u00e9toiles, pour dire plus de nouvelles choses qu&#8217;un autre n&#8217;e\u00fbt dites&#8230; \u00bb<\/p>\n<p style=\"text-align: right;\">Extrait de sa vida \u00ab vie po\u00e9tique \u00bb, Anonyme, XIIIe si\u00e8cle<\/p>\n","protected":false},"excerpt":{"rendered":"<p>Atressi con Persavaus El temps que vivia, Que s&#8217;esbait d&#8217;esgardar Tant qu&#8217;anc no saup demandar De que servia La Lansa ni.l Grazaus, Et eu sui atretaus, Miels-de-Dompna, quan vei vostre cors gen, Qu&#8217;eissamen M&#8217;oblit quan vos remir E.us cug prejar, e non fatz, mais consir. Je suis comme Perceval Qui, du temps qu&#8217;il vivait, Fut [&hellip;]<\/p>\n","protected":false},"featured_media":36710,"template":"","meta":{"_acf_changed":false,"_genesis_hide_title":false,"_genesis_hide_breadcrumbs":false,"_genesis_hide_singular_image":false,"_genesis_hide_footer_widgets":false,"_genesis_custom_body_class":"","_genesis_custom_post_class":"","_genesis_layout":""},"product_brand":[],"product_cat":[7133,7175,7181],"product_tag":[],"class_list":{"0":"post-36712","1":"product","2":"type-product","3":"status-publish","4":"has-post-thumbnail","6":"product_cat-libres-oc","7":"product_cat-literatura-oc","8":"product_cat-poesia-oc","9":"pa_auteur-berbezilh-rigaut-de-barbezieux-rigaud-de-oc","10":"pa_editeur-federop-oc","11":"pa_illustrateur-bernard-katy-oc","12":"pa_langue-occitan-medievau-oc","13":"pa_langue-occitan-francais-oc","14":"entry","16":"first","17":"instock","18":"shipping-taxable","19":"purchasable","20":"product-type-simple"},"acf":[],"_links":{"self":[{"href":"https:\/\/www.libraria-occitana.org\/oc\/wp-json\/wp\/v2\/product\/36712","targetHints":{"allow":["GET"]}}],"collection":[{"href":"https:\/\/www.libraria-occitana.org\/oc\/wp-json\/wp\/v2\/product"}],"about":[{"href":"https:\/\/www.libraria-occitana.org\/oc\/wp-json\/wp\/v2\/types\/product"}],"wp:featuredmedia":[{"embeddable":true,"href":"https:\/\/www.libraria-occitana.org\/oc\/wp-json\/wp\/v2\/media\/36710"}],"wp:attachment":[{"href":"https:\/\/www.libraria-occitana.org\/oc\/wp-json\/wp\/v2\/media?parent=36712"}],"wp:term":[{"taxonomy":"product_brand","embeddable":true,"href":"https:\/\/www.libraria-occitana.org\/oc\/wp-json\/wp\/v2\/product_brand?post=36712"},{"taxonomy":"product_cat","embeddable":true,"href":"https:\/\/www.libraria-occitana.org\/oc\/wp-json\/wp\/v2\/product_cat?post=36712"},{"taxonomy":"product_tag","embeddable":true,"href":"https:\/\/www.libraria-occitana.org\/oc\/wp-json\/wp\/v2\/product_tag?post=36712"}],"curies":[{"name":"wp","href":"https:\/\/api.w.org\/{rel}","templated":true}]}}

<blockquote>
<p>Atressi con Persavaus<br />
El temps que vivia,<br />
Que s&#8217;esbait d&#8217;esgardar<br />
Tant qu&#8217;anc no saup demandar<br />
De que servia<br />
La Lansa ni.l Grazaus,<br />
Et eu sui atretaus,<br />
Miels-de-Dompna, quan vei vostre cors gen,<br />
Qu&#8217;eissamen<br />
M&#8217;oblit quan vos remir<br />
E.us cug prejar, e non fatz, mais consir.</p>
<p>Je suis comme Perceval<br />
Qui, du temps qu&#8217;il vivait,<br />
Fut bouche bée en voyant<br />
La Lance et le Graal au point<br />
Qu&#8217;il ne sut jamais<br />
En demander le rôle,<br />
Je suis tout comme lui,<br />
Mieux-que-Dame, quand je vois votre corps&#8230;</p>
</blockquote>
<p>« Nous sommes en cette Aquitaine ducale du XIIe siècle, vibrante encore des chansons de Guillaume Le Troubadour, son comte-duc. Nous sommes en ces terres bouillonnantes tenues depuis 1137 par sa petite-fille, la grande Aliénor.<br />
Entre Bordeaux et Poitiers, Barbezieux se dresse.<br />
C’est là que s’inscrit et que s’embrase la fabuleuse aventure érotico-poétique d’un autre poète de langue d’oc. L’histoire de l’art troubadouresque le retient sous le nom de Rigaud de Barbezieux. […]<br />
Le chant de Barbezieux est celui du don total, désespéré, du don à perte. Le chant de Barbezieux est celui d’une douleur sans égale, s’unissant, puisque aucune autre étreinte n’est possible, au souffle entraînant de la mort. Le chant de Barbezieux est celui d’une fascination inquiète et résolue, insondable comme la vraie foi. »</p>
<p style="text-align: right;">Extraits de la présentation de Katy Bernard</p>
<p>« Il se délectait beaucoup à faire dans ses chansons des comparaisons avec des bêtes et des oiseaux et des hommes, et avec le soleil et les étoiles, pour dire plus de nouvelles choses qu&#8217;un autre n&#8217;eût dites&#8230; »</p>
<p style="text-align: right;">Extrait de sa vida « vie poétique », Anonyme, XIIIe siècle</p>
