{"id":37023,"date":"2004-03-13T18:07:01","date_gmt":"2004-03-13T17:07:01","guid":{"rendered":"http:\/\/www.libraria-occitana.org\/?post_type=product&#038;p=37023"},"modified":"2026-04-28T22:41:52","modified_gmt":"2026-04-28T20:41:52","slug":"lheure-de-partir","status":"publish","type":"product","link":"https:\/\/www.libraria-occitana.org\/oc\/produch\/lheure-de-partir\/","title":{"rendered":"L&#8217;heure de partir"},"content":{"rendered":"<blockquote>\n<p>\u00a0\u2026 Du regard, je m\u2019\u00e9chappe dehors et essaie de trouver une mouette dans le grand ciel bleu. Trois le traversent vite, une autre lentement, avec une tache noire sur une aile. Je la suis des yeux. Elle monte, plonge soudain jusqu\u2019\u00e0 raser le fa\u00eete des arbres. C\u2019est \u00e0 croire qu\u2019elle va tomber. Mais non ! Un coup d\u2019aile et allez, elle reprend de l\u2019altitude, pour enfin, apais\u00e9e, se laisser porter par le vent\u2026<\/p>\n<\/blockquote>\n<p>Traduit de l\u2019occitan, \u00e9crit selon un plan circulaire, <em>L\u2019Heure de partir<\/em> raconte les cinq derniers mois de la guerre d\u2019Alg\u00e9rie \u00e0 travers les yeux d\u2019un jeune gar\u00e7on de 12 ans, exil\u00e9 de sa terre oranaise et transport\u00e9 en terre de B\u00e9arn o\u00f9 il d\u00e9couvre l\u2019hiver, la neige, le froid. C\u2019est le roman palimpseste d\u2019un double exil : celui d\u2019un gamin qui prend soudain conscience qu\u2019il n\u2019est pas de ce peuple auquel il pensait appartenir, qu\u2019il n\u2019est plus consid\u00e9r\u00e9 comme l\u00e9gitime sur cette terre, et qui va se retrouver en France, la patrie m\u00e8re pourtant, dans un autre exil, celui des rapatri\u00e9s. Pauvre \u00e0 Oran, pauvre en B\u00e9arn, il se construit sur une toile de fond dont l\u2019alt\u00e9rit\u00e9 est la trame.<\/p>\n<p><a href=\"http:\/\/www.libraria-occitana.org\/produit\/lora-de-partir\/\"><em>L&#8217;\u00f2ra de partir<\/em><\/a><\/p>\n","protected":false},"excerpt":{"rendered":"<p>\u00a0\u2026 Du regard, je m\u2019\u00e9chappe dehors et essaie de trouver une mouette dans le grand ciel bleu. Trois le traversent vite, une autre lentement, avec une tache noire sur une aile. Je la suis des yeux. Elle monte, plonge soudain jusqu\u2019\u00e0 raser le fa\u00eete des arbres. C\u2019est \u00e0 croire qu\u2019elle va tomber. Mais non ! [&hellip;]<\/p>\n","protected":false},"featured_media":37026,"template":"","meta":{"_acf_changed":false,"_genesis_hide_title":false,"_genesis_hide_breadcrumbs":false,"_genesis_hide_singular_image":false,"_genesis_hide_footer_widgets":false,"_genesis_custom_body_class":"","_genesis_custom_post_class":"","_genesis_layout":""},"product_brand":[],"product_cat":[7133,7175,7179,7183],"product_tag":[],"class_list":{"0":"post-37023","1":"product","2":"type-product","3":"status-publish","4":"has-post-thumbnail","6":"product_cat-libres-oc","7":"product_cat-literatura-oc","8":"product_cat-literatura-occitana-en-frances-oc","9":"product_cat-romans-novelas-oc","10":"pa_auteur-javaloyes-sergi-oc","11":"pa_editeur-federop-oc","12":"pa_langue-francais-oc","13":"entry","15":"first","16":"instock","17":"shipping-taxable","18":"purchasable","19":"product-type-simple"},"acf":[],"_links":{"self":[{"href":"https:\/\/www.libraria-occitana.org\/oc\/wp-json\/wp\/v2\/product\/37023","targetHints":{"allow":["GET"]}}],"collection":[{"href":"https:\/\/www.libraria-occitana.org\/oc\/wp-json\/wp\/v2\/product"}],"about":[{"href":"https:\/\/www.libraria-occitana.org\/oc\/wp-json\/wp\/v2\/types\/product"}],"wp:featuredmedia":[{"embeddable":true,"href":"https:\/\/www.libraria-occitana.org\/oc\/wp-json\/wp\/v2\/media\/37026"}],"wp:attachment":[{"href":"https:\/\/www.libraria-occitana.org\/oc\/wp-json\/wp\/v2\/media?parent=37023"}],"wp:term":[{"taxonomy":"product_brand","embeddable":true,"href":"https:\/\/www.libraria-occitana.org\/oc\/wp-json\/wp\/v2\/product_brand?post=37023"},{"taxonomy":"product_cat","embeddable":true,"href":"https:\/\/www.libraria-occitana.org\/oc\/wp-json\/wp\/v2\/product_cat?post=37023"},{"taxonomy":"product_tag","embeddable":true,"href":"https:\/\/www.libraria-occitana.org\/oc\/wp-json\/wp\/v2\/product_tag?post=37023"}],"curies":[{"name":"wp","href":"https:\/\/api.w.org\/{rel}","templated":true}]}}

<blockquote>
<p> … Du regard, je m’échappe dehors et essaie de trouver une mouette dans le grand ciel bleu. Trois le traversent vite, une autre lentement, avec une tache noire sur une aile. Je la suis des yeux. Elle monte, plonge soudain jusqu’à raser le faîte des arbres. C’est à croire qu’elle va tomber. Mais non ! Un coup d’aile et allez, elle reprend de l’altitude, pour enfin, apaisée, se laisser porter par le vent…</p>
</blockquote>
<p>Traduit de l’occitan, écrit selon un plan circulaire, <em>L’Heure de partir</em> raconte les cinq derniers mois de la guerre d’Algérie à travers les yeux d’un jeune garçon de 12 ans, exilé de sa terre oranaise et transporté en terre de Béarn où il découvre l’hiver, la neige, le froid. C’est le roman palimpseste d’un double exil : celui d’un gamin qui prend soudain conscience qu’il n’est pas de ce peuple auquel il pensait appartenir, qu’il n’est plus considéré comme légitime sur cette terre, et qui va se retrouver en France, la patrie mère pourtant, dans un autre exil, celui des rapatriés. Pauvre à Oran, pauvre en Béarn, il se construit sur une toile de fond dont l’altérité est la trame.</p>
<p><a href="http://www.libraria-occitana.org/produit/lora-de-partir/"><em>L&#8217;òra de partir</em></a></p>

<p> … Du regard, je m’échappe dehors et essaie de trouver une mouette dans le grand ciel bleu. Trois le traversent vite, une autre lentement, avec une tache noire sur une aile. Je la suis des yeux. Elle monte, plonge soudain jusqu’à raser le faîte des arbres. C’est à croire qu’elle va tomber. Mais non ! [&hellip;]</p>
