{"id":38273,"date":"1990-02-22T18:07:09","date_gmt":"1990-02-22T17:07:09","guid":{"rendered":"http:\/\/www.libraria-occitana.org\/product\/harri-harri-chivalot-la-memoria-deu-canton-dartes-le-folklore-enfantin-a-travers-la-memoire-des-aines-du-canton-darthez-de-bearn\/"},"modified":"2024-07-04T00:22:27","modified_gmt":"2024-07-03T22:22:27","slug":"harri-harri-chivalot-la-memoria-deu-canton-dartes-le-folklore-enfantin-a-travers-la-memoire-des-aines-du-canton-darthez-de-bearn","status":"publish","type":"product","link":"https:\/\/www.libraria-occitana.org\/oc\/produch\/harri-harri-chivalot-la-memoria-deu-canton-dartes-le-folklore-enfantin-a-travers-la-memoire-des-aines-du-canton-darthez-de-bearn\/","title":{"rendered":"Harri, harri, chival\u00f2t&#8230; : La mem\u00f2ria deu canton d&#8217;Art\u00e9s &#8211; Le folklore enfantin \u00e0 travers la m\u00e9moire des a\u00een\u00e9s du canton d&#8217;Arthez-de-B\u00e9arn"},"content":{"rendered":"<p>Un excellent obratge que presenta non sonque las paraulas, las particions o dessenhs de la mestior collectada mes tanben los principis per s'apoderar un repert\u00f2ri universau tostemps valide e mei que jamei necessari aus mainats e aus pairs uei en dia.<\/p>\n","protected":false},"excerpt":{"rendered":"<p>Un excellent obratge que presenta non sonque las paraulas, las particions o dessenhs de la mestior collectada mes tanben los principis per s&#8217;apoderar un repert\u00f2ri universau tostemps valide e mei que jamei necessari aus mainats e aus pairs uei en dia.<\/p>\n","protected":false},"featured_media":38271,"template":"","meta":{"_acf_changed":false,"_genesis_hide_title":false,"_genesis_hide_breadcrumbs":false,"_genesis_hide_singular_image":false,"_genesis_hide_footer_widgets":false,"_genesis_custom_body_class":"","_genesis_custom_post_class":"","_genesis_layout":""},"product_brand":[],"product_cat":[7137,7171,7145,7165,7133],"product_tag":[],"class_list":{"0":"post-38273","1":"product","2":"type-product","3":"status-publish","4":"has-post-thumbnail","6":"product_cat-diccionaris-lenga-escolar-oc","7":"product_cat-drolles-oc","8":"product_cat-escolar-pedagogia-oc","9":"product_cat-jounessa-bd-umor","10":"product_cat-libres-oc","11":"pa_auteur-tisner-joan-frances-oc","12":"pa_editeur-association-pour-lamelioration-du-cadre-de-vie-des-personnes-agees-du-pays-darthez-de-bearn-oc","13":"pa_langue-occitan-gascon-oc","14":"pa_langue-occitan-francais-oc","15":"entry","17":"first","18":"outofstock","19":"shipping-taxable","20":"purchasable","21":"product-type-simple"},"acf":[],"_links":{"self":[{"href":"https:\/\/www.libraria-occitana.org\/oc\/wp-json\/wp\/v2\/product\/38273","targetHints":{"allow":["GET"]}}],"collection":[{"href":"https:\/\/www.libraria-occitana.org\/oc\/wp-json\/wp\/v2\/product"}],"about":[{"href":"https:\/\/www.libraria-occitana.org\/oc\/wp-json\/wp\/v2\/types\/product"}],"wp:featuredmedia":[{"embeddable":true,"href":"https:\/\/www.libraria-occitana.org\/oc\/wp-json\/wp\/v2\/media\/38271"}],"wp:attachment":[{"href":"https:\/\/www.libraria-occitana.org\/oc\/wp-json\/wp\/v2\/media?parent=38273"}],"wp:term":[{"taxonomy":"product_brand","embeddable":true,"href":"https:\/\/www.libraria-occitana.org\/oc\/wp-json\/wp\/v2\/product_brand?post=38273"},{"taxonomy":"product_cat","embeddable":true,"href":"https:\/\/www.libraria-occitana.org\/oc\/wp-json\/wp\/v2\/product_cat?post=38273"},{"taxonomy":"product_tag","embeddable":true,"href":"https:\/\/www.libraria-occitana.org\/oc\/wp-json\/wp\/v2\/product_tag?post=38273"}],"curies":[{"name":"wp","href":"https:\/\/api.w.org\/{rel}","templated":true}]}}

Harri, harri, chivalòt&#8230; : La memòria deu canton d&#8217;Artés &#8211; Le folklore enfantin à travers la mémoire des aînés du canton d&#8217;Arthez-de-Béarn

<p>Un excellent obratge que presenta non sonque las paraulas, las particions o dessenhs de la mestior collectada mes tanben los principis per s'apoderar un repertòri universau tostemps valide e mei que jamei necessari aus mainats e aus pairs uei en dia.</p>

<p>Un excellent obratge que presenta non sonque las paraulas, las particions o dessenhs de la mestior collectada mes tanben los principis per s&#8217;apoderar un repertòri universau tostemps valide e mei que jamei necessari aus mainats e aus pairs uei en dia.</p>
