{"id":38337,"date":"2017-11-09T15:18:55","date_gmt":"2017-11-09T14:18:55","guid":{"rendered":"http:\/\/www.libraria-occitana.org\/product\/penser-modal-approche-theorico-pratique-de-la-modalite-occidentale\/"},"modified":"2026-04-27T04:51:43","modified_gmt":"2026-04-27T02:51:43","slug":"penser-modal-approche-theorico-pratique-de-la-modalite-occidentale","status":"publish","type":"product","link":"https:\/\/www.libraria-occitana.org\/oc\/produch\/penser-modal-approche-theorico-pratique-de-la-modalite-occidentale\/","title":{"rendered":"Penser modal : Approche th\u00e9orico-pratique de la modalit\u00e9 occidentale"},"content":{"rendered":"<p>Enregistrement public r\u00e9alis\u00e9 les 4, 5 et 6 septembre 2016 \u00e0 Lyon.<\/p>\n<p>Ren\u00e9 Zosso, qui\u00a0\u00ab chante et vielle\u00a0\u00bb et aime la saveur des mots, est un artiste-p\u00e9dagogue rare et pr\u00e9cieux. Sa connaissance du r\u00e9pertoire des chansons traditionnelles du domaine fran\u00e7ais et des musiques m\u00e9di\u00e9vales en fait un sp\u00e9cialiste incontest\u00e9 de la modalit\u00e9.<\/p>\n<p>Acteur de la premi\u00e8re heure du renouveau de ces musiques, Ren\u00e9 Zosso (qui a aussi crois\u00e9 la musique \u00e9lectroacoustique) joue et chante en solo, en duo avec Anne Osnowycz, ainsi qu&#8217;avec l&#8217;ensemble de Ren\u00e9 Clemensic ; et Jordi Savall a fait appel \u00e0 lui comme r\u00e9citant.<\/p>\n<p>Ce DVD pr\u00e9sente, en 4 heures, son stage-conf\u00e9rence et r\u00e9sume, au long des bourdons de sa vielle, l&#8217;essentiel de sa pens\u00e9e et de son analyse.<\/p>\n<p>Ce document, incontournable pour qui souhaite mieux comprendre les musiques monodiques modales, sert de guide dans ce syst\u00e8me musical souvent m\u00e9connu.<\/p>\n<p>De nombreux exemples chant\u00e9s et quelques bonus en facilitent l&#8217;acc\u00e8s.<\/p>\n","protected":false},"excerpt":{"rendered":"<p>Enregistrement public r\u00e9alis\u00e9 les 4, 5 et 6 septembre 2016 \u00e0 Lyon. Ren\u00e9 Zosso, qui\u00a0\u00ab chante et vielle\u00a0\u00bb et aime la saveur des mots, est un artiste-p\u00e9dagogue rare et pr\u00e9cieux. Sa connaissance du r\u00e9pertoire des chansons traditionnelles du domaine fran\u00e7ais et des musiques m\u00e9di\u00e9vales en fait un sp\u00e9cialiste incontest\u00e9 de la modalit\u00e9. Acteur de la [&hellip;]<\/p>\n","protected":false},"featured_media":38332,"template":"","meta":{"_acf_changed":false,"_genesis_hide_title":false,"_genesis_hide_breadcrumbs":false,"_genesis_hide_singular_image":false,"_genesis_hide_footer_widgets":false,"_genesis_custom_body_class":"","_genesis_custom_post_class":"","_genesis_layout":""},"product_brand":[],"product_cat":[7248,7240],"product_tag":[],"class_list":{"0":"post-38337","1":"product","2":"type-product","3":"status-publish","4":"has-post-thumbnail","6":"product_cat-musica-literatura-oc","7":"product_cat-video-oc","8":"pa_auteur-zosso-rene-oc","9":"pa_editeur-aepem-oc","10":"pa_editeur-mustradem-oc","11":"pa_langue-autras-lingas-oc","12":"pa_langue-francais-oc","13":"entry","15":"first","16":"outofstock","17":"shipping-taxable","18":"purchasable","19":"product-type-simple"},"acf":[],"_links":{"self":[{"href":"https:\/\/www.libraria-occitana.org\/oc\/wp-json\/wp\/v2\/product\/38337","targetHints":{"allow":["GET"]}}],"collection":[{"href":"https:\/\/www.libraria-occitana.org\/oc\/wp-json\/wp\/v2\/product"}],"about":[{"href":"https:\/\/www.libraria-occitana.org\/oc\/wp-json\/wp\/v2\/types\/product"}],"wp:featuredmedia":[{"embeddable":true,"href":"https:\/\/www.libraria-occitana.org\/oc\/wp-json\/wp\/v2\/media\/38332"}],"wp:attachment":[{"href":"https:\/\/www.libraria-occitana.org\/oc\/wp-json\/wp\/v2\/media?parent=38337"}],"wp:term":[{"taxonomy":"product_brand","embeddable":true,"href":"https:\/\/www.libraria-occitana.org\/oc\/wp-json\/wp\/v2\/product_brand?post=38337"},{"taxonomy":"product_cat","embeddable":true,"href":"https:\/\/www.libraria-occitana.org\/oc\/wp-json\/wp\/v2\/product_cat?post=38337"},{"taxonomy":"product_tag","embeddable":true,"href":"https:\/\/www.libraria-occitana.org\/oc\/wp-json\/wp\/v2\/product_tag?post=38337"}],"curies":[{"name":"wp","href":"https:\/\/api.w.org\/{rel}","templated":true}]}}

Penser modal : Approche théorico-pratique de la modalité occidentale

<p>Enregistrement public réalisé les 4, 5 et 6 septembre 2016 à Lyon.</p>
<p>René Zosso, qui « chante et vielle » et aime la saveur des mots, est un artiste-pédagogue rare et précieux. Sa connaissance du répertoire des chansons traditionnelles du domaine français et des musiques médiévales en fait un spécialiste incontesté de la modalité.</p>
<p>Acteur de la première heure du renouveau de ces musiques, René Zosso (qui a aussi croisé la musique électroacoustique) joue et chante en solo, en duo avec Anne Osnowycz, ainsi qu&#8217;avec l&#8217;ensemble de René Clemensic ; et Jordi Savall a fait appel à lui comme récitant.</p>
<p>Ce DVD présente, en 4 heures, son stage-conférence et résume, au long des bourdons de sa vielle, l&#8217;essentiel de sa pensée et de son analyse.</p>
<p>Ce document, incontournable pour qui souhaite mieux comprendre les musiques monodiques modales, sert de guide dans ce système musical souvent méconnu.</p>
<p>De nombreux exemples chantés et quelques bonus en facilitent l&#8217;accès.</p>

<p>Enregistrement public réalisé les 4, 5 et 6 septembre 2016 à Lyon. René Zosso, qui « chante et vielle » et aime la saveur des mots, est un artiste-pédagogue rare et précieux. Sa connaissance du répertoire des chansons traditionnelles du domaine français et des musiques médiévales en fait un spécialiste incontesté de la modalité. Acteur de la [&hellip;]</p>
