{"id":38454,"date":"2018-03-15T19:04:36","date_gmt":"2018-03-15T18:04:36","guid":{"rendered":"http:\/\/www.libraria-occitana.org\/product\/quelque-chose-dans-la-lande-huit-jours-a-calais-avril-2016\/"},"modified":"2026-04-26T00:51:30","modified_gmt":"2026-04-25T22:51:30","slug":"quelque-chose-dans-la-lande-huit-jours-a-calais-avril-2016","status":"publish","type":"product","link":"https:\/\/www.libraria-occitana.org\/oc\/produch\/quelque-chose-dans-la-lande-huit-jours-a-calais-avril-2016\/","title":{"rendered":"Quelque chose dans la lande : Huit jours \u00e0 Calais. Avril 2016"},"content":{"rendered":"<p><strong>Une exp\u00e9rience forte, marquante : Calais 2016<\/strong><\/p>\n<p>Dans le sable, p\u00eale-m\u00eale, des lambeaux de b\u00e2che plastique, des \u00e9clats de planches, des bras de poup\u00e9e, des traces noires de foyers.<br \/>\nUne strate g\u00e9ologique est en train de se former \u00e0 Calais, France.<br \/>\nUne strate lisible qui restera dans notre sol.<br \/>\nCe texte est le r\u00e9cit d&#8217;une exp\u00e9rience et chaque exp\u00e9rience est unique.<\/p>\n<p>Il se fonde sur l&#8217;authenticit\u00e9 de la relation des faits et des ressentis et ne r\u00e9pond pas \u00e0 toutes les questions. On esp\u00e8re simplement qu&#8217;il pourra, par l&#8217;absence de sensationnel, permettre une plus simple appr\u00e9ciation de l&#8217;extraordinaire et participer, au retour d&#8217;un bon sens et d&#8217;une humanit\u00e9 qui se perdent dans les m\u00e9andres de d\u00e9bats politiques \u00ab politicards \u00bb, entrem\u00eal\u00e9s d&#8217;une \u00ab information \u00bb plus ou moins id\u00e9ologis\u00e9e et des fantasmes qu&#8217;ils ne manquent pas de faire na\u00eetre en chacun de nous.<\/p>\n","protected":false},"excerpt":{"rendered":"<p>Une exp\u00e9rience forte, marquante : Calais 2016 Dans le sable, p\u00eale-m\u00eale, des lambeaux de b\u00e2che plastique, des \u00e9clats de planches, des bras de poup\u00e9e, des traces noires de foyers. Une strate g\u00e9ologique est en train de se former \u00e0 Calais, France. Une strate lisible qui restera dans notre sol. Ce texte est le r\u00e9cit d&#8217;une [&hellip;]<\/p>\n","protected":false},"featured_media":38446,"template":"","meta":{"_acf_changed":false,"_genesis_hide_title":false,"_genesis_hide_breadcrumbs":false,"_genesis_hide_singular_image":false,"_genesis_hide_footer_widgets":false,"_genesis_custom_body_class":"","_genesis_custom_post_class":"","_genesis_layout":""},"product_brand":[],"product_cat":[7133,7175,7203,7187],"product_tag":[],"class_list":{"0":"post-38454","1":"product","2":"type-product","3":"status-publish","4":"has-post-thumbnail","6":"product_cat-libres-oc","7":"product_cat-literatura-oc","8":"product_cat-politica-sociologia-actualitat-oc","9":"product_cat-temonhatges-memoris-oc","10":"pa_auteur-dudognon-francoise-oc","11":"pa_editeur-maiade-oc","12":"pa_illustrateur-cappana-jerome-oc","13":"pa_langue-francais-oc","14":"entry","16":"first","17":"instock","18":"shipping-taxable","19":"purchasable","20":"product-type-simple"},"acf":[],"_links":{"self":[{"href":"https:\/\/www.libraria-occitana.org\/oc\/wp-json\/wp\/v2\/product\/38454","targetHints":{"allow":["GET"]}}],"collection":[{"href":"https:\/\/www.libraria-occitana.org\/oc\/wp-json\/wp\/v2\/product"}],"about":[{"href":"https:\/\/www.libraria-occitana.org\/oc\/wp-json\/wp\/v2\/types\/product"}],"wp:featuredmedia":[{"embeddable":true,"href":"https:\/\/www.libraria-occitana.org\/oc\/wp-json\/wp\/v2\/media\/38446"}],"wp:attachment":[{"href":"https:\/\/www.libraria-occitana.org\/oc\/wp-json\/wp\/v2\/media?parent=38454"}],"wp:term":[{"taxonomy":"product_brand","embeddable":true,"href":"https:\/\/www.libraria-occitana.org\/oc\/wp-json\/wp\/v2\/product_brand?post=38454"},{"taxonomy":"product_cat","embeddable":true,"href":"https:\/\/www.libraria-occitana.org\/oc\/wp-json\/wp\/v2\/product_cat?post=38454"},{"taxonomy":"product_tag","embeddable":true,"href":"https:\/\/www.libraria-occitana.org\/oc\/wp-json\/wp\/v2\/product_tag?post=38454"}],"curies":[{"name":"wp","href":"https:\/\/api.w.org\/{rel}","templated":true}]}}

Quelque chose dans la lande : Huit jours à Calais. Avril 2016

<p><strong>Une expérience forte, marquante : Calais 2016</strong></p>
<p>Dans le sable, pêle-mêle, des lambeaux de bâche plastique, des éclats de planches, des bras de poupée, des traces noires de foyers.<br />
Une strate géologique est en train de se former à Calais, France.<br />
Une strate lisible qui restera dans notre sol.<br />
Ce texte est le récit d&#8217;une expérience et chaque expérience est unique.</p>
<p>Il se fonde sur l&#8217;authenticité de la relation des faits et des ressentis et ne répond pas à toutes les questions. On espère simplement qu&#8217;il pourra, par l&#8217;absence de sensationnel, permettre une plus simple appréciation de l&#8217;extraordinaire et participer, au retour d&#8217;un bon sens et d&#8217;une humanité qui se perdent dans les méandres de débats politiques « politicards », entremêlés d&#8217;une « information » plus ou moins idéologisée et des fantasmes qu&#8217;ils ne manquent pas de faire naître en chacun de nous.</p>

<p>Une expérience forte, marquante : Calais 2016 Dans le sable, pêle-mêle, des lambeaux de bâche plastique, des éclats de planches, des bras de poupée, des traces noires de foyers. Une strate géologique est en train de se former à Calais, France. Une strate lisible qui restera dans notre sol. Ce texte est le récit d&#8217;une [&hellip;]</p>
