{"id":38559,"date":"2005-07-07T13:02:09","date_gmt":"2005-07-07T11:02:09","guid":{"rendered":"http:\/\/www.libraria-occitana.org\/product\/a-chaque-jour-suffit-sa-peine\/"},"modified":"2026-04-29T01:22:02","modified_gmt":"2026-04-28T23:22:02","slug":"a-chaque-jour-suffit-sa-peine","status":"publish","type":"product","link":"https:\/\/www.libraria-occitana.org\/oc\/produch\/a-chaque-jour-suffit-sa-peine\/","title":{"rendered":"\u00c0 chaque jour suffit sa peine"},"content":{"rendered":"<p>\u00ab Sur la fin de la r\u00e9p\u00e9tition, une lumi\u00e8re rouge s&#8217;allume dans mon cerveau maltrait\u00e9 par la sono, les canettes et le shit. Il dit: \u00ab mayday, mayday, danger ! \u00bb. Putain ! Mais quel danger ? M\u00eame en me creusant la cervelle \u00e0 l&#8217;os, impossible de savoir, en aucune fa\u00e7on. Une certitude pourtant, il me semble que j\u2019ai oubli\u00e9 quelque chose. Quelque chose d\u2019important.<br \/>\nPlus qu\u2019important, vital.\u00a0\u00bb<\/p>\n<p>Traduction fran\u00e7aise d&#8217;une nouvelle tir\u00e9e de <em>Vidas &amp; engranatges<\/em> (Vies &amp; engrenages, IEO, 2004) ayant re\u00e7u le prix Jaufre Rudel en 2005.<\/p>\n","protected":false},"excerpt":{"rendered":"<p>\u00ab Sur la fin de la r\u00e9p\u00e9tition, une lumi\u00e8re rouge s&#8217;allume dans mon cerveau maltrait\u00e9 par la sono, les canettes et le shit. Il dit: \u00ab mayday, mayday, danger ! \u00bb. Putain ! Mais quel danger ? M\u00eame en me creusant la cervelle \u00e0 l&#8217;os, impossible de savoir, en aucune fa\u00e7on. Une certitude pourtant, il [&hellip;]<\/p>\n","protected":false},"featured_media":38560,"template":"","meta":{"_acf_changed":false,"_genesis_hide_title":false,"_genesis_hide_breadcrumbs":false,"_genesis_hide_singular_image":false,"_genesis_hide_footer_widgets":false,"_genesis_custom_body_class":"","_genesis_custom_post_class":"","_genesis_layout":""},"product_brand":[],"product_cat":[7133,7175,7179,7183],"product_tag":[],"class_list":{"0":"post-38559","1":"product","2":"type-product","3":"status-publish","4":"has-post-thumbnail","6":"product_cat-libres-oc","7":"product_cat-literatura-oc","8":"product_cat-literatura-occitana-en-frances-oc","9":"product_cat-romans-novelas-oc","10":"pa_auteur-vernet-florian-oc","11":"pa_editeur-editions-de-latelier-in8-oc","12":"pa_illustrateur-comellas-estela-oc","13":"pa_illustrateur-javaloyes-sergi-1-oc","14":"pa_langue-francais-oc","15":"entry","17":"first","18":"instock","19":"shipping-taxable","20":"purchasable","21":"product-type-simple"},"acf":[],"_links":{"self":[{"href":"https:\/\/www.libraria-occitana.org\/oc\/wp-json\/wp\/v2\/product\/38559","targetHints":{"allow":["GET"]}}],"collection":[{"href":"https:\/\/www.libraria-occitana.org\/oc\/wp-json\/wp\/v2\/product"}],"about":[{"href":"https:\/\/www.libraria-occitana.org\/oc\/wp-json\/wp\/v2\/types\/product"}],"wp:featuredmedia":[{"embeddable":true,"href":"https:\/\/www.libraria-occitana.org\/oc\/wp-json\/wp\/v2\/media\/38560"}],"wp:attachment":[{"href":"https:\/\/www.libraria-occitana.org\/oc\/wp-json\/wp\/v2\/media?parent=38559"}],"wp:term":[{"taxonomy":"product_brand","embeddable":true,"href":"https:\/\/www.libraria-occitana.org\/oc\/wp-json\/wp\/v2\/product_brand?post=38559"},{"taxonomy":"product_cat","embeddable":true,"href":"https:\/\/www.libraria-occitana.org\/oc\/wp-json\/wp\/v2\/product_cat?post=38559"},{"taxonomy":"product_tag","embeddable":true,"href":"https:\/\/www.libraria-occitana.org\/oc\/wp-json\/wp\/v2\/product_tag?post=38559"}],"curies":[{"name":"wp","href":"https:\/\/api.w.org\/{rel}","templated":true}]}}

À chaque jour suffit sa peine

<p>« Sur la fin de la répétition, une lumière rouge s&#8217;allume dans mon cerveau maltraité par la sono, les canettes et le shit. Il dit: « mayday, mayday, danger ! ». Putain ! Mais quel danger ? Même en me creusant la cervelle à l&#8217;os, impossible de savoir, en aucune façon. Une certitude pourtant, il me semble que j’ai oublié quelque chose. Quelque chose d’important.<br />
Plus qu’important, vital. »</p>
<p>Traduction française d&#8217;une nouvelle tirée de <em>Vidas &amp; engranatges</em> (Vies &amp; engrenages, IEO, 2004) ayant reçu le prix Jaufre Rudel en 2005.</p>

<p>« Sur la fin de la répétition, une lumière rouge s&#8217;allume dans mon cerveau maltraité par la sono, les canettes et le shit. Il dit: « mayday, mayday, danger ! ». Putain ! Mais quel danger ? Même en me creusant la cervelle à l&#8217;os, impossible de savoir, en aucune façon. Une certitude pourtant, il [&hellip;]</p>
