{"id":38688,"date":"2026-08-31T17:40:22","date_gmt":"2026-08-31T15:40:22","guid":{"rendered":"http:\/\/www.libraria-occitana.org\/?post_type=product&#038;p=38688"},"modified":"2026-08-31T17:40:56","modified_gmt":"2026-08-31T15:40:56","slug":"les-noms-de-lieux-du-pays-degletons-correze","status":"publish","type":"product","link":"https:\/\/www.libraria-occitana.org\/oc\/produch\/les-noms-de-lieux-du-pays-degletons-correze\/","title":{"rendered":"LES NOMS DE LIEUX DU PAYS D&#8217;\u00c9GLETONS (CORREZE)"},"content":{"rendered":"<p style=\"margin:0;\"><span style=\"font-family:'Times New Roman';font-size:12pt;\">La recherche toponymique ouvre de vastes horizons car un nom de lieu est rarement orphelin. Il appartient en g\u00e9n\u00e9ral \u00e0 une lign\u00e9e qui l&#8217;inscrit dans une appartenance culturelle \u00e0 caract\u00e8re &#8220;g\u00e9n\u00e9alogique&#8221; o\u00f9 plusieurs arbres m\u00ealent branches et racines. Sont mis \u00e0 jour des &#8220;g\u00e8nes&#8221; pr\u00e9latins, celtiques, latins, germaniques brass\u00e9s dans notre occitanit\u00e9, car la langue occitane les a fa\u00e7onn\u00e9s au cours de si\u00e8cles d&#8217;\u00e9volution graphique et orale. Les \u00e9tudes de terrain laissent en outre appara\u00eetre des espaces ; des aires o\u00f9 se concr\u00e9tisent dans la diversit\u00e9 ambiante des affinit\u00e9s qui constituent un capital patrimonial irrempla\u00e7able. Comment se fait-il qu&#8217;une bonne part de la Corr\u00e8ze ait choisi de dire nigra <wbr>(noire), dricha <wbr>(droite), clida <wbr>(barri\u00e8re), gliva <wbr>(motte herbeuse) quand les autres Limousins disent negra, drecha, cleda, gleva ? Simple d\u00e9tail dans une trame tr\u00e8s serr\u00e9e.<\/p>\n<p>Complement de titre : Champagnac-la-Noaille, La Chapelle-Spinasse, \u00c9gletons, Le Jardin, Montaignac-Saint-Hippolyte, Moustier-Ventadour, Rosiers d&#8217;\u00c9gletons, Saint-Yrieix-le-D\u00e9jalat<br \/>Autor : Lavalade, Yves<br \/>Linga : Franc\u00e9s<br \/>Parucion : 06\/2018<br \/>Editor : L&#8217;Esperluette<br \/>Nb de pajas : 119<br \/>Format : 14,5 x 20,5 cm<br \/>P\u00e9s : 170 g<br \/>EAN 13 : 9791090784703<\/p>\n<p><\/span><\/p>\n","protected":false},"excerpt":{"rendered":"<p>La recherche toponymique ouvre de vastes horizons car un nom de lieu est rarement orphelin. Il appartient en g\u00e9n\u00e9ral \u00e0 une lign\u00e9e qui l&#8217;inscrit dans une appartenance culturelle \u00e0 caract\u00e8re &#8220;g\u00e9n\u00e9alogique&#8221; o\u00f9 plusieurs arbres m\u00ealent branches et racines. Sont mis \u00e0 jour des &#8220;g\u00e8nes&#8221; pr\u00e9latins, celtiques, latins, germaniques brass\u00e9s dans notre occitanit\u00e9, car la langue [&hellip;]<\/p>\n","protected":false},"featured_media":0,"template":"","meta":{"_acf_changed":false,"_genesis_hide_title":false,"_genesis_hide_breadcrumbs":false,"_genesis_hide_singular_image":false,"_genesis_hide_footer_widgets":false,"_genesis_custom_body_class":"","_genesis_custom_post_class":"","_genesis_layout":""},"product_brand":[],"product_cat":[7149,7133,7163,16136],"product_tag":[],"class_list":["post-38688","product","type-product","status-publish","product_cat-istoria-geografia-oc","product_cat-libres-oc","product_cat-noms-de-luocs-noms-de-personas-oc","product_cat-non-classe-oc","pa_auteur-lavalada-ives-oc","pa_auteurs-lavalade-yves","pa_editeur-lesperluette-oc","pa_langue-francais-oc","entry","first","outofstock","purchasable","product-type-simple"],"acf":[],"_links":{"self":[{"href":"https:\/\/www.libraria-occitana.org\/oc\/wp-json\/wp\/v2\/product\/38688","targetHints":{"allow":["GET"]}}],"collection":[{"href":"https:\/\/www.libraria-occitana.org\/oc\/wp-json\/wp\/v2\/product"}],"about":[{"href":"https:\/\/www.libraria-occitana.org\/oc\/wp-json\/wp\/v2\/types\/product"}],"wp:attachment":[{"href":"https:\/\/www.libraria-occitana.org\/oc\/wp-json\/wp\/v2\/media?parent=38688"}],"wp:term":[{"taxonomy":"product_brand","embeddable":true,"href":"https:\/\/www.libraria-occitana.org\/oc\/wp-json\/wp\/v2\/product_brand?post=38688"},{"taxonomy":"product_cat","embeddable":true,"href":"https:\/\/www.libraria-occitana.org\/oc\/wp-json\/wp\/v2\/product_cat?post=38688"},{"taxonomy":"product_tag","embeddable":true,"href":"https:\/\/www.libraria-occitana.org\/oc\/wp-json\/wp\/v2\/product_tag?post=38688"}],"curies":[{"name":"wp","href":"https:\/\/api.w.org\/{rel}","templated":true}]}}

LES NOMS DE LIEUX DU PAYS D&#8217;ÉGLETONS (CORREZE)

<p style="margin:0;"><span style="font-family:'Times New Roman';font-size:12pt;">La recherche toponymique ouvre de vastes horizons car un nom de lieu est rarement orphelin. Il appartient en général à une lignée qui l&#8217;inscrit dans une appartenance culturelle à caractère &#8220;généalogique&#8221; où plusieurs arbres mêlent branches et racines. Sont mis à jour des &#8220;gènes&#8221; prélatins, celtiques, latins, germaniques brassés dans notre occitanité, car la langue occitane les a façonnés au cours de siècles d&#8217;évolution graphique et orale. Les études de terrain laissent en outre apparaître des espaces ; des aires où se concrétisent dans la diversité ambiante des affinités qui constituent un capital patrimonial irremplaçable. Comment se fait-il qu&#8217;une bonne part de la Corrèze ait choisi de dire nigra <wbr>(noire), dricha <wbr>(droite), clida <wbr>(barrière), gliva <wbr>(motte herbeuse) quand les autres Limousins disent negra, drecha, cleda, gleva ? Simple détail dans une trame très serrée.</p>
<p>Complement de titre : Champagnac-la-Noaille, La Chapelle-Spinasse, Égletons, Le Jardin, Montaignac-Saint-Hippolyte, Moustier-Ventadour, Rosiers d&#8217;Égletons, Saint-Yrieix-le-Déjalat<br />Autor : Lavalade, Yves<br />Linga : Francés<br />Parucion : 06/2018<br />Editor : L&#8217;Esperluette<br />Nb de pajas : 119<br />Format : 14,5 x 20,5 cm<br />Pés : 170 g<br />EAN 13 : 9791090784703</p>
<p></span></p>

<p>La recherche toponymique ouvre de vastes horizons car un nom de lieu est rarement orphelin. Il appartient en général à une lignée qui l&#8217;inscrit dans une appartenance culturelle à caractère &#8220;généalogique&#8221; où plusieurs arbres mêlent branches et racines. Sont mis à jour des &#8220;gènes&#8221; prélatins, celtiques, latins, germaniques brassés dans notre occitanité, car la langue [&hellip;]</p>
