{"id":42523,"date":"2018-04-02T17:53:27","date_gmt":"2018-04-02T15:53:27","guid":{"rendered":"http:\/\/www.libraria-occitana.org\/product\/le-chemin-de-compostelle-3-la-via-lemovicensis-de-vezelay-a-saint-jean-pied-de-port\/"},"modified":"2026-04-29T07:06:44","modified_gmt":"2026-04-29T05:06:44","slug":"le-chemin-de-compostelle-3-la-via-lemovicensis-de-vezelay-a-saint-jean-pied-de-port","status":"publish","type":"product","link":"https:\/\/www.libraria-occitana.org\/oc\/produch\/le-chemin-de-compostelle-3-la-via-lemovicensis-de-vezelay-a-saint-jean-pied-de-port\/","title":{"rendered":"Le chemin de Compostelle 3 La \u00ab via lemovicensis \u00bb : De V\u00e9zelay \u00e0 Saint-Jean-Pied-de-Port"},"content":{"rendered":"<p>Ce livre est une invitation au voyage sur les pas de Saint-Jacques de Compostelle.<br \/>\nPas \u00e0 pas, l&#8217;auteur nous livre par ses photographies et ses aquarelles de voyage r\u00e9alis\u00e9es sur place, un certain regard plein de fra\u00eecheur et de ga\u00eet\u00e9 sur le chemin de V\u00e9zelay.<\/p>\n","protected":false},"excerpt":{"rendered":"<p>Ce livre est une invitation au voyage sur les pas de Saint-Jacques de Compostelle. Pas \u00e0 pas, l&#8217;auteur nous livre par ses photographies et ses aquarelles de voyage r\u00e9alis\u00e9es sur place, un certain regard plein de fra\u00eecheur et de ga\u00eet\u00e9 sur le chemin de V\u00e9zelay.<\/p>\n","protected":false},"featured_media":42521,"template":"","meta":{"_acf_changed":false,"_genesis_hide_title":false,"_genesis_hide_breadcrumbs":false,"_genesis_hide_singular_image":false,"_genesis_hide_footer_widgets":false,"_genesis_custom_body_class":"","_genesis_custom_post_class":"","_genesis_layout":""},"product_brand":[],"product_cat":[7199,7133,7197],"product_tag":[],"class_list":{"0":"post-42523","1":"product","2":"type-product","3":"status-publish","4":"has-post-thumbnail","6":"product_cat-guides-torisme-viatge-oc","7":"product_cat-libres-oc","8":"product_cat-natura-torisme-oc","9":"pa_auteur-garcia-jean-paul-oc","10":"pa_editeur-les-editions-du-chant-de-letoile-oc","11":"pa_langue-francais-oc","12":"entry","14":"first","15":"outofstock","16":"shipping-taxable","17":"purchasable","18":"product-type-simple"},"acf":[],"_links":{"self":[{"href":"https:\/\/www.libraria-occitana.org\/oc\/wp-json\/wp\/v2\/product\/42523","targetHints":{"allow":["GET"]}}],"collection":[{"href":"https:\/\/www.libraria-occitana.org\/oc\/wp-json\/wp\/v2\/product"}],"about":[{"href":"https:\/\/www.libraria-occitana.org\/oc\/wp-json\/wp\/v2\/types\/product"}],"wp:featuredmedia":[{"embeddable":true,"href":"https:\/\/www.libraria-occitana.org\/oc\/wp-json\/wp\/v2\/media\/42521"}],"wp:attachment":[{"href":"https:\/\/www.libraria-occitana.org\/oc\/wp-json\/wp\/v2\/media?parent=42523"}],"wp:term":[{"taxonomy":"product_brand","embeddable":true,"href":"https:\/\/www.libraria-occitana.org\/oc\/wp-json\/wp\/v2\/product_brand?post=42523"},{"taxonomy":"product_cat","embeddable":true,"href":"https:\/\/www.libraria-occitana.org\/oc\/wp-json\/wp\/v2\/product_cat?post=42523"},{"taxonomy":"product_tag","embeddable":true,"href":"https:\/\/www.libraria-occitana.org\/oc\/wp-json\/wp\/v2\/product_tag?post=42523"}],"curies":[{"name":"wp","href":"https:\/\/api.w.org\/{rel}","templated":true}]}}

Le chemin de Compostelle 3 La « via lemovicensis » : De Vézelay à Saint-Jean-Pied-de-Port

<p>Ce livre est une invitation au voyage sur les pas de Saint-Jacques de Compostelle.<br />
Pas à pas, l&#8217;auteur nous livre par ses photographies et ses aquarelles de voyage réalisées sur place, un certain regard plein de fraîcheur et de gaîté sur le chemin de Vézelay.</p>

<p>Ce livre est une invitation au voyage sur les pas de Saint-Jacques de Compostelle. Pas à pas, l&#8217;auteur nous livre par ses photographies et ses aquarelles de voyage réalisées sur place, un certain regard plein de fraîcheur et de gaîté sur le chemin de Vézelay.</p>
