{"id":42717,"date":"2018-09-19T14:08:26","date_gmt":"2018-09-19T12:08:26","guid":{"rendered":"http:\/\/www.libraria-occitana.org\/product\/la-marche-a-letoile-lhomme-eclate\/"},"modified":"2026-04-28T02:21:14","modified_gmt":"2026-04-28T00:21:14","slug":"la-marche-a-letoile-lhomme-eclate","status":"publish","type":"product","link":"https:\/\/www.libraria-occitana.org\/oc\/produch\/la-marche-a-letoile-lhomme-eclate\/","title":{"rendered":"La marche \u00e0 l&#8217;\u00e9toile &#8211; L&#8217;homme \u00e9clat\u00e9"},"content":{"rendered":"<p>Deux po\u00e8mes de Marcelle Delpastre mis en voix. Ces deux textes ont \u00e9t\u00e9 \u00e9dit\u00e9s dans les <em>Po\u00e8mes dramatiques<\/em> <a href=\"http:\/\/www.libraria-occitana.org\/produit\/poemes-dramatiques-i\/\">I<\/a> et <a href=\"http:\/\/www.libraria-occitana.org\/produit\/poemes-dramatiques-ii\/\">II<\/a>.<\/p>\n<p><strong>La marche \u00e0 l&#8217;\u00e9toile<\/strong><\/p>\n<p>Les voix, le ch\u0153ur : Jean-Claude Bergon, Bernard Comby, Jan dau Melhau<br \/>\nLa voix off : Brigitte Fleygnac<br \/>\n(cr\u00e9\u00e9 \u00e0 Radio Limoges le 25 d\u00e9cembre 1972)<\/p>\n<p><strong>L&#8217;homme \u00e9clat\u00e9<\/strong><\/p>\n<p>L&#8217;homme : Bernard Comby<br \/>\nLa m\u00e8re : Monique Burg<br \/>\nLa femme : Th\u00e9r\u00e8se Canet<br \/>\nLes voix, le ch\u0153ur : Brigitte Fleygnac, Genevi\u00e8ve Lavaud, Christine Virolle Da Silva<br \/>\n(cr\u00e9\u00e9 \u00e0 Radio Limoges le 13 d\u00e9cembre 1971)<\/p>\n<p>Direction artistique : Jan dau Melhau<\/p>\n","protected":false},"excerpt":{"rendered":"<p>Deux po\u00e8mes de Marcelle Delpastre mis en voix. Ces deux textes ont \u00e9t\u00e9 \u00e9dit\u00e9s dans les Po\u00e8mes dramatiques I et II. La marche \u00e0 l&#8217;\u00e9toile Les voix, le ch\u0153ur : Jean-Claude Bergon, Bernard Comby, Jan dau Melhau La voix off : Brigitte Fleygnac (cr\u00e9\u00e9 \u00e0 Radio Limoges le 25 d\u00e9cembre 1972) L&#8217;homme \u00e9clat\u00e9 L&#8217;homme : [&hellip;]<\/p>\n","protected":false},"featured_media":42683,"template":"","meta":{"_acf_changed":false,"_genesis_hide_title":false,"_genesis_hide_breadcrumbs":false,"_genesis_hide_singular_image":false,"_genesis_hide_footer_widgets":false,"_genesis_custom_body_class":"","_genesis_custom_post_class":"","_genesis_layout":""},"product_brand":[],"product_cat":[7225,16683],"product_tag":[],"class_list":{"0":"post-42717","1":"product","2":"type-product","3":"status-publish","4":"has-post-thumbnail","6":"product_cat-litterature-musique-oc","7":"product_cat-musica-oc","8":"pa_auteur-delpastre-marcela-oc","9":"pa_editeur-lo-chamin-de-sent-jaume-oc","10":"pa_langue-francais-oc","11":"entry","13":"first","14":"instock","15":"shipping-taxable","16":"purchasable","17":"product-type-simple"},"acf":[],"_links":{"self":[{"href":"https:\/\/www.libraria-occitana.org\/oc\/wp-json\/wp\/v2\/product\/42717","targetHints":{"allow":["GET"]}}],"collection":[{"href":"https:\/\/www.libraria-occitana.org\/oc\/wp-json\/wp\/v2\/product"}],"about":[{"href":"https:\/\/www.libraria-occitana.org\/oc\/wp-json\/wp\/v2\/types\/product"}],"wp:featuredmedia":[{"embeddable":true,"href":"https:\/\/www.libraria-occitana.org\/oc\/wp-json\/wp\/v2\/media\/42683"}],"wp:attachment":[{"href":"https:\/\/www.libraria-occitana.org\/oc\/wp-json\/wp\/v2\/media?parent=42717"}],"wp:term":[{"taxonomy":"product_brand","embeddable":true,"href":"https:\/\/www.libraria-occitana.org\/oc\/wp-json\/wp\/v2\/product_brand?post=42717"},{"taxonomy":"product_cat","embeddable":true,"href":"https:\/\/www.libraria-occitana.org\/oc\/wp-json\/wp\/v2\/product_cat?post=42717"},{"taxonomy":"product_tag","embeddable":true,"href":"https:\/\/www.libraria-occitana.org\/oc\/wp-json\/wp\/v2\/product_tag?post=42717"}],"curies":[{"name":"wp","href":"https:\/\/api.w.org\/{rel}","templated":true}]}}

La marche à l&#8217;étoile &#8211; L&#8217;homme éclaté

<p>Deux poèmes de Marcelle Delpastre mis en voix. Ces deux textes ont été édités dans les <em>Poèmes dramatiques</em> <a href="http://www.libraria-occitana.org/produit/poemes-dramatiques-i/">I</a> et <a href="http://www.libraria-occitana.org/produit/poemes-dramatiques-ii/">II</a>.</p>
<p><strong>La marche à l&#8217;étoile</strong></p>
<p>Les voix, le chœur : Jean-Claude Bergon, Bernard Comby, Jan dau Melhau<br />
La voix off : Brigitte Fleygnac<br />
(créé à Radio Limoges le 25 décembre 1972)</p>
<p><strong>L&#8217;homme éclaté</strong></p>
<p>L&#8217;homme : Bernard Comby<br />
La mère : Monique Burg<br />
La femme : Thérèse Canet<br />
Les voix, le chœur : Brigitte Fleygnac, Geneviève Lavaud, Christine Virolle Da Silva<br />
(créé à Radio Limoges le 13 décembre 1971)</p>
<p>Direction artistique : Jan dau Melhau</p>

<p>Deux poèmes de Marcelle Delpastre mis en voix. Ces deux textes ont été édités dans les Poèmes dramatiques I et II. La marche à l&#8217;étoile Les voix, le chœur : Jean-Claude Bergon, Bernard Comby, Jan dau Melhau La voix off : Brigitte Fleygnac (créé à Radio Limoges le 25 décembre 1972) L&#8217;homme éclaté L&#8217;homme : [&hellip;]</p>
