{"id":42967,"date":"2026-08-31T16:33:39","date_gmt":"2026-08-31T14:33:39","guid":{"rendered":"http:\/\/www.libraria-occitana.org\/?post_type=product&#038;p=42967"},"modified":"2026-08-31T16:34:07","modified_gmt":"2026-08-31T14:34:07","slug":"pelerinages-en-perigord","status":"publish","type":"product","link":"https:\/\/www.libraria-occitana.org\/oc\/produch\/pelerinages-en-perigord\/","title":{"rendered":"PELERINAGES EN PERIGORD"},"content":{"rendered":"<p style=\"margin:0;\"><span style=\"font-family:'Times New Roman';font-size:12pt;\">Enqu\u00eater sur les p\u00e8lerinages en P\u00e9rigord aujourd\u2019hui, est-ce vouloir seulement sacrifier avec nostalgie \u00e0 la confection d\u2019un catalogue de d\u00e9marches pieuses en voie de disparition ? Tel n\u2019est pas le propos des auteurs de cet ouvrage qui ont, au contraire, pu noter la faveur dont b\u00e9n\u00e9ficiaient encore <wbr>(et parfois \u00e0 nouveau) certains sanctuaires dont ils ont souhait\u00e9 montrer les traits originaux et rappeler dans quel pass\u00e9 ils s\u2019enracinent.<\/p>\n<p>Autor : Sadouillet-Perrin, Alberte ; Mandon, Guy<br \/>Linga : Franc\u00e9s<br \/>Parucion : 1985<br \/>Editor : Fanlac<br \/>Nb de pajas : 158<br \/>Format : 12 x 17 cm<br \/>P\u00e9s : 142 g<br \/>EAN 13 : 9782865770793<\/span><\/p>\n","protected":false},"excerpt":{"rendered":"<p>Enqu\u00eater sur les p\u00e8lerinages en P\u00e9rigord aujourd\u2019hui, est-ce vouloir seulement sacrifier avec nostalgie \u00e0 la confection d\u2019un catalogue de d\u00e9marches pieuses en voie de disparition ? Tel n\u2019est pas le propos des auteurs de cet ouvrage qui ont, au contraire, pu noter la faveur dont b\u00e9n\u00e9ficiaient encore (et parfois \u00e0 nouveau) certains sanctuaires dont ils [&hellip;]<\/p>\n","protected":false},"featured_media":0,"template":"","meta":{"_acf_changed":false,"_genesis_hide_title":false,"_genesis_hide_breadcrumbs":false,"_genesis_hide_singular_image":false,"_genesis_hide_footer_widgets":false,"_genesis_custom_body_class":"","_genesis_custom_post_class":"","_genesis_layout":""},"product_brand":[],"product_cat":[7209,7133,16136,7207],"product_tag":[],"class_list":["post-42967","product","type-product","status-publish","product_cat-costumas-rites-e-cresencas-oc","product_cat-libres-oc","product_cat-non-classe-oc","product_cat-tradicions-patrimoni-oc","pa_auteur-mandon-guy-oc","pa_auteur-sadouillet-perrin-alberte-oc","pa_auteurs-sadouillet-mandon","pa_editeur-fanlac-oc","pa_langue-francais-oc","entry","has-post-thumbnail","first","outofstock","purchasable","product-type-simple"],"acf":[],"_links":{"self":[{"href":"https:\/\/www.libraria-occitana.org\/oc\/wp-json\/wp\/v2\/product\/42967","targetHints":{"allow":["GET"]}}],"collection":[{"href":"https:\/\/www.libraria-occitana.org\/oc\/wp-json\/wp\/v2\/product"}],"about":[{"href":"https:\/\/www.libraria-occitana.org\/oc\/wp-json\/wp\/v2\/types\/product"}],"wp:attachment":[{"href":"https:\/\/www.libraria-occitana.org\/oc\/wp-json\/wp\/v2\/media?parent=42967"}],"wp:term":[{"taxonomy":"product_brand","embeddable":true,"href":"https:\/\/www.libraria-occitana.org\/oc\/wp-json\/wp\/v2\/product_brand?post=42967"},{"taxonomy":"product_cat","embeddable":true,"href":"https:\/\/www.libraria-occitana.org\/oc\/wp-json\/wp\/v2\/product_cat?post=42967"},{"taxonomy":"product_tag","embeddable":true,"href":"https:\/\/www.libraria-occitana.org\/oc\/wp-json\/wp\/v2\/product_tag?post=42967"}],"curies":[{"name":"wp","href":"https:\/\/api.w.org\/{rel}","templated":true}]}}

<p style="margin:0;"><span style="font-family:'Times New Roman';font-size:12pt;">Enquêter sur les pèlerinages en Périgord aujourd’hui, est-ce vouloir seulement sacrifier avec nostalgie à la confection d’un catalogue de démarches pieuses en voie de disparition ? Tel n’est pas le propos des auteurs de cet ouvrage qui ont, au contraire, pu noter la faveur dont bénéficiaient encore <wbr>(et parfois à nouveau) certains sanctuaires dont ils ont souhaité montrer les traits originaux et rappeler dans quel passé ils s’enracinent.</p>
<p>Autor : Sadouillet-Perrin, Alberte ; Mandon, Guy<br />Linga : Francés<br />Parucion : 1985<br />Editor : Fanlac<br />Nb de pajas : 158<br />Format : 12 x 17 cm<br />Pés : 142 g<br />EAN 13 : 9782865770793</span></p>

<p>Enquêter sur les pèlerinages en Périgord aujourd’hui, est-ce vouloir seulement sacrifier avec nostalgie à la confection d’un catalogue de démarches pieuses en voie de disparition ? Tel n’est pas le propos des auteurs de cet ouvrage qui ont, au contraire, pu noter la faveur dont bénéficiaient encore (et parfois à nouveau) certains sanctuaires dont ils [&hellip;]</p>
