{"id":43178,"date":"2018-11-26T19:34:32","date_gmt":"2018-11-26T18:34:32","guid":{"rendered":"http:\/\/www.libraria-occitana.org\/?post_type=product&#038;p=43178"},"modified":"2026-04-27T01:16:10","modified_gmt":"2026-04-26T23:16:10","slug":"jai-referme-mon-couteau-petites-digressions-dethnographie-vicinale","status":"publish","type":"product","link":"https:\/\/www.libraria-occitana.org\/oc\/produch\/jai-referme-mon-couteau-petites-digressions-dethnographie-vicinale\/","title":{"rendered":"J&#8217;ai referm\u00e9 mon couteau : Petites digressions d&#8217;ethnographie vicinale"},"content":{"rendered":"<p>Jusqu&#8217;\u00e0 peu, Marcelle Delpastre r\u00e9gnait sans partage sur l&#8217;ethnologie limousine (Limousin entendu au sens un peu forc\u00e9 d&#8217;aire dialectale), avec tant et tant d&#8217;\u00e9tudes sur tous les sujets et cette somme que l&#8217;on pensait bien ind\u00e9passable <a href=\"http:\/\/www.libraria-occitana.org\/produit\/le-tombeau-des-ancetres\/\"><em>Le tombeau des anc\u00eatres<\/em><\/a> parue en feuilleton dans la revue Lemouzi et reprise en volume chez Payot en 1997. La collection \u00ab De temps pacan\u00a0\u00bb des \u00e9ditions Lo Chamin de Sent Jaume avait d&#8217;ailleurs \u00e9t\u00e9 cr\u00e9\u00e9e pour elle, les deux premiers titres lui \u00e9tant consacr\u00e9s.<br \/>\nD\u00e9sormais, ils sont deux. Certes, on connaissait d\u00e9j\u00e0 Michel Chadeuil par ses publications sur les proverbes et les mimologismes, mais le pr\u00e9sent ouvrage est d&#8217;une autre envergure. Les vingt et un chapitres de <em>J&#8217;ai referm\u00e9 mon couteau<\/em> donnant une vue d&#8217;ensemble de la culture traditionnelle de ce pays, f\u00fbt-ce de tout autre mani\u00e8re et d&#8217;un tout autre ton, sont le compl\u00e9ment indispensable du <em>Tombeau<\/em>.<br \/>\nEt ce sans en avoir l&#8217;air, avec bonhomie pourrait-on dire, comme en un entretien particulier, comme on parle en coin de table, au coin du feu.<br \/>\n\u00c0 une g\u00e9n\u00e9ration de distance, Marcelle Delpastre et Michel Chadeuil ont en commun une aire d&#8217;enqu\u00eate limit\u00e9e \u00e0 leur environnement imm\u00e9diat, la connaissance intime des choses dont ils parlent, l&#8217;intuition de tout ce qu&#8217;elles portent et signifient. Ils ont en outre une qualit\u00e9 inappr\u00e9ciable : ils ouvrent quantit\u00e9 de portes, ne vous les ferment jamais au nez.<br \/>\nSeul le couteau sera referm\u00e9, celui de Nontron, celui de la m\u00e9taphore.<br \/>\nJusqu&#8217;au prochain repas&#8230;<\/p>\n<p>R\u00e9\u00e9dition de l&#8217;<a href=\"http:\/\/www.libraria-occitana.org\/produit\/jai-referme-mon-couteau\/\">ouvrage paru en 2012<\/a> aux \u00e9ditions Lo chamin de sent Jaume.<\/p>\n","protected":false},"excerpt":{"rendered":"<p>Jusqu&#8217;\u00e0 peu, Marcelle Delpastre r\u00e9gnait sans partage sur l&#8217;ethnologie limousine (Limousin entendu au sens un peu forc\u00e9 d&#8217;aire dialectale), avec tant et tant d&#8217;\u00e9tudes sur tous les sujets et cette somme que l&#8217;on pensait bien ind\u00e9passable Le tombeau des anc\u00eatres parue en feuilleton dans la revue Lemouzi et reprise en volume chez Payot en 1997. [&hellip;]<\/p>\n","protected":false},"featured_media":43181,"template":"","meta":{"_acf_changed":false,"_genesis_hide_title":false,"_genesis_hide_breadcrumbs":false,"_genesis_hide_singular_image":false,"_genesis_hide_footer_widgets":false,"_genesis_custom_body_class":"","_genesis_custom_post_class":"","_genesis_layout":""},"product_brand":[],"product_cat":[7209,7133,7207],"product_tag":[],"class_list":{"0":"post-43178","1":"product","2":"type-product","3":"status-publish","4":"has-post-thumbnail","6":"product_cat-costumas-rites-e-cresencas-oc","7":"product_cat-libres-oc","8":"product_cat-tradicions-patrimoni-oc","9":"pa_auteur-chapduelh-micheu-oc","10":"pa_editeur-ieo-perigord-novelum-oc","11":"pa_langue-francais-oc","12":"entry","14":"first","15":"instock","16":"shipping-taxable","17":"purchasable","18":"product-type-simple"},"acf":[],"_links":{"self":[{"href":"https:\/\/www.libraria-occitana.org\/oc\/wp-json\/wp\/v2\/product\/43178","targetHints":{"allow":["GET"]}}],"collection":[{"href":"https:\/\/www.libraria-occitana.org\/oc\/wp-json\/wp\/v2\/product"}],"about":[{"href":"https:\/\/www.libraria-occitana.org\/oc\/wp-json\/wp\/v2\/types\/product"}],"wp:featuredmedia":[{"embeddable":true,"href":"https:\/\/www.libraria-occitana.org\/oc\/wp-json\/wp\/v2\/media\/43181"}],"wp:attachment":[{"href":"https:\/\/www.libraria-occitana.org\/oc\/wp-json\/wp\/v2\/media?parent=43178"}],"wp:term":[{"taxonomy":"product_brand","embeddable":true,"href":"https:\/\/www.libraria-occitana.org\/oc\/wp-json\/wp\/v2\/product_brand?post=43178"},{"taxonomy":"product_cat","embeddable":true,"href":"https:\/\/www.libraria-occitana.org\/oc\/wp-json\/wp\/v2\/product_cat?post=43178"},{"taxonomy":"product_tag","embeddable":true,"href":"https:\/\/www.libraria-occitana.org\/oc\/wp-json\/wp\/v2\/product_tag?post=43178"}],"curies":[{"name":"wp","href":"https:\/\/api.w.org\/{rel}","templated":true}]}}

J&#8217;ai refermé mon couteau : Petites digressions d&#8217;ethnographie vicinale

<p>Jusqu&#8217;à peu, Marcelle Delpastre régnait sans partage sur l&#8217;ethnologie limousine (Limousin entendu au sens un peu forcé d&#8217;aire dialectale), avec tant et tant d&#8217;études sur tous les sujets et cette somme que l&#8217;on pensait bien indépassable <a href="http://www.libraria-occitana.org/produit/le-tombeau-des-ancetres/"><em>Le tombeau des ancêtres</em></a> parue en feuilleton dans la revue Lemouzi et reprise en volume chez Payot en 1997. La collection « De temps pacan » des éditions Lo Chamin de Sent Jaume avait d&#8217;ailleurs été créée pour elle, les deux premiers titres lui étant consacrés.<br />
Désormais, ils sont deux. Certes, on connaissait déjà Michel Chadeuil par ses publications sur les proverbes et les mimologismes, mais le présent ouvrage est d&#8217;une autre envergure. Les vingt et un chapitres de <em>J&#8217;ai refermé mon couteau</em> donnant une vue d&#8217;ensemble de la culture traditionnelle de ce pays, fût-ce de tout autre manière et d&#8217;un tout autre ton, sont le complément indispensable du <em>Tombeau</em>.<br />
Et ce sans en avoir l&#8217;air, avec bonhomie pourrait-on dire, comme en un entretien particulier, comme on parle en coin de table, au coin du feu.<br />
À une génération de distance, Marcelle Delpastre et Michel Chadeuil ont en commun une aire d&#8217;enquête limitée à leur environnement immédiat, la connaissance intime des choses dont ils parlent, l&#8217;intuition de tout ce qu&#8217;elles portent et signifient. Ils ont en outre une qualité inappréciable : ils ouvrent quantité de portes, ne vous les ferment jamais au nez.<br />
Seul le couteau sera refermé, celui de Nontron, celui de la métaphore.<br />
Jusqu&#8217;au prochain repas&#8230;</p>
<p>Réédition de l&#8217;<a href="http://www.libraria-occitana.org/produit/jai-referme-mon-couteau/">ouvrage paru en 2012</a> aux éditions Lo chamin de sent Jaume.</p>

<p>Jusqu&#8217;à peu, Marcelle Delpastre régnait sans partage sur l&#8217;ethnologie limousine (Limousin entendu au sens un peu forcé d&#8217;aire dialectale), avec tant et tant d&#8217;études sur tous les sujets et cette somme que l&#8217;on pensait bien indépassable Le tombeau des ancêtres parue en feuilleton dans la revue Lemouzi et reprise en volume chez Payot en 1997. [&hellip;]</p>
