{"id":43489,"date":"2008-06-18T12:02:00","date_gmt":"2008-06-18T10:02:00","guid":{"rendered":"http:\/\/www.libraria-occitana.org\/?post_type=product&#038;p=43489"},"modified":"2026-04-26T01:21:07","modified_gmt":"2026-04-25T23:21:07","slug":"lo-curat-de-cucugnan-le-cure-de-cucugnan-conte-prouvencau","status":"publish","type":"product","link":"https:\/\/www.libraria-occitana.org\/oc\/produch\/lo-curat-de-cucugnan-le-cure-de-cucugnan-conte-prouvencau\/","title":{"rendered":"Lo curat de Cucugnan &#8211; Le cur\u00e9 de Cucugnan : Conte prouven\u00e7au"},"content":{"rendered":"<p>Qui ne conna\u00eet <em>Le cur\u00e9 de Cucugnan<\/em> ? Mais qui sait que l\u2019original de cette lettre de mon moulin d\u2019Alphonse Daudet a \u00e9t\u00e9 en r\u00e9alit\u00e9 \u00e9crite par Joseph Roumanille, le premier F\u00e9libre, l\u2019\u00e9ducateur de Fr\u00e9d\u00e9ric Mistral ? Celui qui lui donna le go\u00fbt d\u2019\u00e9crire en proven\u00e7al. Voici r\u00e9unis ici plusieurs des petits r\u00e9cits de Roumanille, \u00e9crits dans une langue proven\u00e7ale pleine de dict\u00e9es\u2026<\/p>\n","protected":false},"excerpt":{"rendered":"<p>Qui ne conna\u00eet Le cur\u00e9 de Cucugnan ? Mais qui sait que l\u2019original de cette lettre de mon moulin d\u2019Alphonse Daudet a \u00e9t\u00e9 en r\u00e9alit\u00e9 \u00e9crite par Joseph Roumanille, le premier F\u00e9libre, l\u2019\u00e9ducateur de Fr\u00e9d\u00e9ric Mistral ? Celui qui lui donna le go\u00fbt d\u2019\u00e9crire en proven\u00e7al. Voici r\u00e9unis ici plusieurs des petits r\u00e9cits de Roumanille, [&hellip;]<\/p>\n","protected":false},"featured_media":43487,"template":"","meta":{"_acf_changed":false,"_genesis_hide_title":false,"_genesis_hide_breadcrumbs":false,"_genesis_hide_singular_image":false,"_genesis_hide_footer_widgets":false,"_genesis_custom_body_class":"","_genesis_custom_post_class":"","_genesis_layout":""},"product_brand":[],"product_cat":[7133,7175,7183],"product_tag":[],"class_list":{"0":"post-43489","1":"product","2":"type-product","3":"status-publish","4":"has-post-thumbnail","6":"product_cat-libres-oc","7":"product_cat-literatura-oc","8":"product_cat-romans-novelas-oc","9":"pa_auteur-roumanille-joseph-oc","10":"pa_editeur-lauceu-libre-oc","11":"pa_illustrateur-daudet-alphonse-oc","12":"pa_illustrateur-guiffrey-solange-oc","13":"pa_langue-occitan-provencau-oc","14":"pa_langue-occitan-francais-oc","15":"entry","17":"first","18":"instock","19":"shipping-taxable","20":"purchasable","21":"product-type-simple"},"acf":[],"_links":{"self":[{"href":"https:\/\/www.libraria-occitana.org\/oc\/wp-json\/wp\/v2\/product\/43489","targetHints":{"allow":["GET"]}}],"collection":[{"href":"https:\/\/www.libraria-occitana.org\/oc\/wp-json\/wp\/v2\/product"}],"about":[{"href":"https:\/\/www.libraria-occitana.org\/oc\/wp-json\/wp\/v2\/types\/product"}],"wp:featuredmedia":[{"embeddable":true,"href":"https:\/\/www.libraria-occitana.org\/oc\/wp-json\/wp\/v2\/media\/43487"}],"wp:attachment":[{"href":"https:\/\/www.libraria-occitana.org\/oc\/wp-json\/wp\/v2\/media?parent=43489"}],"wp:term":[{"taxonomy":"product_brand","embeddable":true,"href":"https:\/\/www.libraria-occitana.org\/oc\/wp-json\/wp\/v2\/product_brand?post=43489"},{"taxonomy":"product_cat","embeddable":true,"href":"https:\/\/www.libraria-occitana.org\/oc\/wp-json\/wp\/v2\/product_cat?post=43489"},{"taxonomy":"product_tag","embeddable":true,"href":"https:\/\/www.libraria-occitana.org\/oc\/wp-json\/wp\/v2\/product_tag?post=43489"}],"curies":[{"name":"wp","href":"https:\/\/api.w.org\/{rel}","templated":true}]}}

Lo curat de Cucugnan &#8211; Le curé de Cucugnan : Conte prouvençau

<p>Qui ne connaît <em>Le curé de Cucugnan</em> ? Mais qui sait que l’original de cette lettre de mon moulin d’Alphonse Daudet a été en réalité écrite par Joseph Roumanille, le premier Félibre, l’éducateur de Frédéric Mistral ? Celui qui lui donna le goût d’écrire en provençal. Voici réunis ici plusieurs des petits récits de Roumanille, écrits dans une langue provençale pleine de dictées…</p>

<p>Qui ne connaît Le curé de Cucugnan ? Mais qui sait que l’original de cette lettre de mon moulin d’Alphonse Daudet a été en réalité écrite par Joseph Roumanille, le premier Félibre, l’éducateur de Frédéric Mistral ? Celui qui lui donna le goût d’écrire en provençal. Voici réunis ici plusieurs des petits récits de Roumanille, [&hellip;]</p>
