{"id":43519,"date":"2017-06-18T14:35:17","date_gmt":"2017-06-18T12:35:17","guid":{"rendered":"http:\/\/www.libraria-occitana.org\/?post_type=product&#038;p=43519"},"modified":"2026-04-29T01:01:35","modified_gmt":"2026-04-28T23:01:35","slug":"lou-ramas-de-pin-negre-le-rameau-de-pin-noir","status":"publish","type":"product","link":"https:\/\/www.libraria-occitana.org\/oc\/produch\/lou-ramas-de-pin-negre-le-rameau-de-pin-noir\/","title":{"rendered":"Lou ramas de pin negre &#8211; Le rameau de pin noir"},"content":{"rendered":"<p>En proven\u00e7al graphie mistralienne avec la traduction fran\u00e7aise de l&#8217;auteur en regard.<\/p>\n<blockquote>\n<p>Li nivo \u00e8ron si coumpagno<br \/>\nE li roucas si pai\u00f2u,<br \/>\nQuand, i calo di mountagno,<br \/>\nDins loup pa\u00efs ceven\u00f2u,<br \/>\nCambo l\u00e8sto, closco duro,<br \/>\nP\u00e8d de ferre, man seguro,<br \/>\nDe la valengo \u00e0 l&#8217;auturo,<br \/>\nSe benvadon li Rai\u00f2u.<\/p>\n<p>D&#8217;aqu\u00e9u t\u00e8ms, sus li grand mourre,<br \/>\nDe l&#8217;uba fin-qu&#8217;\u00e0 l&#8217;adr\u00e9.<br \/>\nS\u00e8nso b\u00e0rri, s\u00e8nso tourre,<br \/>\nLi pastre se fasien dre.<br \/>\nQu&#8217;un R\u00e8i vous mande de m\u00e8stre,<br \/>\nR\u00e8sto libre quau v\u00f2u l&#8217;\u00e8stre,<br \/>\nQuau aparo soun camp\u00e8stre<br \/>\nEm\u00e9 soun cors p\u00e8r paret.<\/p>\n<p>Compagnons de la nu\u00e9e,<br \/>\nDonneurs des trous de rochers,<br \/>\nEn ce temps, par la montagne,<br \/>\nDans le pays des C\u00e9vennes,<br \/>\nJambe leste, t\u00eate dure,<br \/>\nTalon de fer et main s\u00fbre,<br \/>\nDe la vall\u00e9e \u00e0 la cr\u00eate,<br \/>\nS&#8217;insurgeaient les paysans.<\/p>\n<p>Alors, sur les promontoires,<br \/>\nDu versant Nord au Midi,<br \/>\nSans bastion ni forteresse,<br \/>\nLes p\u00e2tres faisaient leur droit.<br \/>\nQu&#8217;un Roi leur impose un ma\u00eetre,<br \/>\nReste libre qui veut l&#8217;\u00eatre,<br \/>\nQui fait \u00e0 son h\u00e9ritage<br \/>\nUn rempart de son corps.<\/p>\n<\/blockquote>\n","protected":false},"excerpt":{"rendered":"<p>En proven\u00e7al graphie mistralienne avec la traduction fran\u00e7aise de l&#8217;auteur en regard. Li nivo \u00e8ron si coumpagno E li roucas si pai\u00f2u, Quand, i calo di mountagno, Dins loup pa\u00efs ceven\u00f2u, Cambo l\u00e8sto, closco duro, P\u00e8d de ferre, man seguro, De la valengo \u00e0 l&#8217;auturo, Se benvadon li Rai\u00f2u. D&#8217;aqu\u00e9u t\u00e8ms, sus li grand mourre, [&hellip;]<\/p>\n","protected":false},"featured_media":52379,"template":"","meta":{"_acf_changed":false,"_genesis_hide_title":false,"_genesis_hide_breadcrumbs":false,"_genesis_hide_singular_image":false,"_genesis_hide_footer_widgets":false,"_genesis_custom_body_class":"","_genesis_custom_post_class":"","_genesis_layout":""},"product_brand":[],"product_cat":[7133,7175,7181],"product_tag":[],"class_list":{"0":"post-43519","1":"product","2":"type-product","3":"status-publish","4":"has-post-thumbnail","6":"product_cat-libres-oc","7":"product_cat-literatura-oc","8":"product_cat-poesia-oc","9":"pa_auteur-chamson-andre-oc","10":"pa_editeur-lauceu-libre-oc","11":"pa_langue-occitan-provencau-oc","12":"pa_langue-occitan-francais-oc","13":"entry","15":"first","16":"instock","17":"shipping-taxable","18":"purchasable","19":"product-type-simple"},"acf":[],"_links":{"self":[{"href":"https:\/\/www.libraria-occitana.org\/oc\/wp-json\/wp\/v2\/product\/43519","targetHints":{"allow":["GET"]}}],"collection":[{"href":"https:\/\/www.libraria-occitana.org\/oc\/wp-json\/wp\/v2\/product"}],"about":[{"href":"https:\/\/www.libraria-occitana.org\/oc\/wp-json\/wp\/v2\/types\/product"}],"wp:featuredmedia":[{"embeddable":true,"href":"https:\/\/www.libraria-occitana.org\/oc\/wp-json\/wp\/v2\/media\/52379"}],"wp:attachment":[{"href":"https:\/\/www.libraria-occitana.org\/oc\/wp-json\/wp\/v2\/media?parent=43519"}],"wp:term":[{"taxonomy":"product_brand","embeddable":true,"href":"https:\/\/www.libraria-occitana.org\/oc\/wp-json\/wp\/v2\/product_brand?post=43519"},{"taxonomy":"product_cat","embeddable":true,"href":"https:\/\/www.libraria-occitana.org\/oc\/wp-json\/wp\/v2\/product_cat?post=43519"},{"taxonomy":"product_tag","embeddable":true,"href":"https:\/\/www.libraria-occitana.org\/oc\/wp-json\/wp\/v2\/product_tag?post=43519"}],"curies":[{"name":"wp","href":"https:\/\/api.w.org\/{rel}","templated":true}]}}

<p>En provençal graphie mistralienne avec la traduction française de l&#8217;auteur en regard.</p>
<blockquote>
<p>Li nivo èron si coumpagno<br />
E li roucas si paiòu,<br />
Quand, i calo di mountagno,<br />
Dins loup païs cevenòu,<br />
Cambo lèsto, closco duro,<br />
Pèd de ferre, man seguro,<br />
De la valengo à l&#8217;auturo,<br />
Se benvadon li Raiòu.</p>
<p>D&#8217;aquéu tèms, sus li grand mourre,<br />
De l&#8217;uba fin-qu&#8217;à l&#8217;adré.<br />
Sènso bàrri, sènso tourre,<br />
Li pastre se fasien dre.<br />
Qu&#8217;un Rèi vous mande de mèstre,<br />
Rèsto libre quau vòu l&#8217;èstre,<br />
Quau aparo soun campèstre<br />
Emé soun cors pèr paret.</p>
<p>Compagnons de la nuée,<br />
Donneurs des trous de rochers,<br />
En ce temps, par la montagne,<br />
Dans le pays des Cévennes,<br />
Jambe leste, tête dure,<br />
Talon de fer et main sûre,<br />
De la vallée à la crête,<br />
S&#8217;insurgeaient les paysans.</p>
<p>Alors, sur les promontoires,<br />
Du versant Nord au Midi,<br />
Sans bastion ni forteresse,<br />
Les pâtres faisaient leur droit.<br />
Qu&#8217;un Roi leur impose un maître,<br />
Reste libre qui veut l&#8217;être,<br />
Qui fait à son héritage<br />
Un rempart de son corps.</p>
</blockquote>

<p>En provençal graphie mistralienne avec la traduction française de l&#8217;auteur en regard. Li nivo èron si coumpagno E li roucas si paiòu, Quand, i calo di mountagno, Dins loup païs cevenòu, Cambo lèsto, closco duro, Pèd de ferre, man seguro, De la valengo à l&#8217;auturo, Se benvadon li Raiòu. D&#8217;aquéu tèms, sus li grand mourre, [&hellip;]</p>
