{"id":43813,"date":"2002-10-19T16:41:21","date_gmt":"2002-10-19T14:41:21","guid":{"rendered":"http:\/\/www.libraria-occitana.org\/?post_type=product&#038;p=43813"},"modified":"2026-04-29T10:54:18","modified_gmt":"2026-04-29T08:54:18","slug":"lora-de-partir","status":"publish","type":"product","link":"https:\/\/www.libraria-occitana.org\/oc\/produch\/lora-de-partir\/","title":{"rendered":"L\u2019\u00f2ra de partir"},"content":{"rendered":"<blockquote><p>Qu\u2019a la tremol\u00e8ra com se s\u2019\u00e8ra entecat pendent la nueit, e torn\u00e0\u2019s servir drin de caf\u00e8 t\u00e0\u2019u b\u00e9ver autanl\u00e8u.<\/p>\n<p>\u2013 Adara, la gu\u00e8rra qu\u2019a ganhat la partida shens comptar que los arabs e\u2019ns van f\u00f3ter deh\u00f2ra de noste ! Mes, Doblevant de m\u00e8rda, qu\u2019\u00e8m vaduts ac\u00ed, totun, com eths ! Be son fi\u00e8rs aqueths franc\u00e8s de la metrop\u00f2li qui disen qu\u2019\u00e8m sal\u00f2ps, com s'\u00e8ram colons esclavatgistas... Ne m'\u00e8m pas, totun, qu'\u00e8m praubes cons qui miserejan, los colons, eths, vivant ! que son partits qu\u2019i a pausa ! Que ns\u2019an fotuts eths dens aquesta m\u00e8rda, eths !<\/p>\n<p><em>\u00a1 Patos de mierda !<\/em><\/p><\/blockquote>\n<p><em>L'\u00f2ra de partir<\/em>, un roman h\u00f2rt qui conda la vita d'un mainatge gahat dens los tribul\u00f2cis de la gu\u00e8rra d'Argeria, acarat a la viol\u00e9ncia, a la mort e obligat de deishar lo son pa\u00eds nadau. L'autor, S\u00e8rgi Javaloy\u00e8s, que s'inspira de la soa pr\u00f2pria experi\u00e9ncia.<br \/>\nPr\u00e8mi Joan Bodon, 1998.<\/p>\n","protected":false},"excerpt":{"rendered":"<p>Qu\u2019a la tremol\u00e8ra com se s\u2019\u00e8ra entecat pendent la nueit, e torn\u00e0\u2019s servir drin de caf\u00e8 t\u00e0\u2019u b\u00e9ver autanl\u00e8u. \u2013 Adara, la gu\u00e8rra qu\u2019a ganhat la partida shens comptar que los arabs e\u2019ns van f\u00f3ter deh\u00f2ra de noste ! Mes, Doblevant de m\u00e8rda, qu\u2019\u00e8m vaduts ac\u00ed, totun, com eths ! Be son fi\u00e8rs aqueths franc\u00e8s [&hellip;]<\/p>\n","protected":false},"featured_media":53731,"template":"","meta":{"_acf_changed":false,"_genesis_hide_title":false,"_genesis_hide_breadcrumbs":false,"_genesis_hide_singular_image":false,"_genesis_hide_footer_widgets":false,"_genesis_custom_body_class":"","_genesis_custom_post_class":"","_genesis_layout":""},"product_brand":[],"product_cat":[7133,7175,7239,7183],"product_tag":[],"class_list":{"0":"post-43813","1":"product","2":"type-product","3":"status-publish","4":"has-post-thumbnail","6":"product_cat-libres-oc","7":"product_cat-literatura-oc","8":"product_cat-promos-oc","9":"product_cat-romans-novelas-oc","10":"pa_auteur-javaloyes-sergi-oc","11":"pa_editeur-reclams-oc","12":"pa_langue-occitan-gascon-oc","13":"entry","15":"first","16":"instock","17":"shipping-taxable","18":"purchasable","19":"product-type-simple"},"acf":[],"_links":{"self":[{"href":"https:\/\/www.libraria-occitana.org\/oc\/wp-json\/wp\/v2\/product\/43813","targetHints":{"allow":["GET"]}}],"collection":[{"href":"https:\/\/www.libraria-occitana.org\/oc\/wp-json\/wp\/v2\/product"}],"about":[{"href":"https:\/\/www.libraria-occitana.org\/oc\/wp-json\/wp\/v2\/types\/product"}],"wp:featuredmedia":[{"embeddable":true,"href":"https:\/\/www.libraria-occitana.org\/oc\/wp-json\/wp\/v2\/media\/53731"}],"wp:attachment":[{"href":"https:\/\/www.libraria-occitana.org\/oc\/wp-json\/wp\/v2\/media?parent=43813"}],"wp:term":[{"taxonomy":"product_brand","embeddable":true,"href":"https:\/\/www.libraria-occitana.org\/oc\/wp-json\/wp\/v2\/product_brand?post=43813"},{"taxonomy":"product_cat","embeddable":true,"href":"https:\/\/www.libraria-occitana.org\/oc\/wp-json\/wp\/v2\/product_cat?post=43813"},{"taxonomy":"product_tag","embeddable":true,"href":"https:\/\/www.libraria-occitana.org\/oc\/wp-json\/wp\/v2\/product_tag?post=43813"}],"curies":[{"name":"wp","href":"https:\/\/api.w.org\/{rel}","templated":true}]}}

L’òra de partir

<blockquote><p>Qu’a la tremolèra com se s’èra entecat pendent la nueit, e tornà’s servir drin de cafè tà’u béver autanlèu.</p>
<p>– Adara, la guèrra qu’a ganhat la partida shens comptar que los arabs e’ns van fóter dehòra de noste ! Mes, Doblevant de mèrda, qu’èm vaduts ací, totun, com eths ! Be son fièrs aqueths francès de la metropòli qui disen qu’èm salòps, com s'èram colons esclavatgistas... Ne m'èm pas, totun, qu'èm praubes cons qui miserejan, los colons, eths, vivant ! que son partits qu’i a pausa ! Que ns’an fotuts eths dens aquesta mèrda, eths !</p>
<p><em>¡ Patos de mierda !</em></p></blockquote>
<p><em>L'òra de partir</em>, un roman hòrt qui conda la vita d'un mainatge gahat dens los tribulòcis de la guèrra d'Argeria, acarat a la violéncia, a la mort e obligat de deishar lo son país nadau. L'autor, Sèrgi Javaloyès, que s'inspira de la soa pròpria experiéncia.<br />
Prèmi Joan Bodon, 1998.</p>

<p>Qu’a la tremolèra com se s’èra entecat pendent la nueit, e tornà’s servir drin de cafè tà’u béver autanlèu. – Adara, la guèrra qu’a ganhat la partida shens comptar que los arabs e’ns van fóter dehòra de noste ! Mes, Doblevant de mèrda, qu’èm vaduts ací, totun, com eths ! Be son fièrs aqueths francès [&hellip;]</p>
