{"id":44011,"date":"2026-08-31T17:40:22","date_gmt":"2026-08-31T15:40:22","guid":{"rendered":"http:\/\/www.libraria-occitana.org\/?post_type=product&#038;p=44011"},"modified":"2026-08-31T17:40:52","modified_gmt":"2026-08-31T15:40:52","slug":"les-noms-de-lieux-du-pays-de-brive-correze-2","status":"publish","type":"product","link":"https:\/\/www.libraria-occitana.org\/oc\/produch\/les-noms-de-lieux-du-pays-de-brive-correze-2\/","title":{"rendered":"LES NOMS DE LIEUX DU PAYS DE BRIVE (CORREZE)"},"content":{"rendered":"<p style=\"margin:0;\"><span style=\"font-family:'Times New Roman';font-size:12pt;\">Les noms de lieux du Pays de Brive <wbr>(Corr\u00e8ze)<\/p>\n<p>Sont ici group\u00e9s les anciens cantons de Brive, Larche et Malemort. Vingt communes qui ont entre elles, sur le plan toponymique et linguistique, des points communs et quelques diff\u00e9rences. Dans le Bas-Limousin il est normal de trouver une originalit\u00e9 \u00e0 propos de l&#8217;accent tonique ou de la phon\u00e9tique. Cette derni\u00e8re se rapproche, aux confins du Lot, du parler languedocien. On entendra un -l final dans Val, Vinhal, Mart\u00e8l, Banchar\u00e8l, Be\u00e7\u00f2l, Poj\u00f2l ; qui devient -u en haut-Limousin <wbr>(Vau, Banchareu, Be\u00e7\u00f2u). Un -l encore dans la finale -lh : Bru\u00e8lh, L&#8217;Aum\u00e8lh, Grilh. Le -s- de l&#8217;Estanh, L&#8217;Estrada est plus ou moins chuint\u00e9&#8230; une zone de passage qu&#8217;il est bon de conna\u00eetre de fa\u00e7on intime.<\/p>\n<p>Complement de titre : Brive, Cosnac, Estivals, Jugeals-Nazareth, Nespouls, Noailles, Chartrier-Ferri\u00e8re, Chasteaux, Cublac, Larche, Lissac-sur-Couze, Mansac, Saint-Cernin-de-Larche, Saint-Pantal\u00e9on-de-Larche, La Chapelle-aux-Brocs, Dampniat, Malemort-sur-Corr\u00e8ze, Ussac, Varetz, V\u00e9narsal<br \/>Autor : Lavalade, Yves<br \/>Linga : Franc\u00e9s<br \/>Parucion : 02\/2018<br \/>Editor : L&#8217;Esperluette<br \/>Nb de pajas : 249<br \/>Format : 14,5 x 20,5 cm<br \/>P\u00e9s : 342 g<br \/>EAN 13 : 9791090784697<br \/><\/span><\/p>\n","protected":false},"excerpt":{"rendered":"<p>Les noms de lieux du Pays de Brive (Corr\u00e8ze) Sont ici group\u00e9s les anciens cantons de Brive, Larche et Malemort. Vingt communes qui ont entre elles, sur le plan toponymique et linguistique, des points communs et quelques diff\u00e9rences. Dans le Bas-Limousin il est normal de trouver une originalit\u00e9 \u00e0 propos de l&#8217;accent tonique ou de [&hellip;]<\/p>\n","protected":false},"featured_media":0,"template":"","meta":{"_acf_changed":false,"_genesis_hide_title":false,"_genesis_hide_breadcrumbs":false,"_genesis_hide_singular_image":false,"_genesis_hide_footer_widgets":false,"_genesis_custom_body_class":"","_genesis_custom_post_class":"","_genesis_layout":""},"product_brand":[],"product_cat":[7133,7175,16136,7187],"product_tag":[],"class_list":["post-44011","product","type-product","status-publish","product_cat-libres-oc","product_cat-literatura-oc","product_cat-non-classe-oc","product_cat-temonhatges-memoris-oc","pa_auteur-parinaud-marcel-oc","pa_auteurs-lavalade-yves","pa_editeur-lesperluette-oc","pa_langue-francais-oc","entry","has-post-thumbnail","first","outofstock","purchasable","product-type-simple"],"acf":[],"_links":{"self":[{"href":"https:\/\/www.libraria-occitana.org\/oc\/wp-json\/wp\/v2\/product\/44011","targetHints":{"allow":["GET"]}}],"collection":[{"href":"https:\/\/www.libraria-occitana.org\/oc\/wp-json\/wp\/v2\/product"}],"about":[{"href":"https:\/\/www.libraria-occitana.org\/oc\/wp-json\/wp\/v2\/types\/product"}],"wp:attachment":[{"href":"https:\/\/www.libraria-occitana.org\/oc\/wp-json\/wp\/v2\/media?parent=44011"}],"wp:term":[{"taxonomy":"product_brand","embeddable":true,"href":"https:\/\/www.libraria-occitana.org\/oc\/wp-json\/wp\/v2\/product_brand?post=44011"},{"taxonomy":"product_cat","embeddable":true,"href":"https:\/\/www.libraria-occitana.org\/oc\/wp-json\/wp\/v2\/product_cat?post=44011"},{"taxonomy":"product_tag","embeddable":true,"href":"https:\/\/www.libraria-occitana.org\/oc\/wp-json\/wp\/v2\/product_tag?post=44011"}],"curies":[{"name":"wp","href":"https:\/\/api.w.org\/{rel}","templated":true}]}}

<p style="margin:0;"><span style="font-family:'Times New Roman';font-size:12pt;">Les noms de lieux du Pays de Brive <wbr>(Corrèze)</p>
<p>Sont ici groupés les anciens cantons de Brive, Larche et Malemort. Vingt communes qui ont entre elles, sur le plan toponymique et linguistique, des points communs et quelques différences. Dans le Bas-Limousin il est normal de trouver une originalité à propos de l&#8217;accent tonique ou de la phonétique. Cette dernière se rapproche, aux confins du Lot, du parler languedocien. On entendra un -l final dans Val, Vinhal, Martèl, Bancharèl, Beçòl, Pojòl ; qui devient -u en haut-Limousin <wbr>(Vau, Banchareu, Beçòu). Un -l encore dans la finale -lh : Bruèlh, L&#8217;Aumèlh, Grilh. Le -s- de l&#8217;Estanh, L&#8217;Estrada est plus ou moins chuinté&#8230; une zone de passage qu&#8217;il est bon de connaître de façon intime.</p>
<p>Complement de titre : Brive, Cosnac, Estivals, Jugeals-Nazareth, Nespouls, Noailles, Chartrier-Ferrière, Chasteaux, Cublac, Larche, Lissac-sur-Couze, Mansac, Saint-Cernin-de-Larche, Saint-Pantaléon-de-Larche, La Chapelle-aux-Brocs, Dampniat, Malemort-sur-Corrèze, Ussac, Varetz, Vénarsal<br />Autor : Lavalade, Yves<br />Linga : Francés<br />Parucion : 02/2018<br />Editor : L&#8217;Esperluette<br />Nb de pajas : 249<br />Format : 14,5 x 20,5 cm<br />Pés : 342 g<br />EAN 13 : 9791090784697<br /></span></p>

<p>Les noms de lieux du Pays de Brive (Corrèze) Sont ici groupés les anciens cantons de Brive, Larche et Malemort. Vingt communes qui ont entre elles, sur le plan toponymique et linguistique, des points communs et quelques différences. Dans le Bas-Limousin il est normal de trouver une originalité à propos de l&#8217;accent tonique ou de [&hellip;]</p>
