{"id":44615,"date":"2005-04-28T15:47:34","date_gmt":"2005-04-28T13:47:34","guid":{"rendered":"http:\/\/www.libraria-occitana.org\/?post_type=product&#038;p=44615"},"modified":"2025-03-09T00:38:40","modified_gmt":"2025-03-08T23:38:40","slug":"histoire-de-ma-mere-et-de-mon-oncle-fernand","status":"publish","type":"product","link":"https:\/\/www.libraria-occitana.org\/oc\/produch\/histoire-de-ma-mere-et-de-mon-oncle-fernand\/","title":{"rendered":"Histoire de ma m\u00e8re et de mon oncle Fernand"},"content":{"rendered":"<p>La vie des gens de la mine, leurs dialogues, leurs pens\u00e9es, leurs sentiments m\u00eal\u00e9s pendant trois g\u00e9n\u00e9rations successives et rapport\u00e9s par un des leurs, mineur de fond. Henry Poulaille dans sa pr\u00e9face voit dans ce livre \u00ab l&#8217;un des plus purs joyaux de la litt\u00e9rature prol\u00e9tarienne mondiale \u00bb. Paru en 1932, il reste l&#8217;un des livres fondateurs de cette litt\u00e9rature et l&#8217;un des meilleurs r\u00e9cits de Malva dont ce fut le premier livre.<\/p>\n","protected":false},"excerpt":{"rendered":"<p>La vie des gens de la mine, leurs dialogues, leurs pens\u00e9es, leurs sentiments m\u00eal\u00e9s pendant trois g\u00e9n\u00e9rations successives et rapport\u00e9s par un des leurs, mineur de fond. Henry Poulaille dans sa pr\u00e9face voit dans ce livre \u00ab l&#8217;un des plus purs joyaux de la litt\u00e9rature prol\u00e9tarienne mondiale \u00bb. Paru en 1932, il reste l&#8217;un des [&hellip;]<\/p>\n","protected":false},"featured_media":44618,"template":"","meta":{"_acf_changed":false,"_genesis_hide_title":false,"_genesis_hide_breadcrumbs":false,"_genesis_hide_singular_image":false,"_genesis_hide_footer_widgets":false,"_genesis_custom_body_class":"","_genesis_custom_post_class":"","_genesis_layout":""},"product_brand":[],"product_cat":[7133,7175,7187],"product_tag":[],"class_list":{"0":"post-44615","1":"product","2":"type-product","3":"status-publish","4":"has-post-thumbnail","6":"product_cat-libres-oc","7":"product_cat-literatura-oc","8":"product_cat-temonhatges-memoris-oc","9":"pa_auteur-malva-constant-oc","10":"pa_editeur-plein-chant-oc","11":"pa_langue-francais-oc","12":"entry","14":"first","15":"instock","16":"shipping-taxable","17":"purchasable","18":"product-type-simple"},"acf":[],"_links":{"self":[{"href":"https:\/\/www.libraria-occitana.org\/oc\/wp-json\/wp\/v2\/product\/44615","targetHints":{"allow":["GET"]}}],"collection":[{"href":"https:\/\/www.libraria-occitana.org\/oc\/wp-json\/wp\/v2\/product"}],"about":[{"href":"https:\/\/www.libraria-occitana.org\/oc\/wp-json\/wp\/v2\/types\/product"}],"wp:featuredmedia":[{"embeddable":true,"href":"https:\/\/www.libraria-occitana.org\/oc\/wp-json\/wp\/v2\/media\/44618"}],"wp:attachment":[{"href":"https:\/\/www.libraria-occitana.org\/oc\/wp-json\/wp\/v2\/media?parent=44615"}],"wp:term":[{"taxonomy":"product_brand","embeddable":true,"href":"https:\/\/www.libraria-occitana.org\/oc\/wp-json\/wp\/v2\/product_brand?post=44615"},{"taxonomy":"product_cat","embeddable":true,"href":"https:\/\/www.libraria-occitana.org\/oc\/wp-json\/wp\/v2\/product_cat?post=44615"},{"taxonomy":"product_tag","embeddable":true,"href":"https:\/\/www.libraria-occitana.org\/oc\/wp-json\/wp\/v2\/product_tag?post=44615"}],"curies":[{"name":"wp","href":"https:\/\/api.w.org\/{rel}","templated":true}]}}

Histoire de ma mère et de mon oncle Fernand

<p>La vie des gens de la mine, leurs dialogues, leurs pensées, leurs sentiments mêlés pendant trois générations successives et rapportés par un des leurs, mineur de fond. Henry Poulaille dans sa préface voit dans ce livre « l&#8217;un des plus purs joyaux de la littérature prolétarienne mondiale ». Paru en 1932, il reste l&#8217;un des livres fondateurs de cette littérature et l&#8217;un des meilleurs récits de Malva dont ce fut le premier livre.</p>

<p>La vie des gens de la mine, leurs dialogues, leurs pensées, leurs sentiments mêlés pendant trois générations successives et rapportés par un des leurs, mineur de fond. Henry Poulaille dans sa préface voit dans ce livre « l&#8217;un des plus purs joyaux de la littérature prolétarienne mondiale ». Paru en 1932, il reste l&#8217;un des [&hellip;]</p>
