{"id":44832,"date":"2018-11-17T12:45:58","date_gmt":"2018-11-17T11:45:58","guid":{"rendered":"http:\/\/www.libraria-occitana.org\/?post_type=product&#038;p=44832"},"modified":"2026-04-29T10:45:47","modified_gmt":"2026-04-29T08:45:47","slug":"on-sait-quon-est-doccitanie-quand-on-dit","status":"publish","type":"product","link":"https:\/\/www.libraria-occitana.org\/oc\/produch\/on-sait-quon-est-doccitanie-quand-on-dit\/","title":{"rendered":"&#8220;On sait qu&#8217;on est d&#8217;Occitanie quand on dit&#8230;&#8221;"},"content":{"rendered":"<p>Les s\u00e9sames du Sud-Ouest et de l\u2019Occitanie.<br \/>\nDes mots qui sonnent joliment, des syllabes qui chantent, un soup\u00e7on de pittoresque, d\u2019ind\u00e9l\u00e9biles traces d\u2019occitan : un assortiment d\u2019expressions inconnues ou oubli\u00e9es, savoureuses et \u00e9nigmatiques. Des plus dr\u00f4les, aux plus tra\u00eetres et aux plus myst\u00e9rieuses.<br \/>\nLa parole d\u2019une oie de Gascogne qui en remontrerait au coq fran\u00e7ais, embl\u00e8me d\u2019un langage format\u00e9 et un peu trop bruyant\u2026<br \/>\nUne invitation \u00e0 se laisser surprendre, d\u00e9concerter ou s\u00e9duire par des tournures qui ne sont plus tout \u00e0 fait de l\u2019occitan mais pas vraiment du fran\u00e7ais non plus.<br \/>\nUne fl\u00e2nerie sonore, ludique, agr\u00e9ment\u00e9e d\u2019un quizz, de charades et entrecoup\u00e9e de quelques haltes culinaires\u2026<\/p>\n","protected":false},"excerpt":{"rendered":"<p>Les s\u00e9sames du Sud-Ouest et de l\u2019Occitanie. Des mots qui sonnent joliment, des syllabes qui chantent, un soup\u00e7on de pittoresque, d\u2019ind\u00e9l\u00e9biles traces d\u2019occitan : un assortiment d\u2019expressions inconnues ou oubli\u00e9es, savoureuses et \u00e9nigmatiques. Des plus dr\u00f4les, aux plus tra\u00eetres et aux plus myst\u00e9rieuses. La parole d\u2019une oie de Gascogne qui en remontrerait au coq fran\u00e7ais, [&hellip;]<\/p>\n","protected":false},"featured_media":44835,"template":"","meta":{"_acf_changed":false,"_genesis_hide_title":false,"_genesis_hide_breadcrumbs":false,"_genesis_hide_singular_image":false,"_genesis_hide_footer_widgets":false,"_genesis_custom_body_class":"","_genesis_custom_post_class":"","_genesis_layout":""},"product_brand":[],"product_cat":[7137,7133,7147],"product_tag":[],"class_list":{"0":"post-44832","1":"product","2":"type-product","3":"status-publish","4":"has-post-thumbnail","6":"product_cat-diccionaris-lenga-escolar-oc","7":"product_cat-libres-oc","8":"product_cat-vocabulari-biais-de-dire-oc","9":"pa_auteur-jourdan-isabelle-oc","10":"pa_editeur-vent-terral-oc","11":"pa_langue-francais-oc","12":"entry","14":"first","15":"instock","16":"shipping-taxable","17":"purchasable","18":"product-type-simple"},"acf":[],"_links":{"self":[{"href":"https:\/\/www.libraria-occitana.org\/oc\/wp-json\/wp\/v2\/product\/44832","targetHints":{"allow":["GET"]}}],"collection":[{"href":"https:\/\/www.libraria-occitana.org\/oc\/wp-json\/wp\/v2\/product"}],"about":[{"href":"https:\/\/www.libraria-occitana.org\/oc\/wp-json\/wp\/v2\/types\/product"}],"wp:featuredmedia":[{"embeddable":true,"href":"https:\/\/www.libraria-occitana.org\/oc\/wp-json\/wp\/v2\/media\/44835"}],"wp:attachment":[{"href":"https:\/\/www.libraria-occitana.org\/oc\/wp-json\/wp\/v2\/media?parent=44832"}],"wp:term":[{"taxonomy":"product_brand","embeddable":true,"href":"https:\/\/www.libraria-occitana.org\/oc\/wp-json\/wp\/v2\/product_brand?post=44832"},{"taxonomy":"product_cat","embeddable":true,"href":"https:\/\/www.libraria-occitana.org\/oc\/wp-json\/wp\/v2\/product_cat?post=44832"},{"taxonomy":"product_tag","embeddable":true,"href":"https:\/\/www.libraria-occitana.org\/oc\/wp-json\/wp\/v2\/product_tag?post=44832"}],"curies":[{"name":"wp","href":"https:\/\/api.w.org\/{rel}","templated":true}]}}

<p>Les sésames du Sud-Ouest et de l’Occitanie.<br />
Des mots qui sonnent joliment, des syllabes qui chantent, un soupçon de pittoresque, d’indélébiles traces d’occitan : un assortiment d’expressions inconnues ou oubliées, savoureuses et énigmatiques. Des plus drôles, aux plus traîtres et aux plus mystérieuses.<br />
La parole d’une oie de Gascogne qui en remontrerait au coq français, emblème d’un langage formaté et un peu trop bruyant…<br />
Une invitation à se laisser surprendre, déconcerter ou séduire par des tournures qui ne sont plus tout à fait de l’occitan mais pas vraiment du français non plus.<br />
Une flânerie sonore, ludique, agrémentée d’un quizz, de charades et entrecoupée de quelques haltes culinaires…</p>

<p>Les sésames du Sud-Ouest et de l’Occitanie. Des mots qui sonnent joliment, des syllabes qui chantent, un soupçon de pittoresque, d’indélébiles traces d’occitan : un assortiment d’expressions inconnues ou oubliées, savoureuses et énigmatiques. Des plus drôles, aux plus traîtres et aux plus mystérieuses. La parole d’une oie de Gascogne qui en remontrerait au coq français, [&hellip;]</p>
