{"id":45296,"date":"2019-01-10T19:31:43","date_gmt":"2019-01-10T18:31:43","guid":{"rendered":"http:\/\/www.libraria-occitana.org\/?post_type=product&#038;p=45296"},"modified":"2026-04-29T10:42:32","modified_gmt":"2026-04-29T08:42:32","slug":"le-livre-des-grands-jours","status":"publish","type":"product","link":"https:\/\/www.libraria-occitana.org\/oc\/produch\/le-livre-des-grands-jours\/","title":{"rendered":"Le livre des grands jours"},"content":{"rendered":"<p>Revirada en franc\u00e9s de <a href=\"http:\/\/www.libraria-occitana.org\/produit\/lo-libre-dels-grands-jorns\/\"><em>Lo libre dels grands jorns<\/em><\/a> de Joan Bodon, per Alem Surre-Garcia.<\/p>\n<p>Se sap malaut d\u2019un canc\u00e8r, a fugit son mond famili\u00e8r, arriba per azard a Clarmont d\u2019Auv\u00e8rnha. Per de qu\u00e9 pas i passar sos darri\u00e8rs jorns ?<br \/>\nUn dels grands romans de Joan Bodon revirat en franc\u00e9s per Alem Surre-Garcia, escrivan, poeta, dramaturg, libretista, assagista e conferenci\u00e8r.<\/p>\n<p><strong>Joan Bodon<\/strong>\u00a0(Jean Boudou en franc\u00e9s) (Crespin, 11\/12\/1920 - Argeria, 24\/02\/1975), es un dels grands escrivans del mond mod\u00e8rne. Marcat per l\u2019imaginari del conte, tracta dins son \u00f2bra de t\u00e8mas universals o biblics per parlar de son intimitat amb la lenga occitana que vei demesir.<\/p>\n","protected":false},"excerpt":{"rendered":"<p>Revirada en franc\u00e9s de Lo libre dels grands jorns de Joan Bodon, per Alem Surre-Garcia. Se sap malaut d\u2019un canc\u00e8r, a fugit son mond famili\u00e8r, arriba per azard a Clarmont d\u2019Auv\u00e8rnha. Per de qu\u00e9 pas i passar sos darri\u00e8rs jorns ? Un dels grands romans de Joan Bodon revirat en franc\u00e9s per Alem Surre-Garcia, escrivan, [&hellip;]<\/p>\n","protected":false},"featured_media":45299,"template":"","meta":{"_acf_changed":false,"_genesis_hide_title":false,"_genesis_hide_breadcrumbs":false,"_genesis_hide_singular_image":false,"_genesis_hide_footer_widgets":false,"_genesis_custom_body_class":"","_genesis_custom_post_class":"","_genesis_layout":""},"product_brand":[],"product_cat":[],"product_tag":[],"class_list":{"0":"post-45296","1":"product","2":"type-product","3":"status-publish","4":"has-post-thumbnail","6":"pa_auteur-bodon-joan-oc","7":"pa_editeur-ieo-fr-oc","8":"pa_langue-francais-oc","9":"entry","11":"first","12":"instock","13":"shipping-taxable","14":"purchasable","15":"product-type-simple"},"acf":[],"_links":{"self":[{"href":"https:\/\/www.libraria-occitana.org\/oc\/wp-json\/wp\/v2\/product\/45296","targetHints":{"allow":["GET"]}}],"collection":[{"href":"https:\/\/www.libraria-occitana.org\/oc\/wp-json\/wp\/v2\/product"}],"about":[{"href":"https:\/\/www.libraria-occitana.org\/oc\/wp-json\/wp\/v2\/types\/product"}],"wp:featuredmedia":[{"embeddable":true,"href":"https:\/\/www.libraria-occitana.org\/oc\/wp-json\/wp\/v2\/media\/45299"}],"wp:attachment":[{"href":"https:\/\/www.libraria-occitana.org\/oc\/wp-json\/wp\/v2\/media?parent=45296"}],"wp:term":[{"taxonomy":"product_brand","embeddable":true,"href":"https:\/\/www.libraria-occitana.org\/oc\/wp-json\/wp\/v2\/product_brand?post=45296"},{"taxonomy":"product_cat","embeddable":true,"href":"https:\/\/www.libraria-occitana.org\/oc\/wp-json\/wp\/v2\/product_cat?post=45296"},{"taxonomy":"product_tag","embeddable":true,"href":"https:\/\/www.libraria-occitana.org\/oc\/wp-json\/wp\/v2\/product_tag?post=45296"}],"curies":[{"name":"wp","href":"https:\/\/api.w.org\/{rel}","templated":true}]}}

<p>Revirada en francés de <a href="http://www.libraria-occitana.org/produit/lo-libre-dels-grands-jorns/"><em>Lo libre dels grands jorns</em></a> de Joan Bodon, per Alem Surre-Garcia.</p>
<p>Se sap malaut d’un cancèr, a fugit son mond familièr, arriba per azard a Clarmont d’Auvèrnha. Per de qué pas i passar sos darrièrs jorns ?<br />
Un dels grands romans de Joan Bodon revirat en francés per Alem Surre-Garcia, escrivan, poeta, dramaturg, libretista, assagista e conferencièr.</p>
<p><strong>Joan Bodon</strong> (Jean Boudou en francés) (Crespin, 11/12/1920 - Argeria, 24/02/1975), es un dels grands escrivans del mond modèrne. Marcat per l’imaginari del conte, tracta dins son òbra de tèmas universals o biblics per parlar de son intimitat amb la lenga occitana que vei demesir.</p>

<p>Revirada en francés de Lo libre dels grands jorns de Joan Bodon, per Alem Surre-Garcia. Se sap malaut d’un cancèr, a fugit son mond familièr, arriba per azard a Clarmont d’Auvèrnha. Per de qué pas i passar sos darrièrs jorns ? Un dels grands romans de Joan Bodon revirat en francés per Alem Surre-Garcia, escrivan, [&hellip;]</p>
