{"id":45743,"date":"2006-06-09T10:39:43","date_gmt":"2006-06-09T08:39:43","guid":{"rendered":"http:\/\/www.libraria-occitana.org\/?post_type=product&#038;p=45743"},"modified":"2026-04-29T06:21:33","modified_gmt":"2026-04-29T04:21:33","slug":"lo-mainatge-de-neu-libre-cd","status":"publish","type":"product","link":"https:\/\/www.libraria-occitana.org\/oc\/produch\/lo-mainatge-de-neu-libre-cd\/","title":{"rendered":"Lo mainatge de n\u00e8u (libre + CD)"},"content":{"rendered":"<p>D'aprep un conte tradicional de Lemosin.<\/p>\n<p>Un c\u00f2p \u00e8ra, b\u00e8l temps i a, del costat del plan\u00f2l de Milavacas, dins un ostalet, vivi\u00e1n un vi\u00e8lh e una vi\u00e8lha. Tota la vida s'\u00e8ran aimats m\u00e8s avi\u00e1n pas jamai ajut cap d'enfant, e z-avi\u00e1n f\u00f2r\u00e7a plan plangegut.<br \/>\nAquesta annada, se bot\u00e8t a nevar lo primi\u00e8r jorn de l'iv\u00e8rn.<br \/>\nL'\u00f2me digu\u00e8t a la femna :<br \/>\n\u2013 V\u00e8ni, v\u00e8ni viste, fasquem un mainatge de n\u00e8u, li balharem n\u00f2stre nom, aqu\u00f2 ser\u00e0 n\u00f2stre enfant !\"<\/p>\n<p>Libreton pedagogic sus\u00a0<a href=\"http:\/\/capoc.crdp-aquitaine.fr\/\">http:\/\/capoc.crdp-aquitaine.fr<\/a><br \/>\nCicle 3 &gt; Coll\u00e8gi<\/p>\n","protected":false},"excerpt":{"rendered":"<p>D&#8217;aprep un conte tradicional de Lemosin. Un c\u00f2p \u00e8ra, b\u00e8l temps i a, del costat del plan\u00f2l de Milavacas, dins un ostalet, vivi\u00e1n un vi\u00e8lh e una vi\u00e8lha. Tota la vida s&#8217;\u00e8ran aimats m\u00e8s avi\u00e1n pas jamai ajut cap d&#8217;enfant, e z-avi\u00e1n f\u00f2r\u00e7a plan plangegut. Aquesta annada, se bot\u00e8t a nevar lo primi\u00e8r jorn de [&hellip;]<\/p>\n","protected":false},"featured_media":45749,"template":"","meta":{"_acf_changed":false,"_genesis_hide_title":false,"_genesis_hide_breadcrumbs":false,"_genesis_hide_singular_image":false,"_genesis_hide_footer_widgets":false,"_genesis_custom_body_class":"","_genesis_custom_post_class":"","_genesis_layout":""},"product_brand":[],"product_cat":[7171,7165,7133],"product_tag":[],"class_list":{"0":"post-45743","1":"product","2":"type-product","3":"status-publish","4":"has-post-thumbnail","6":"product_cat-drolles-oc","7":"product_cat-jounessa-bd-umor","8":"product_cat-libres-oc","9":"pa_auteur-decamps-domenja-oc","10":"pa_auteur-mauhorat-sergi-oc","11":"pa_editeur-canope-editions-oc","12":"pa_illustrateur-berthoumieux-michel-oc","13":"pa_illustrateur-itoiz-mayana-oc","14":"pa_langue-occitan-lengadocian-oc","15":"pa_langue-occitan-francais-oc","16":"entry","18":"first","19":"outofstock","20":"shipping-taxable","21":"purchasable","22":"product-type-simple"},"acf":[],"_links":{"self":[{"href":"https:\/\/www.libraria-occitana.org\/oc\/wp-json\/wp\/v2\/product\/45743","targetHints":{"allow":["GET"]}}],"collection":[{"href":"https:\/\/www.libraria-occitana.org\/oc\/wp-json\/wp\/v2\/product"}],"about":[{"href":"https:\/\/www.libraria-occitana.org\/oc\/wp-json\/wp\/v2\/types\/product"}],"wp:featuredmedia":[{"embeddable":true,"href":"https:\/\/www.libraria-occitana.org\/oc\/wp-json\/wp\/v2\/media\/45749"}],"wp:attachment":[{"href":"https:\/\/www.libraria-occitana.org\/oc\/wp-json\/wp\/v2\/media?parent=45743"}],"wp:term":[{"taxonomy":"product_brand","embeddable":true,"href":"https:\/\/www.libraria-occitana.org\/oc\/wp-json\/wp\/v2\/product_brand?post=45743"},{"taxonomy":"product_cat","embeddable":true,"href":"https:\/\/www.libraria-occitana.org\/oc\/wp-json\/wp\/v2\/product_cat?post=45743"},{"taxonomy":"product_tag","embeddable":true,"href":"https:\/\/www.libraria-occitana.org\/oc\/wp-json\/wp\/v2\/product_tag?post=45743"}],"curies":[{"name":"wp","href":"https:\/\/api.w.org\/{rel}","templated":true}]}}

Lo mainatge de nèu (libre + CD)

<p>D'aprep un conte tradicional de Lemosin.</p>
<p>Un còp èra, bèl temps i a, del costat del planòl de Milavacas, dins un ostalet, vivián un vièlh e una vièlha. Tota la vida s'èran aimats mès avián pas jamai ajut cap d'enfant, e z-avián fòrça plan plangegut.<br />
Aquesta annada, se botèt a nevar lo primièr jorn de l'ivèrn.<br />
L'òme diguèt a la femna :<br />
– Vèni, vèni viste, fasquem un mainatge de nèu, li balharem nòstre nom, aquò serà nòstre enfant !"</p>
<p>Libreton pedagogic sus <a href="http://capoc.crdp-aquitaine.fr/">http://capoc.crdp-aquitaine.fr</a><br />
Cicle 3 &gt; Collègi</p>

<p>D&#8217;aprep un conte tradicional de Lemosin. Un còp èra, bèl temps i a, del costat del planòl de Milavacas, dins un ostalet, vivián un vièlh e una vièlha. Tota la vida s&#8217;èran aimats mès avián pas jamai ajut cap d&#8217;enfant, e z-avián fòrça plan plangegut. Aquesta annada, se botèt a nevar lo primièr jorn de [&hellip;]</p>
