{"id":51501,"date":"2019-10-27T14:14:47","date_gmt":"2019-10-27T13:14:47","guid":{"rendered":"http:\/\/www.libraria-occitana.org\/?post_type=product&#038;p=51501"},"modified":"2026-04-28T06:41:07","modified_gmt":"2026-04-28T04:41:07","slug":"negrelum-noir-obscur","status":"publish","type":"product","link":"https:\/\/www.libraria-occitana.org\/oc\/produch\/negrelum-noir-obscur\/","title":{"rendered":"Negrelum &#8211; Noir-obscur"},"content":{"rendered":"<p>Per delai l\u2019agach clinic, de c\u00f2ps que i a cinic, se parla aic\u00ed tant de la \/ dau que se mor\u00eds coma de la \/ dau que conta. Non pas que conta \u2013 s\u2019ag\u00eds pas de brodar sus una realitat \u2013 mas que ditz \u00e7\u00f2 viscut cada jorn, compr\u00e9s e entrepr\u00e9s a partir de la conoissen\u00e7a, de la relacion intima que liga la-lo que se\u2019n vai e la-lo que lo vei partir. Que liga e que desliga.<\/p>\n<p>Traduccion francesa de l&#8217;autor.<\/p>\n","protected":false},"excerpt":{"rendered":"<p>Per delai l\u2019agach clinic, de c\u00f2ps que i a cinic, se parla aic\u00ed tant de la \/ dau que se mor\u00eds coma de la \/ dau que conta. Non pas que conta \u2013 s\u2019ag\u00eds pas de brodar sus una realitat \u2013 mas que ditz \u00e7\u00f2 viscut cada jorn, compr\u00e9s e entrepr\u00e9s a partir de la [&hellip;]<\/p>\n","protected":false},"featured_media":51498,"template":"","meta":{"_acf_changed":false,"_genesis_hide_title":false,"_genesis_hide_breadcrumbs":false,"_genesis_hide_singular_image":false,"_genesis_hide_footer_widgets":false,"_genesis_custom_body_class":"","_genesis_custom_post_class":"","_genesis_layout":""},"product_brand":[],"product_cat":[7133,7175,7187],"product_tag":[],"class_list":{"0":"post-51501","1":"product","2":"type-product","3":"status-publish","4":"has-post-thumbnail","6":"product_cat-libres-oc","7":"product_cat-literatura-oc","8":"product_cat-temonhatges-memoris-oc","9":"pa_auteur-stenta-miquela-oc","10":"pa_editeur-lauceu-libre-oc","11":"pa_langue-occitan-lengadocian-oc","12":"pa_langue-occitan-francais-oc","13":"entry","15":"first","16":"outofstock","17":"shipping-taxable","18":"purchasable","19":"product-type-simple"},"acf":[],"_links":{"self":[{"href":"https:\/\/www.libraria-occitana.org\/oc\/wp-json\/wp\/v2\/product\/51501","targetHints":{"allow":["GET"]}}],"collection":[{"href":"https:\/\/www.libraria-occitana.org\/oc\/wp-json\/wp\/v2\/product"}],"about":[{"href":"https:\/\/www.libraria-occitana.org\/oc\/wp-json\/wp\/v2\/types\/product"}],"wp:featuredmedia":[{"embeddable":true,"href":"https:\/\/www.libraria-occitana.org\/oc\/wp-json\/wp\/v2\/media\/51498"}],"wp:attachment":[{"href":"https:\/\/www.libraria-occitana.org\/oc\/wp-json\/wp\/v2\/media?parent=51501"}],"wp:term":[{"taxonomy":"product_brand","embeddable":true,"href":"https:\/\/www.libraria-occitana.org\/oc\/wp-json\/wp\/v2\/product_brand?post=51501"},{"taxonomy":"product_cat","embeddable":true,"href":"https:\/\/www.libraria-occitana.org\/oc\/wp-json\/wp\/v2\/product_cat?post=51501"},{"taxonomy":"product_tag","embeddable":true,"href":"https:\/\/www.libraria-occitana.org\/oc\/wp-json\/wp\/v2\/product_tag?post=51501"}],"curies":[{"name":"wp","href":"https:\/\/api.w.org\/{rel}","templated":true}]}}

<p>Per delai l’agach clinic, de còps que i a cinic, se parla aicí tant de la / dau que se morís coma de la / dau que conta. Non pas que conta – s’agís pas de brodar sus una realitat – mas que ditz çò viscut cada jorn, comprés e entreprés a partir de la conoissença, de la relacion intima que liga la-lo que se’n vai e la-lo que lo vei partir. Que liga e que desliga.</p>
<p>Traduccion francesa de l&#8217;autor.</p>

<p>Per delai l’agach clinic, de còps que i a cinic, se parla aicí tant de la / dau que se morís coma de la / dau que conta. Non pas que conta – s’agís pas de brodar sus una realitat – mas que ditz çò viscut cada jorn, comprés e entreprés a partir de la [&hellip;]</p>
