{"id":51675,"date":"2015-05-08T17:03:32","date_gmt":"2015-05-08T15:03:32","guid":{"rendered":"http:\/\/www.libraria-occitana.org\/?post_type=product&#038;p=51675"},"modified":"2026-04-26T21:26:57","modified_gmt":"2026-04-26T19:26:57","slug":"lhomme-qui-savait-la-langue-des-serpents","status":"publish","type":"product","link":"https:\/\/www.libraria-occitana.org\/oc\/produch\/lhomme-qui-savait-la-langue-des-serpents\/","title":{"rendered":"L&#8217;homme qui savait la langue des serpents"},"content":{"rendered":"<p>Voici l&#8217;histoire du dernier des hommes qui parlait la langue des serpents, de sa s\u0153ur qui tomba amoureuse d&#8217;un ours, de sa m\u00e8re qui r\u00f4tissait compulsivement des \u00e9lans, de son grand-p\u00e8re qui guerroyait sans jambes, de son oncle qu&#8217;il aimait tant, d&#8217;une jeune fille qui croyait en l&#8217;amour, d&#8217;un sage qui ne l&#8217;\u00e9tait pas tant que \u00e7a, d&#8217;une paysanne qui r\u00eavait d&#8217;un loup-garou, d&#8217;un vieil homme qui chassait les vents, d&#8217;une salamandre qui volait dans les airs, d&#8217;australopith\u00e8ques qui \u00e9levaient des poux g\u00e9ants, d&#8217;un poisson titanesque las de ce monde et de chevaliers teutons un peu \u00e9pouvant\u00e9s par tout ce qui pr\u00e9c\u00e8de.<\/p>\n<p>Peupl\u00e9 de personnages \u00e9tonnants, empreint de r\u00e9alisme magique et d&#8217;un souffle inspir\u00e9 des sagas scandinaves, <em>L&#8217;Homme qui savait la langue des serpents<\/em> r\u00e9v\u00e8le l&#8217;humour et l&#8217;imagination franchement d\u00e9lirante d&#8217;Andrus Kivir\u00e4hk. Le roman, qui conna\u00eet un immense succ\u00e8s en Estonie depuis sa parution en 2007 (plus de 40 000 exemplaires vendus pour un pays d&#8217;\u00e0 peine 1,4 million d&#8217;habitants) retrace dans une \u00e9poque m\u00e9di\u00e9vale r\u00e9invent\u00e9e la vie peu banale d&#8217;un jeune homme qui, vivant dans la for\u00eat, voit le monde de ses anc\u00eatres dispara\u00eetre et la modernit\u00e9 l&#8217;emporter. Une fable ? Oui, mais aussi un regard ironique sur notre propre \u00e9poque, comme le souligne Jean-Pierre Minaudier dans une postface bien renseign\u00e9e.<\/p>\n<p>\u00ab En lisant cette superbe r\u00e9flexion sur le passage du temps, la m\u00e9moire et l&#8217;identit\u00e9, on pense moins \u00e0 Ast\u00e9rix qu&#8217;\u00e0 ces Bretons bretonnants morts dans la tristesse de ne pas comprendre leurs petits-enfants devenus francophones, \u00e0 ces Basques qui se battent l\u00e9gitimement pour sauver leur langue et leur identit\u00e9, mais dont certains ont choisi le chemin d&#8217;\u00dclgas ; ou encore \u00e0 ces communaut\u00e9s indiennes progressivement marginalis\u00e9es, appauvries culturellement, r\u00e9duites \u00e0 quelques individus perdus dans un monde nouveau qu&#8217;ils d\u00e9testent car il les a d\u00e9truits, mais incapables de revenir \u00e0 leur monde traditionnel disparu pour toujours [&#8230;] \u00bb<\/p>\n<p style=\"text-align: right;\">Jean-Pierre Minaudier<\/p>\n","protected":false},"excerpt":{"rendered":"<p>Voici l&#8217;histoire du dernier des hommes qui parlait la langue des serpents, de sa s\u0153ur qui tomba amoureuse d&#8217;un ours, de sa m\u00e8re qui r\u00f4tissait compulsivement des \u00e9lans, de son grand-p\u00e8re qui guerroyait sans jambes, de son oncle qu&#8217;il aimait tant, d&#8217;une jeune fille qui croyait en l&#8217;amour, d&#8217;un sage qui ne l&#8217;\u00e9tait pas tant [&hellip;]<\/p>\n","protected":false},"featured_media":51678,"template":"","meta":{"_acf_changed":false,"_genesis_hide_title":false,"_genesis_hide_breadcrumbs":false,"_genesis_hide_singular_image":false,"_genesis_hide_footer_widgets":false,"_genesis_custom_body_class":"","_genesis_custom_post_class":"","_genesis_layout":""},"product_brand":[],"product_cat":[7133,7175,7183],"product_tag":[],"class_list":{"0":"post-51675","1":"product","2":"type-product","3":"status-publish","4":"has-post-thumbnail","6":"product_cat-libres-oc","7":"product_cat-literatura-oc","8":"product_cat-romans-novelas-oc","9":"pa_auteur-kivirahk-andrus-oc","10":"pa_editeur-le-tripode-oc","11":"pa_illustrateur-minaudier-jean-pierre-oc","12":"pa_langue-francais-oc","13":"entry","15":"first","16":"instock","17":"shipping-taxable","18":"purchasable","19":"product-type-simple"},"acf":[],"_links":{"self":[{"href":"https:\/\/www.libraria-occitana.org\/oc\/wp-json\/wp\/v2\/product\/51675","targetHints":{"allow":["GET"]}}],"collection":[{"href":"https:\/\/www.libraria-occitana.org\/oc\/wp-json\/wp\/v2\/product"}],"about":[{"href":"https:\/\/www.libraria-occitana.org\/oc\/wp-json\/wp\/v2\/types\/product"}],"wp:featuredmedia":[{"embeddable":true,"href":"https:\/\/www.libraria-occitana.org\/oc\/wp-json\/wp\/v2\/media\/51678"}],"wp:attachment":[{"href":"https:\/\/www.libraria-occitana.org\/oc\/wp-json\/wp\/v2\/media?parent=51675"}],"wp:term":[{"taxonomy":"product_brand","embeddable":true,"href":"https:\/\/www.libraria-occitana.org\/oc\/wp-json\/wp\/v2\/product_brand?post=51675"},{"taxonomy":"product_cat","embeddable":true,"href":"https:\/\/www.libraria-occitana.org\/oc\/wp-json\/wp\/v2\/product_cat?post=51675"},{"taxonomy":"product_tag","embeddable":true,"href":"https:\/\/www.libraria-occitana.org\/oc\/wp-json\/wp\/v2\/product_tag?post=51675"}],"curies":[{"name":"wp","href":"https:\/\/api.w.org\/{rel}","templated":true}]}}

<p>Voici l&#8217;histoire du dernier des hommes qui parlait la langue des serpents, de sa sœur qui tomba amoureuse d&#8217;un ours, de sa mère qui rôtissait compulsivement des élans, de son grand-père qui guerroyait sans jambes, de son oncle qu&#8217;il aimait tant, d&#8217;une jeune fille qui croyait en l&#8217;amour, d&#8217;un sage qui ne l&#8217;était pas tant que ça, d&#8217;une paysanne qui rêvait d&#8217;un loup-garou, d&#8217;un vieil homme qui chassait les vents, d&#8217;une salamandre qui volait dans les airs, d&#8217;australopithèques qui élevaient des poux géants, d&#8217;un poisson titanesque las de ce monde et de chevaliers teutons un peu épouvantés par tout ce qui précède.</p>
<p>Peuplé de personnages étonnants, empreint de réalisme magique et d&#8217;un souffle inspiré des sagas scandinaves, <em>L&#8217;Homme qui savait la langue des serpents</em> révèle l&#8217;humour et l&#8217;imagination franchement délirante d&#8217;Andrus Kivirähk. Le roman, qui connaît un immense succès en Estonie depuis sa parution en 2007 (plus de 40 000 exemplaires vendus pour un pays d&#8217;à peine 1,4 million d&#8217;habitants) retrace dans une époque médiévale réinventée la vie peu banale d&#8217;un jeune homme qui, vivant dans la forêt, voit le monde de ses ancêtres disparaître et la modernité l&#8217;emporter. Une fable ? Oui, mais aussi un regard ironique sur notre propre époque, comme le souligne Jean-Pierre Minaudier dans une postface bien renseignée.</p>
<p>« En lisant cette superbe réflexion sur le passage du temps, la mémoire et l&#8217;identité, on pense moins à Astérix qu&#8217;à ces Bretons bretonnants morts dans la tristesse de ne pas comprendre leurs petits-enfants devenus francophones, à ces Basques qui se battent légitimement pour sauver leur langue et leur identité, mais dont certains ont choisi le chemin d&#8217;Ülgas ; ou encore à ces communautés indiennes progressivement marginalisées, appauvries culturellement, réduites à quelques individus perdus dans un monde nouveau qu&#8217;ils détestent car il les a détruits, mais incapables de revenir à leur monde traditionnel disparu pour toujours [&#8230;] »</p>
<p style="text-align: right;">Jean-Pierre Minaudier</p>

<p>Voici l&#8217;histoire du dernier des hommes qui parlait la langue des serpents, de sa sœur qui tomba amoureuse d&#8217;un ours, de sa mère qui rôtissait compulsivement des élans, de son grand-père qui guerroyait sans jambes, de son oncle qu&#8217;il aimait tant, d&#8217;une jeune fille qui croyait en l&#8217;amour, d&#8217;un sage qui ne l&#8217;était pas tant [&hellip;]</p>
