{"id":52304,"date":"2017-07-24T17:32:21","date_gmt":"2017-07-24T15:32:21","guid":{"rendered":"http:\/\/www.libraria-occitana.org\/product\/paure-baptista\/"},"modified":"2026-04-29T04:46:08","modified_gmt":"2026-04-29T02:46:08","slug":"paure-baptista","status":"publish","type":"product","link":"https:\/\/www.libraria-occitana.org\/oc\/produch\/paure-baptista\/","title":{"rendered":"Paure Baptista"},"content":{"rendered":"<p>Ann\u00e9es 70&#8230; un paysan c\u00e9libataire&#8230; une \u00e9cole&#8230; un village&#8230;<\/p>\n<p>Un film de G\u00e9rard Roussi\u00e8s d&#8217;apr\u00e8s une nouvelle tir\u00e9e de <em>Les \u00f2mes de l&#8217;Ecir<\/em> de F\u00e9lix Daval.<br \/>\nAvec la Calandreta del Vernhat.<br \/>\nEn occitan sous-titr\u00e9 en fran\u00e7ais.<\/p>\n<blockquote>\n<p>Es quatre oras e mi\u00e8ja. Cartable a la man o sus l&#8217;esquina, los enfants quitan la classa. Los pichons d\u00f2nan la man als pus b\u00e8ls. Tres parton val vilatge, los autres prendon lo camin de La Faja.<br \/>\nLa montanha sembla durmir. Las vacas son pels estables. Las polas son ajocadas. A l&#8217;esc\u00f2la l&#8217;esclaire es enqu\u00e8ra alucat m\u00e8s lo forn\u00e8l a arrestat de fumar.<br \/>\nLo Baptista qu&#8217;a acabat de m\u00f2user g\u00e8ta sas setze vac\u00f2tas. Tot d&#8217;un c\u00f2p lo m\u00e8stre s\u00f2rt, monta dins sa veitura e demarra coma un falord.<\/p>\n<\/blockquote>\n<p style=\"text-align: right;\">F\u00e8li\u00e7 Daval, <em>Les \u00f2mes de l&#8217;Ecir<\/em>, A tots, \u00c9ditions Ostal del Libre, 1987.<\/p>\n","protected":false},"excerpt":{"rendered":"<p>Ann\u00e9es 70&#8230; un paysan c\u00e9libataire&#8230; une \u00e9cole&#8230; un village&#8230; Un film de G\u00e9rard Roussi\u00e8s d&#8217;apr\u00e8s une nouvelle tir\u00e9e de Les \u00f2mes de l&#8217;Ecir de F\u00e9lix Daval. Avec la Calandreta del Vernhat. En occitan sous-titr\u00e9 en fran\u00e7ais. Es quatre oras e mi\u00e8ja. Cartable a la man o sus l&#8217;esquina, los enfants quitan la classa. Los pichons [&hellip;]<\/p>\n","protected":false},"featured_media":52301,"template":"","meta":{"_acf_changed":false,"_genesis_hide_title":false,"_genesis_hide_breadcrumbs":false,"_genesis_hide_singular_image":false,"_genesis_hide_footer_widgets":false,"_genesis_custom_body_class":"","_genesis_custom_post_class":"","_genesis_layout":""},"product_brand":[],"product_cat":[7244,7240],"product_tag":[],"class_list":{"0":"post-52304","1":"product","2":"type-product","3":"status-publish","4":"has-post-thumbnail","6":"product_cat-ficcion-oc","7":"product_cat-video-oc","8":"pa_auteur-roussies-gerard-oc","9":"pa_editeur-arsene-images-oc","10":"pa_langue-occitan-lengadocian-oc","11":"pa_langue-occitan-francais-oc","12":"entry","14":"first","15":"outofstock","16":"shipping-taxable","17":"purchasable","18":"product-type-simple"},"acf":[],"_links":{"self":[{"href":"https:\/\/www.libraria-occitana.org\/oc\/wp-json\/wp\/v2\/product\/52304","targetHints":{"allow":["GET"]}}],"collection":[{"href":"https:\/\/www.libraria-occitana.org\/oc\/wp-json\/wp\/v2\/product"}],"about":[{"href":"https:\/\/www.libraria-occitana.org\/oc\/wp-json\/wp\/v2\/types\/product"}],"wp:featuredmedia":[{"embeddable":true,"href":"https:\/\/www.libraria-occitana.org\/oc\/wp-json\/wp\/v2\/media\/52301"}],"wp:attachment":[{"href":"https:\/\/www.libraria-occitana.org\/oc\/wp-json\/wp\/v2\/media?parent=52304"}],"wp:term":[{"taxonomy":"product_brand","embeddable":true,"href":"https:\/\/www.libraria-occitana.org\/oc\/wp-json\/wp\/v2\/product_brand?post=52304"},{"taxonomy":"product_cat","embeddable":true,"href":"https:\/\/www.libraria-occitana.org\/oc\/wp-json\/wp\/v2\/product_cat?post=52304"},{"taxonomy":"product_tag","embeddable":true,"href":"https:\/\/www.libraria-occitana.org\/oc\/wp-json\/wp\/v2\/product_tag?post=52304"}],"curies":[{"name":"wp","href":"https:\/\/api.w.org\/{rel}","templated":true}]}}

<p>Années 70&#8230; un paysan célibataire&#8230; une école&#8230; un village&#8230;</p>
<p>Un film de Gérard Roussiès d&#8217;après une nouvelle tirée de <em>Les òmes de l&#8217;Ecir</em> de Félix Daval.<br />
Avec la Calandreta del Vernhat.<br />
En occitan sous-titré en français.</p>
<blockquote>
<p>Es quatre oras e mièja. Cartable a la man o sus l&#8217;esquina, los enfants quitan la classa. Los pichons dònan la man als pus bèls. Tres parton val vilatge, los autres prendon lo camin de La Faja.<br />
La montanha sembla durmir. Las vacas son pels estables. Las polas son ajocadas. A l&#8217;escòla l&#8217;esclaire es enquèra alucat mès lo fornèl a arrestat de fumar.<br />
Lo Baptista qu&#8217;a acabat de mòuser gèta sas setze vacòtas. Tot d&#8217;un còp lo mèstre sòrt, monta dins sa veitura e demarra coma un falord.</p>
</blockquote>
<p style="text-align: right;">Fèliç Daval, <em>Les òmes de l&#8217;Ecir</em>, A tots, Éditions Ostal del Libre, 1987.</p>

<p>Années 70&#8230; un paysan célibataire&#8230; une école&#8230; un village&#8230; Un film de Gérard Roussiès d&#8217;après une nouvelle tirée de Les òmes de l&#8217;Ecir de Félix Daval. Avec la Calandreta del Vernhat. En occitan sous-titré en français. Es quatre oras e mièja. Cartable a la man o sus l&#8217;esquina, los enfants quitan la classa. Los pichons [&hellip;]</p>
