{"id":52729,"date":"2018-08-23T13:58:57","date_gmt":"2018-08-23T11:58:57","guid":{"rendered":"http:\/\/www.libraria-occitana.org\/product\/max-maurici\/"},"modified":"2026-04-29T10:49:25","modified_gmt":"2026-04-29T08:49:25","slug":"max-maurici","status":"publish","type":"product","link":"https:\/\/www.libraria-occitana.org\/oc\/produch\/max-maurici\/","title":{"rendered":"Max &#038; Maurici"},"content":{"rendered":"<p><em>Max &amp; Maurici<\/em> que conta l\u2019ist\u00f2ria de dus mainats endemoniats e friponets qui\u2019s diverteishen a esvarjar lo monde deu vilatge. N\u2019an pas paur ad arr\u00e9s e ne coneishen pas lo resp\u00e8cte. Mes malaja tad eths e urosament taus autes, la vita que fenir\u00e0 per venj\u00e0\u2019s \u2013 e lo castig que ser\u00e0 tarrible !<br \/>\nTotun, i a jamei avut mauhasedors mei simpatics ?<\/p>\n","protected":false},"excerpt":{"rendered":"<p>Max &amp; Maurici que conta l\u2019ist\u00f2ria de dus mainats endemoniats e friponets qui\u2019s diverteishen a esvarjar lo monde deu vilatge. N\u2019an pas paur ad arr\u00e9s e ne coneishen pas lo resp\u00e8cte. Mes malaja tad eths e urosament taus autes, la vita que fenir\u00e0 per venj\u00e0\u2019s \u2013 e lo castig que ser\u00e0 tarrible ! Totun, i [&hellip;]<\/p>\n","protected":false},"featured_media":52714,"template":"","meta":{"_acf_changed":false,"_genesis_hide_title":false,"_genesis_hide_breadcrumbs":false,"_genesis_hide_singular_image":false,"_genesis_hide_footer_widgets":false,"_genesis_custom_body_class":"","_genesis_custom_post_class":"","_genesis_layout":""},"product_brand":[],"product_cat":[7171,7165,7133],"product_tag":[],"class_list":{"0":"post-52729","1":"product","2":"type-product","3":"status-publish","4":"has-post-thumbnail","6":"product_cat-drolles-oc","7":"product_cat-jounessa-bd-umor","8":"product_cat-libres-oc","9":"pa_auteur-busch-wilhelm-oc","10":"pa_editeur-per-noste-oc","11":"pa_illustrateur-collectiu-illustrateur-oc","12":"pa_langue-occitan-oc","13":"pa_langue-occitan-gascon-oc","14":"entry","16":"first","17":"outofstock","18":"shipping-taxable","19":"purchasable","20":"product-type-simple"},"acf":[],"_links":{"self":[{"href":"https:\/\/www.libraria-occitana.org\/oc\/wp-json\/wp\/v2\/product\/52729","targetHints":{"allow":["GET"]}}],"collection":[{"href":"https:\/\/www.libraria-occitana.org\/oc\/wp-json\/wp\/v2\/product"}],"about":[{"href":"https:\/\/www.libraria-occitana.org\/oc\/wp-json\/wp\/v2\/types\/product"}],"wp:featuredmedia":[{"embeddable":true,"href":"https:\/\/www.libraria-occitana.org\/oc\/wp-json\/wp\/v2\/media\/52714"}],"wp:attachment":[{"href":"https:\/\/www.libraria-occitana.org\/oc\/wp-json\/wp\/v2\/media?parent=52729"}],"wp:term":[{"taxonomy":"product_brand","embeddable":true,"href":"https:\/\/www.libraria-occitana.org\/oc\/wp-json\/wp\/v2\/product_brand?post=52729"},{"taxonomy":"product_cat","embeddable":true,"href":"https:\/\/www.libraria-occitana.org\/oc\/wp-json\/wp\/v2\/product_cat?post=52729"},{"taxonomy":"product_tag","embeddable":true,"href":"https:\/\/www.libraria-occitana.org\/oc\/wp-json\/wp\/v2\/product_tag?post=52729"}],"curies":[{"name":"wp","href":"https:\/\/api.w.org\/{rel}","templated":true}]}}

<p><em>Max &amp; Maurici</em> que conta l’istòria de dus mainats endemoniats e friponets qui’s diverteishen a esvarjar lo monde deu vilatge. N’an pas paur ad arrés e ne coneishen pas lo respècte. Mes malaja tad eths e urosament taus autes, la vita que fenirà per venjà’s – e lo castig que serà tarrible !<br />
Totun, i a jamei avut mauhasedors mei simpatics ?</p>

<p>Max &amp; Maurici que conta l’istòria de dus mainats endemoniats e friponets qui’s diverteishen a esvarjar lo monde deu vilatge. N’an pas paur ad arrés e ne coneishen pas lo respècte. Mes malaja tad eths e urosament taus autes, la vita que fenirà per venjà’s – e lo castig que serà tarrible ! Totun, i [&hellip;]</p>
