{"id":52740,"date":"2019-06-23T14:21:15","date_gmt":"2019-06-23T12:21:15","guid":{"rendered":"http:\/\/www.libraria-occitana.org\/product\/lo-cant-de-las-serenas\/"},"modified":"2026-04-29T10:49:29","modified_gmt":"2026-04-29T08:49:29","slug":"lo-cant-de-las-serenas","status":"publish","type":"product","link":"https:\/\/www.libraria-occitana.org\/oc\/produch\/lo-cant-de-las-serenas\/","title":{"rendered":"Lo Cant de las serenas"},"content":{"rendered":"<p>Lavetz, que\u2019m lhev\u00e8i a paupas. Un contravent qu\u2019\u00e8ra ob\u00e8rt e la lua, en\u00f2rma, que m\u2019esclairava lo davant de la frin\u00e8sta. Que\u2019m clin\u00e8i t\u00e0 tornar barrar lo contravent quan vedoi ua ombra a quauques m\u00e8tres. Qu\u2019avoi lo c\u00f2r qui\u2019s hiqu\u00e8 a batanar. L\u2019ombra que s\u2019apress\u00e8.<\/p>\n","protected":false},"excerpt":{"rendered":"<p>Lavetz, que\u2019m lhev\u00e8i a paupas. Un contravent qu\u2019\u00e8ra ob\u00e8rt e la lua, en\u00f2rma, que m\u2019esclairava lo davant de la frin\u00e8sta. Que\u2019m clin\u00e8i t\u00e0 tornar barrar lo contravent quan vedoi ua ombra a quauques m\u00e8tres. Qu\u2019avoi lo c\u00f2r qui\u2019s hiqu\u00e8 a batanar. L\u2019ombra que s\u2019apress\u00e8.<\/p>\n","protected":false},"featured_media":52717,"template":"","meta":{"_acf_changed":false,"_genesis_hide_title":false,"_genesis_hide_breadcrumbs":false,"_genesis_hide_singular_image":false,"_genesis_hide_footer_widgets":false,"_genesis_custom_body_class":"","_genesis_custom_post_class":"","_genesis_layout":""},"product_brand":[],"product_cat":[7171,7165,7133],"product_tag":[],"class_list":{"0":"post-52740","1":"product","2":"type-product","3":"status-publish","4":"has-post-thumbnail","6":"product_cat-drolles-oc","7":"product_cat-jounessa-bd-umor","8":"product_cat-libres-oc","9":"pa_auteur-cabanes-max-oc","10":"pa_auteur-piquemal-michel-oc","11":"pa_editeur-per-noste-oc","12":"pa_illustrateur-labandes-claudia-oc","13":"pa_langue-occitan-oc","14":"pa_langue-occitan-gascon-oc","15":"entry","17":"first","18":"outofstock","19":"shipping-taxable","20":"purchasable","21":"product-type-simple"},"acf":[],"_links":{"self":[{"href":"https:\/\/www.libraria-occitana.org\/oc\/wp-json\/wp\/v2\/product\/52740","targetHints":{"allow":["GET"]}}],"collection":[{"href":"https:\/\/www.libraria-occitana.org\/oc\/wp-json\/wp\/v2\/product"}],"about":[{"href":"https:\/\/www.libraria-occitana.org\/oc\/wp-json\/wp\/v2\/types\/product"}],"wp:featuredmedia":[{"embeddable":true,"href":"https:\/\/www.libraria-occitana.org\/oc\/wp-json\/wp\/v2\/media\/52717"}],"wp:attachment":[{"href":"https:\/\/www.libraria-occitana.org\/oc\/wp-json\/wp\/v2\/media?parent=52740"}],"wp:term":[{"taxonomy":"product_brand","embeddable":true,"href":"https:\/\/www.libraria-occitana.org\/oc\/wp-json\/wp\/v2\/product_brand?post=52740"},{"taxonomy":"product_cat","embeddable":true,"href":"https:\/\/www.libraria-occitana.org\/oc\/wp-json\/wp\/v2\/product_cat?post=52740"},{"taxonomy":"product_tag","embeddable":true,"href":"https:\/\/www.libraria-occitana.org\/oc\/wp-json\/wp\/v2\/product_tag?post=52740"}],"curies":[{"name":"wp","href":"https:\/\/api.w.org\/{rel}","templated":true}]}}

<p>Lavetz, que’m lhevèi a paupas. Un contravent qu’èra obèrt e la lua, enòrma, que m’esclairava lo davant de la frinèsta. Que’m clinèi tà tornar barrar lo contravent quan vedoi ua ombra a quauques mètres. Qu’avoi lo còr qui’s hiquè a batanar. L’ombra que s’apressè.</p>
