{"id":53149,"date":"2020-05-26T17:15:27","date_gmt":"2020-05-26T15:15:27","guid":{"rendered":"http:\/\/www.libraria-occitana.org\/product\/or-os\/"},"modified":"2026-04-29T02:46:08","modified_gmt":"2026-04-29T00:46:08","slug":"or-os","status":"publish","type":"product","link":"https:\/\/www.libraria-occitana.org\/oc\/produch\/or-os\/","title":{"rendered":"Or | Os"},"content":{"rendered":"<p><strong>B\u00e9atrice Terrasse :<\/strong> Voix, violoncelle, percussions<br \/>\n<strong>Louis Jacques :<\/strong> Banjo, cornemuses 14 et 23 pouces, violoncelle, orgue, percussions<\/p>\n<p><em>Or | Os<\/em>, deuxi\u00e8me album du groupe La Preyra, trace une route initi\u00e9e d\u00e8s leur premier disque : celle des po\u00e9sies populaires, des chants longs, et des modalit\u00e9s anciennes.<br \/>\nEn se glissant dans le fleuve de la tradition orale, B\u00e9atrice Terrasse donne corps \u00e0 des histoires dont les peines et les joies traversent le temps et les c\u0153urs.<br \/>\nPour pr\u00e9server le fil pr\u00e9cieux des mots, les instrumentations de Louis Jacques se font minimalistes, parfois volontairement bancales, bourdonnantes et r\u00e9p\u00e9titives.<br \/>\nL&#8217;or de la voix, la sobri\u00e9t\u00e9 fragile des chansons populaires, jusqu&#8217;\u00e0 l&#8217;os.<\/p>\n<p><strong>Titres :<\/strong><br \/>\n1. Les transformations 5&#8217;00<br \/>\n2. Pastorel 3&#8217;32<br \/>\n3. Allons mignonne 5&#8217;00<br \/>\n4. R\u00e9veillez-vous fid\u00e8les voici le temps 2&#8217;17<br \/>\n5. &#8230; 0&#8217;29<br \/>\n6. J\u2019ai fait une ma\u00eetresse 4&#8217;16<br \/>\n7. La d\u00e9laiss\u00e9e 5&#8217;36<br \/>\n8. Le jardin des amours 4&#8217;12<br \/>\n9. &#8230; 0&#8217;29<br \/>\n10. Camille \u00e0 la ville 4&#8217;37<br \/>\n11. La chasse 5&#8217;38<br \/>\n12. M\u00e2re, maria m\u00e8 c&#8217;t an 6&#8217;00<\/p>\n","protected":false},"excerpt":{"rendered":"<p>B\u00e9atrice Terrasse : Voix, violoncelle, percussions Louis Jacques : Banjo, cornemuses 14 et 23 pouces, violoncelle, orgue, percussions Or | Os, deuxi\u00e8me album du groupe La Preyra, trace une route initi\u00e9e d\u00e8s leur premier disque : celle des po\u00e9sies populaires, des chants longs, et des modalit\u00e9s anciennes. En se glissant dans le fleuve de la [&hellip;]<\/p>\n","protected":false},"featured_media":53123,"template":"","meta":{"_acf_changed":false,"_genesis_hide_title":false,"_genesis_hide_breadcrumbs":false,"_genesis_hide_singular_image":false,"_genesis_hide_footer_widgets":false,"_genesis_custom_body_class":"","_genesis_custom_post_class":"","_genesis_layout":""},"product_brand":[],"product_cat":[16683,7229],"product_tag":[],"class_list":{"0":"post-53149","1":"product","2":"type-product","3":"status-publish","4":"has-post-thumbnail","6":"product_cat-musica-oc","7":"product_cat-novela-tradicion-oc","8":"pa_auteur-la-preyra-oc","9":"pa_langue-autras-lingas-oc","10":"pa_langue-francais-oc","11":"pa_langue-occitan-oc","12":"pa_langue-occitan-lengadocian-oc","13":"entry","15":"first","16":"instock","17":"shipping-taxable","18":"purchasable","19":"product-type-simple"},"acf":[],"_links":{"self":[{"href":"https:\/\/www.libraria-occitana.org\/oc\/wp-json\/wp\/v2\/product\/53149","targetHints":{"allow":["GET"]}}],"collection":[{"href":"https:\/\/www.libraria-occitana.org\/oc\/wp-json\/wp\/v2\/product"}],"about":[{"href":"https:\/\/www.libraria-occitana.org\/oc\/wp-json\/wp\/v2\/types\/product"}],"wp:featuredmedia":[{"embeddable":true,"href":"https:\/\/www.libraria-occitana.org\/oc\/wp-json\/wp\/v2\/media\/53123"}],"wp:attachment":[{"href":"https:\/\/www.libraria-occitana.org\/oc\/wp-json\/wp\/v2\/media?parent=53149"}],"wp:term":[{"taxonomy":"product_brand","embeddable":true,"href":"https:\/\/www.libraria-occitana.org\/oc\/wp-json\/wp\/v2\/product_brand?post=53149"},{"taxonomy":"product_cat","embeddable":true,"href":"https:\/\/www.libraria-occitana.org\/oc\/wp-json\/wp\/v2\/product_cat?post=53149"},{"taxonomy":"product_tag","embeddable":true,"href":"https:\/\/www.libraria-occitana.org\/oc\/wp-json\/wp\/v2\/product_tag?post=53149"}],"curies":[{"name":"wp","href":"https:\/\/api.w.org\/{rel}","templated":true}]}}

<p><strong>Béatrice Terrasse :</strong> Voix, violoncelle, percussions<br />
<strong>Louis Jacques :</strong> Banjo, cornemuses 14 et 23 pouces, violoncelle, orgue, percussions</p>
<p><em>Or | Os</em>, deuxième album du groupe La Preyra, trace une route initiée dès leur premier disque : celle des poésies populaires, des chants longs, et des modalités anciennes.<br />
En se glissant dans le fleuve de la tradition orale, Béatrice Terrasse donne corps à des histoires dont les peines et les joies traversent le temps et les cœurs.<br />
Pour préserver le fil précieux des mots, les instrumentations de Louis Jacques se font minimalistes, parfois volontairement bancales, bourdonnantes et répétitives.<br />
L&#8217;or de la voix, la sobriété fragile des chansons populaires, jusqu&#8217;à l&#8217;os.</p>
<p><strong>Titres :</strong><br />
1. Les transformations 5&#8217;00<br />
2. Pastorel 3&#8217;32<br />
3. Allons mignonne 5&#8217;00<br />
4. Réveillez-vous fidèles voici le temps 2&#8217;17<br />
5. &#8230; 0&#8217;29<br />
6. J’ai fait une maîtresse 4&#8217;16<br />
7. La délaissée 5&#8217;36<br />
8. Le jardin des amours 4&#8217;12<br />
9. &#8230; 0&#8217;29<br />
10. Camille à la ville 4&#8217;37<br />
11. La chasse 5&#8217;38<br />
12. Mâre, maria mè c&#8217;t an 6&#8217;00</p>

<p>Béatrice Terrasse : Voix, violoncelle, percussions Louis Jacques : Banjo, cornemuses 14 et 23 pouces, violoncelle, orgue, percussions Or | Os, deuxième album du groupe La Preyra, trace une route initiée dès leur premier disque : celle des poésies populaires, des chants longs, et des modalités anciennes. En se glissant dans le fleuve de la [&hellip;]</p>
