{"id":53272,"date":"2020-06-05T18:02:38","date_gmt":"2020-06-05T16:02:38","guid":{"rendered":"http:\/\/www.libraria-occitana.org\/product\/anda-lutz\/"},"modified":"2026-04-26T06:06:07","modified_gmt":"2026-04-26T04:06:07","slug":"anda-lutz","status":"publish","type":"product","link":"https:\/\/www.libraria-occitana.org\/oc\/produch\/anda-lutz\/","title":{"rendered":"Anda-Lutz"},"content":{"rendered":"<p><strong>Guillaume Lopez :<\/strong> Chant, fl\u00fbtes, boha<br \/>\n<strong>Thierry Roques :<\/strong> Accord\u00e9on, accordina<br \/>\n<strong>Nicolas Gardel :<\/strong> Trompette, bugle, claviers, stomp box, basse<br \/>\n<strong>Sa\u00efd El Maloumi :<\/strong> Percussions, chant<\/p>\n<p>La rencontre des cultures, la d\u00e9couverte de l\u2019Autre, les passerelles musicales, le voyage po\u00e9tique, sont les r\u00eaves des musiciens de ce quartet atypique.<br \/>\nGuillaume Lopez et Thierry Roques ont cr\u00e9\u00e9 en 2006, S\u00f2mi de Granadas qui liait musicalement la ville de Grenade sur Garonne \u00e0 Granada l\u2019Andalouse.<br \/>\nAnda-Lutz est la suite logique, et repousse les limites du r\u00eave, Toulouse-Granada-Agadir, voici le pont imagin\u00e9 par ce quartet entre les pays d\u2019oc, de l\u2019Espagne et du Maghreb. Les notes et les mots se m\u00ealent, la trompette du jazzman Nicolas Gardel insuffle une \u00e9nergie nouvelle aux influences m\u00e9diterran\u00e9ennes du trio initial.<br \/>\n\u00ab Anda \u00bb en Espagnol pour cr\u00e9er la dynamique, le mouvement, le \u00ab en avant !\u00bb \/ \u00ab Lutz \u00bb en langue d\u2019oc, signifie \u00ab la lumi\u00e8re \u00bb.<br \/>\nAnda-Lutz, vous invite \u00e0 d\u00e9couvrir l\u2019El Dorado des pays de lumi\u00e8res, l\u2019Al-Andalus.<br \/>\nTous les 4 compositeurs et aventuriers, les artistes se sont rencontr\u00e9s au Maroc en novembre 2018, ils y ont m\u00eal\u00e9 leurs talents, leurs univers et cr\u00e9\u00e9 ce voyage musical et po\u00e9tique entre hier et demain, rage et douceur, r\u00eave et r\u00e9alit\u00e9 dans lequel ils invitent le public.<\/p>\n<p><iframe loading=\"lazy\" src=\"https:\/\/www.youtube.com\/embed\/8zb1gBO_bXY\" width=\"560\" height=\"315\" frameborder=\"0\" allowfullscreen=\"allowfullscreen\"><\/iframe><\/p>\n<p><strong>Titres :<\/strong><br \/>\n1. Anda-Lutz 1&#8217;50<br \/>\n2. Su memoria, su destino 3&#8217;20<br \/>\n3. Sue\u00f1o de Launac 4&#8217;13<br \/>\n4. El Olivo del Abuelo 4&#8217;50<br \/>\n5. Aure 4&#8217;50<br \/>\n6. Flauta 2&#8217;06<br \/>\n7. Sense tu \/ Revolum de Posca 5&#8217;08<br \/>\n8. Palanca 2&#8217;46<br \/>\n9. Douceur pour 2 R 3&#8217;41<br \/>\n10. Sevillana del Adios 3&#8217;15<br \/>\n11. Semmus 1&#8217;38<br \/>\n12. Ostal Blanc 2&#8217;52<br \/>\n13. Cou\u0302te que cou\u0302te 1&#8217;26<br \/>\n14. Mi Granada 3&#8217;54<br \/>\n15. Jamei jo non veir\u00e8i 3&#8217;42<\/p>\n","protected":false},"excerpt":{"rendered":"<p>Guillaume Lopez : Chant, fl\u00fbtes, boha Thierry Roques : Accord\u00e9on, accordina Nicolas Gardel : Trompette, bugle, claviers, stomp box, basse Sa\u00efd El Maloumi : Percussions, chant La rencontre des cultures, la d\u00e9couverte de l\u2019Autre, les passerelles musicales, le voyage po\u00e9tique, sont les r\u00eaves des musiciens de ce quartet atypique. Guillaume Lopez et Thierry Roques ont [&hellip;]<\/p>\n","protected":false},"featured_media":53269,"template":"","meta":{"_acf_changed":false,"_genesis_hide_title":false,"_genesis_hide_breadcrumbs":false,"_genesis_hide_singular_image":false,"_genesis_hide_footer_widgets":false,"_genesis_custom_body_class":"","_genesis_custom_post_class":"","_genesis_layout":""},"product_brand":[],"product_cat":[7219,16683],"product_tag":[],"class_list":{"0":"post-53272","1":"product","2":"type-product","3":"status-publish","4":"has-post-thumbnail","6":"product_cat-chancon-oc","7":"product_cat-musica-oc","8":"pa_auteur-compagnie-guillaume-lopez-oc","9":"pa_editeur-c-a-m-o-m-oc","10":"pa_langue-autras-lingas-oc","11":"pa_langue-francais-oc","12":"pa_langue-occitan-oc","13":"pa_langue-occitan-lengadocian-oc","14":"entry","16":"first","17":"instock","18":"shipping-taxable","19":"purchasable","20":"product-type-simple"},"acf":[],"_links":{"self":[{"href":"https:\/\/www.libraria-occitana.org\/oc\/wp-json\/wp\/v2\/product\/53272","targetHints":{"allow":["GET"]}}],"collection":[{"href":"https:\/\/www.libraria-occitana.org\/oc\/wp-json\/wp\/v2\/product"}],"about":[{"href":"https:\/\/www.libraria-occitana.org\/oc\/wp-json\/wp\/v2\/types\/product"}],"wp:featuredmedia":[{"embeddable":true,"href":"https:\/\/www.libraria-occitana.org\/oc\/wp-json\/wp\/v2\/media\/53269"}],"wp:attachment":[{"href":"https:\/\/www.libraria-occitana.org\/oc\/wp-json\/wp\/v2\/media?parent=53272"}],"wp:term":[{"taxonomy":"product_brand","embeddable":true,"href":"https:\/\/www.libraria-occitana.org\/oc\/wp-json\/wp\/v2\/product_brand?post=53272"},{"taxonomy":"product_cat","embeddable":true,"href":"https:\/\/www.libraria-occitana.org\/oc\/wp-json\/wp\/v2\/product_cat?post=53272"},{"taxonomy":"product_tag","embeddable":true,"href":"https:\/\/www.libraria-occitana.org\/oc\/wp-json\/wp\/v2\/product_tag?post=53272"}],"curies":[{"name":"wp","href":"https:\/\/api.w.org\/{rel}","templated":true}]}}

<p><strong>Guillaume Lopez :</strong> Chant, flûtes, boha<br />
<strong>Thierry Roques :</strong> Accordéon, accordina<br />
<strong>Nicolas Gardel :</strong> Trompette, bugle, claviers, stomp box, basse<br />
<strong>Saïd El Maloumi :</strong> Percussions, chant</p>
<p>La rencontre des cultures, la découverte de l’Autre, les passerelles musicales, le voyage poétique, sont les rêves des musiciens de ce quartet atypique.<br />
Guillaume Lopez et Thierry Roques ont créé en 2006, Sòmi de Granadas qui liait musicalement la ville de Grenade sur Garonne à Granada l’Andalouse.<br />
Anda-Lutz est la suite logique, et repousse les limites du rêve, Toulouse-Granada-Agadir, voici le pont imaginé par ce quartet entre les pays d’oc, de l’Espagne et du Maghreb. Les notes et les mots se mêlent, la trompette du jazzman Nicolas Gardel insuffle une énergie nouvelle aux influences méditerranéennes du trio initial.<br />
« Anda » en Espagnol pour créer la dynamique, le mouvement, le « en avant !» / « Lutz » en langue d’oc, signifie « la lumière ».<br />
Anda-Lutz, vous invite à découvrir l’El Dorado des pays de lumières, l’Al-Andalus.<br />
Tous les 4 compositeurs et aventuriers, les artistes se sont rencontrés au Maroc en novembre 2018, ils y ont mêlé leurs talents, leurs univers et créé ce voyage musical et poétique entre hier et demain, rage et douceur, rêve et réalité dans lequel ils invitent le public.</p>
<p><iframe loading="lazy" src="https://www.youtube.com/embed/8zb1gBO_bXY" width="560" height="315" frameborder="0" allowfullscreen="allowfullscreen"></iframe></p>
<p><strong>Titres :</strong><br />
1. Anda-Lutz 1&#8217;50<br />
2. Su memoria, su destino 3&#8217;20<br />
3. Sueño de Launac 4&#8217;13<br />
4. El Olivo del Abuelo 4&#8217;50<br />
5. Aure 4&#8217;50<br />
6. Flauta 2&#8217;06<br />
7. Sense tu / Revolum de Posca 5&#8217;08<br />
8. Palanca 2&#8217;46<br />
9. Douceur pour 2 R 3&#8217;41<br />
10. Sevillana del Adios 3&#8217;15<br />
11. Semmus 1&#8217;38<br />
12. Ostal Blanc 2&#8217;52<br />
13. Coûte que coûte 1&#8217;26<br />
14. Mi Granada 3&#8217;54<br />
15. Jamei jo non veirèi 3&#8217;42</p>

<p>Guillaume Lopez : Chant, flûtes, boha Thierry Roques : Accordéon, accordina Nicolas Gardel : Trompette, bugle, claviers, stomp box, basse Saïd El Maloumi : Percussions, chant La rencontre des cultures, la découverte de l’Autre, les passerelles musicales, le voyage poétique, sont les rêves des musiciens de ce quartet atypique. Guillaume Lopez et Thierry Roques ont [&hellip;]</p>
