{"id":53741,"date":"2021-02-17T13:26:18","date_gmt":"2021-02-17T12:26:18","guid":{"rendered":"http:\/\/www.libraria-occitana.org\/?post_type=product&#038;p=53741"},"modified":"2026-04-27T23:46:33","modified_gmt":"2026-04-27T21:46:33","slug":"vita-vitanta-jour-apres-jour-volume-i","status":"publish","type":"product","link":"https:\/\/www.libraria-occitana.org\/oc\/produch\/vita-vitanta-jour-apres-jour-volume-i\/","title":{"rendered":"Vita vitanta &#8211; Jour apr\u00e8s jour Volume I"},"content":{"rendered":"<p>Libe biling\u00fce occitan-franc\u00e9s.<\/p>\n<p>Lo t\u00f2me 1 que compren las 25 purm\u00e8ras nov\u00e8las deu Miqu\u00e8u de Camelat escriutas entre 1929 e 1954 (lo t\u00f2me 2 que presentar\u00e0 las 25 darr\u00e8ras). Vertad\u00e8r testimoniatge de la vita dens la hauta vath d&#8217;Azun. \u00ab Totas aquestas isto\u00e8ras que son vertad\u00e8ras e los personatges qu&#8217;an viscut \u00bb que&#8217;ns explica l&#8217;autor. En mei deu realisme narratiu, qu&#8217;arretrovam a la qualitat excepcionau de la lenga deu Camelat. Los t\u00e8xtes que son presentats en grafia classica e revirats en franc\u00e9s peu Joan Salles-Loustau.<\/p>\n","protected":false},"excerpt":{"rendered":"<p>Libe biling\u00fce occitan-franc\u00e9s. Lo t\u00f2me 1 que compren las 25 purm\u00e8ras nov\u00e8las deu Miqu\u00e8u de Camelat escriutas entre 1929 e 1954 (lo t\u00f2me 2 que presentar\u00e0 las 25 darr\u00e8ras). Vertad\u00e8r testimoniatge de la vita dens la hauta vath d&#8217;Azun. \u00ab Totas aquestas isto\u00e8ras que son vertad\u00e8ras e los personatges qu&#8217;an viscut \u00bb que&#8217;ns explica l&#8217;autor. [&hellip;]<\/p>\n","protected":false},"featured_media":53744,"template":"","meta":{"_acf_changed":false,"_genesis_hide_title":false,"_genesis_hide_breadcrumbs":false,"_genesis_hide_singular_image":false,"_genesis_hide_footer_widgets":false,"_genesis_custom_body_class":"","_genesis_custom_post_class":"","_genesis_layout":""},"product_brand":[],"product_cat":[7133,7175,7183],"product_tag":[],"class_list":{"0":"post-53741","1":"product","2":"type-product","3":"status-publish","4":"has-post-thumbnail","6":"product_cat-libres-oc","7":"product_cat-literatura-oc","8":"product_cat-romans-novelas-oc","9":"pa_auteur-camelat-miqueu-de-oc","10":"pa_editeur-reclams-oc","11":"pa_illustrateur-salles-loustau-joan-salles-loustau-jean-oc","12":"pa_langue-occitan-gascon-oc","13":"pa_langue-occitan-francais-oc","14":"entry","16":"first","17":"instock","18":"shipping-taxable","19":"purchasable","20":"product-type-simple"},"acf":[],"_links":{"self":[{"href":"https:\/\/www.libraria-occitana.org\/oc\/wp-json\/wp\/v2\/product\/53741","targetHints":{"allow":["GET"]}}],"collection":[{"href":"https:\/\/www.libraria-occitana.org\/oc\/wp-json\/wp\/v2\/product"}],"about":[{"href":"https:\/\/www.libraria-occitana.org\/oc\/wp-json\/wp\/v2\/types\/product"}],"wp:featuredmedia":[{"embeddable":true,"href":"https:\/\/www.libraria-occitana.org\/oc\/wp-json\/wp\/v2\/media\/53744"}],"wp:attachment":[{"href":"https:\/\/www.libraria-occitana.org\/oc\/wp-json\/wp\/v2\/media?parent=53741"}],"wp:term":[{"taxonomy":"product_brand","embeddable":true,"href":"https:\/\/www.libraria-occitana.org\/oc\/wp-json\/wp\/v2\/product_brand?post=53741"},{"taxonomy":"product_cat","embeddable":true,"href":"https:\/\/www.libraria-occitana.org\/oc\/wp-json\/wp\/v2\/product_cat?post=53741"},{"taxonomy":"product_tag","embeddable":true,"href":"https:\/\/www.libraria-occitana.org\/oc\/wp-json\/wp\/v2\/product_tag?post=53741"}],"curies":[{"name":"wp","href":"https:\/\/api.w.org\/{rel}","templated":true}]}}

Vita vitanta &#8211; Jour après jour Volume I

<p>Libe bilingüe occitan-francés.</p>
<p>Lo tòme 1 que compren las 25 purmèras novèlas deu Miquèu de Camelat escriutas entre 1929 e 1954 (lo tòme 2 que presentarà las 25 darrèras). Vertadèr testimoniatge de la vita dens la hauta vath d&#8217;Azun. « Totas aquestas istoèras que son vertadèras e los personatges qu&#8217;an viscut » que&#8217;ns explica l&#8217;autor. En mei deu realisme narratiu, qu&#8217;arretrovam a la qualitat excepcionau de la lenga deu Camelat. Los tèxtes que son presentats en grafia classica e revirats en francés peu Joan Salles-Loustau.</p>

<p>Libe bilingüe occitan-francés. Lo tòme 1 que compren las 25 purmèras novèlas deu Miquèu de Camelat escriutas entre 1929 e 1954 (lo tòme 2 que presentarà las 25 darrèras). Vertadèr testimoniatge de la vita dens la hauta vath d&#8217;Azun. « Totas aquestas istoèras que son vertadèras e los personatges qu&#8217;an viscut » que&#8217;ns explica l&#8217;autor. [&hellip;]</p>
