{"id":54868,"date":"2021-01-20T19:12:33","date_gmt":"2021-01-20T18:12:33","guid":{"rendered":"http:\/\/www.libraria-occitana.org\/?post_type=product&#038;p=54868"},"modified":"2026-04-29T10:53:48","modified_gmt":"2026-04-29T08:53:48","slug":"tresor-des-fables-dauvergne-rhone-alpes-en-occitan-volume-iii-quand-nos-fabulistes-rivalisent-avec-la-fontaine","status":"publish","type":"product","link":"https:\/\/www.libraria-occitana.org\/oc\/produch\/tresor-des-fables-dauvergne-rhone-alpes-en-occitan-volume-iii-quand-nos-fabulistes-rivalisent-avec-la-fontaine\/","title":{"rendered":"Tr\u00e9sor des fables d&#8217;Auvergne-Rh\u00f4ne-Alpes en occitan Volume III : Quand nos fabulistes rivalisent avec La Fontaine"},"content":{"rendered":"<p>La fable est un genre tr\u00e8s ancien qui a \u00e9t\u00e9 abondamment illustr\u00e9 depuis l&#8217;Antiquit\u00e9 jusqu&#8217;\u00e0 nous. Jean de La Fontaine, qui a largement puis\u00e9 dans les \u00e9crits de ses devanciers, l&#8217;a consacr\u00e9 avec son monumental recueil compos\u00e9 de douze livres.<\/p>\n<p>Depuis le XIXe si\u00e8cle jusqu&#8217;\u00e0 aujourd&#8217;hui, de nombreux auteurs originaires de l&#8217;actuelle R\u00e9gion Auvergne-Rh\u00f4ne-Alpes ont \u00e9crit des fables, mais dans leur langue maternelle. Gr\u00e2ce aux concours de nombreuses personnes, nous avons rassembl\u00e9 pr\u00e8s de 400 versions en occitan et en francoproven\u00e7al.<br \/>\nPleines de saveur et \u00e9crites dans un style alerte, ces fables m\u00e9ritent d&#8217;\u00eatre connues. Elles pr\u00e9sentent un int\u00e9r\u00eat sur le plan linguistique, mais aussi sur le plan litt\u00e9raire et ethnologique, comme le soulignent les commentaires qui les accompagnent. En les parcourant dans leur version en occitan ou dans leur traduction en fran\u00e7ais, le lecteur sera \u00e9merveill\u00e9 et d\u00e9couvrira que beaucoup de nos fabulistes rivalisent vraiment avec le Ma\u00eetre.<\/p>\n<p>Ce troisi\u00e8me volume pr\u00e9sente 48 versions inspir\u00e9es de 37 fables de La Fontaine (livres III \u00e0 XI) :<\/p>\n<p>28. Le Loup et la Cigogne<br \/>\n29. Le Renard et les Raisins<br \/>\n30. Les loups et les Brebis<br \/>\n31. Le Lion devenu vieux<br \/>\n32. La Belette entr\u00e9e dans un grenier<br \/>\n33. Le Combat des Rats et des Belettes<br \/>\n34. Le Loup, la Ch\u00e8vre et les Chevreaux<br \/>\n35. L&#8217;Avare qui a perdu son tr\u00e9sor<br \/>\n36. L&#8217;Alouette et ses petits avec le Ma\u00eetre d&#8217;un champ<br \/>\n37. Le Pot de terre et le Pot de fer<br \/>\n38. Le Renard ayant la queue coup\u00e9e<br \/>\n39. Le Loup et le Cheval<br \/>\n40. La Montagne qui accouche<br \/>\n41. Les M\u00e9decins<br \/>\n42. La Poule aux \u0152ufs d&#8217;or<br \/>\n43. L&#8217;\u00c2ne portant des reliques<br \/>\n44. Le Serpent et la Lime<br \/>\n45. Le Li\u00e8vre et la Tortue<br \/>\n46. Les Animaux malades de la peste<br \/>\n47. Le H\u00e9ron &#8211; La Fille<br \/>\n48. La Fille<br \/>\n49. Le Coche et la Mouche<br \/>\n50. La Laiti\u00e8re et le Pot de Lait<br \/>\n51. Le Cur\u00e9 et le Mort<br \/>\n52. Les deux Coqs<br \/>\n53. Le Chat, la Belette et le petit Lapin<br \/>\n54. La Mort et le Mourant<br \/>\n55. Les Femmes et le Secret<br \/>\n56. Le Cochon, la Ch\u00e8vre et le Mouton<br \/>\n57. L&#8217;\u00c2ne et le Chien<br \/>\n58. Le Gland et la Citrouille<br \/>\n59. Le Chat et le Renard<br \/>\n60. L&#8217;\u00c9colier, le p\u00e9dant et le Ma\u00eetre d&#8217;un jardin<br \/>\n61. Le Singe et le Chat<br \/>\n62. Le Milan et le Rossignol<br \/>\n63. La Tortue et les deux Canards<br \/>\n64. Le Vieillard et les trois jeunes Hommes<\/p>\n<p><a href=\"http:\/\/www.libraria-occitana.org\/produit\/tresor-des-fables-dauvergne-rhone-alpes-en-occitan-volume-i-quand-nos-fabulistes-rivalisent-avec-la-fontaine\/\"><em>Tr\u00e9sor des fables d&#8217;Auvergne-Rh\u00f4ne-Alpes en occitan Volume I<\/em><\/a><br \/>\n<a href=\"http:\/\/www.libraria-occitana.org\/produit\/tresor-des-fables-dauvergne-rhone-alpes-en-occitan-volume-ii-quand-nos-fabulistes-rivalisent-avec-la-fontaine\/\"><em>Tr\u00e9sor des fables d&#8217;Auvergne-Rh\u00f4ne-Alpes en occitan Volume II<\/em><\/a><br \/>\n<a href=\"http:\/\/www.libraria-occitana.org\/produit\/tresor-des-fables-dauvergne-rhone-alpes-en-occitan-volume-iv-quand-nos-fabulistes-rivalisent-avec-la-fontaine-copie\/\"><em>Tr\u00e9sor des fables d&#8217;Auvergne-Rh\u00f4ne-Alpes en occitan Volume IV<\/em><\/a><\/p>\n","protected":false},"excerpt":{"rendered":"<p>La fable est un genre tr\u00e8s ancien qui a \u00e9t\u00e9 abondamment illustr\u00e9 depuis l&#8217;Antiquit\u00e9 jusqu&#8217;\u00e0 nous. Jean de La Fontaine, qui a largement puis\u00e9 dans les \u00e9crits de ses devanciers, l&#8217;a consacr\u00e9 avec son monumental recueil compos\u00e9 de douze livres. Depuis le XIXe si\u00e8cle jusqu&#8217;\u00e0 aujourd&#8217;hui, de nombreux auteurs originaires de l&#8217;actuelle R\u00e9gion Auvergne-Rh\u00f4ne-Alpes ont [&hellip;]<\/p>\n","protected":false},"featured_media":54860,"template":"","meta":{"_acf_changed":false,"_genesis_hide_title":false,"_genesis_hide_breadcrumbs":false,"_genesis_hide_singular_image":false,"_genesis_hide_footer_widgets":false,"_genesis_custom_body_class":"","_genesis_custom_post_class":"","_genesis_layout":""},"product_brand":[],"product_cat":[7177,7133,7175],"product_tag":[],"class_list":{"0":"post-54868","1":"product","2":"type-product","3":"status-publish","4":"has-post-thumbnail","6":"product_cat-contes-fablas-oc","7":"product_cat-libres-oc","8":"product_cat-literatura-oc","9":"pa_auteur-collectiu-oc-2","10":"pa_auteur-martin-jean-baptiste-oc","11":"pa_editeur-editions-emcc-oc","12":"pa_langue-occitan-auvernhat-oc","13":"pa_langue-occitan-lengadocian-oc","14":"pa_langue-occitan-vivaroaupenc-oc","15":"pa_langue-occitan-francais-oc","16":"entry","18":"first","19":"instock","20":"shipping-taxable","21":"purchasable","22":"product-type-simple"},"acf":[],"_links":{"self":[{"href":"https:\/\/www.libraria-occitana.org\/oc\/wp-json\/wp\/v2\/product\/54868","targetHints":{"allow":["GET"]}}],"collection":[{"href":"https:\/\/www.libraria-occitana.org\/oc\/wp-json\/wp\/v2\/product"}],"about":[{"href":"https:\/\/www.libraria-occitana.org\/oc\/wp-json\/wp\/v2\/types\/product"}],"wp:featuredmedia":[{"embeddable":true,"href":"https:\/\/www.libraria-occitana.org\/oc\/wp-json\/wp\/v2\/media\/54860"}],"wp:attachment":[{"href":"https:\/\/www.libraria-occitana.org\/oc\/wp-json\/wp\/v2\/media?parent=54868"}],"wp:term":[{"taxonomy":"product_brand","embeddable":true,"href":"https:\/\/www.libraria-occitana.org\/oc\/wp-json\/wp\/v2\/product_brand?post=54868"},{"taxonomy":"product_cat","embeddable":true,"href":"https:\/\/www.libraria-occitana.org\/oc\/wp-json\/wp\/v2\/product_cat?post=54868"},{"taxonomy":"product_tag","embeddable":true,"href":"https:\/\/www.libraria-occitana.org\/oc\/wp-json\/wp\/v2\/product_tag?post=54868"}],"curies":[{"name":"wp","href":"https:\/\/api.w.org\/{rel}","templated":true}]}}

Trésor des fables d&#8217;Auvergne-Rhône-Alpes en occitan Volume III : Quand nos fabulistes rivalisent avec La Fontaine

<p>La fable est un genre très ancien qui a été abondamment illustré depuis l&#8217;Antiquité jusqu&#8217;à nous. Jean de La Fontaine, qui a largement puisé dans les écrits de ses devanciers, l&#8217;a consacré avec son monumental recueil composé de douze livres.</p>
<p>Depuis le XIXe siècle jusqu&#8217;à aujourd&#8217;hui, de nombreux auteurs originaires de l&#8217;actuelle Région Auvergne-Rhône-Alpes ont écrit des fables, mais dans leur langue maternelle. Grâce aux concours de nombreuses personnes, nous avons rassemblé près de 400 versions en occitan et en francoprovençal.<br />
Pleines de saveur et écrites dans un style alerte, ces fables méritent d&#8217;être connues. Elles présentent un intérêt sur le plan linguistique, mais aussi sur le plan littéraire et ethnologique, comme le soulignent les commentaires qui les accompagnent. En les parcourant dans leur version en occitan ou dans leur traduction en français, le lecteur sera émerveillé et découvrira que beaucoup de nos fabulistes rivalisent vraiment avec le Maître.</p>
<p>Ce troisième volume présente 48 versions inspirées de 37 fables de La Fontaine (livres III à XI) :</p>
<p>28. Le Loup et la Cigogne<br />
29. Le Renard et les Raisins<br />
30. Les loups et les Brebis<br />
31. Le Lion devenu vieux<br />
32. La Belette entrée dans un grenier<br />
33. Le Combat des Rats et des Belettes<br />
34. Le Loup, la Chèvre et les Chevreaux<br />
35. L&#8217;Avare qui a perdu son trésor<br />
36. L&#8217;Alouette et ses petits avec le Maître d&#8217;un champ<br />
37. Le Pot de terre et le Pot de fer<br />
38. Le Renard ayant la queue coupée<br />
39. Le Loup et le Cheval<br />
40. La Montagne qui accouche<br />
41. Les Médecins<br />
42. La Poule aux Œufs d&#8217;or<br />
43. L&#8217;Âne portant des reliques<br />
44. Le Serpent et la Lime<br />
45. Le Lièvre et la Tortue<br />
46. Les Animaux malades de la peste<br />
47. Le Héron &#8211; La Fille<br />
48. La Fille<br />
49. Le Coche et la Mouche<br />
50. La Laitière et le Pot de Lait<br />
51. Le Curé et le Mort<br />
52. Les deux Coqs<br />
53. Le Chat, la Belette et le petit Lapin<br />
54. La Mort et le Mourant<br />
55. Les Femmes et le Secret<br />
56. Le Cochon, la Chèvre et le Mouton<br />
57. L&#8217;Âne et le Chien<br />
58. Le Gland et la Citrouille<br />
59. Le Chat et le Renard<br />
60. L&#8217;Écolier, le pédant et le Maître d&#8217;un jardin<br />
61. Le Singe et le Chat<br />
62. Le Milan et le Rossignol<br />
63. La Tortue et les deux Canards<br />
64. Le Vieillard et les trois jeunes Hommes</p>
<p><a href="http://www.libraria-occitana.org/produit/tresor-des-fables-dauvergne-rhone-alpes-en-occitan-volume-i-quand-nos-fabulistes-rivalisent-avec-la-fontaine/"><em>Trésor des fables d&#8217;Auvergne-Rhône-Alpes en occitan Volume I</em></a><br />
<a href="http://www.libraria-occitana.org/produit/tresor-des-fables-dauvergne-rhone-alpes-en-occitan-volume-ii-quand-nos-fabulistes-rivalisent-avec-la-fontaine/"><em>Trésor des fables d&#8217;Auvergne-Rhône-Alpes en occitan Volume II</em></a><br />
<a href="http://www.libraria-occitana.org/produit/tresor-des-fables-dauvergne-rhone-alpes-en-occitan-volume-iv-quand-nos-fabulistes-rivalisent-avec-la-fontaine-copie/"><em>Trésor des fables d&#8217;Auvergne-Rhône-Alpes en occitan Volume IV</em></a></p>

<p>La fable est un genre très ancien qui a été abondamment illustré depuis l&#8217;Antiquité jusqu&#8217;à nous. Jean de La Fontaine, qui a largement puisé dans les écrits de ses devanciers, l&#8217;a consacré avec son monumental recueil composé de douze livres. Depuis le XIXe siècle jusqu&#8217;à aujourd&#8217;hui, de nombreux auteurs originaires de l&#8217;actuelle Région Auvergne-Rhône-Alpes ont [&hellip;]</p>
