{"id":54879,"date":"2021-09-21T11:42:35","date_gmt":"2021-09-21T09:42:35","guid":{"rendered":"http:\/\/www.libraria-occitana.org\/product\/2-siecles-de-solidarites-en-limousin-et-au-dela\/"},"modified":"2026-04-29T10:24:27","modified_gmt":"2026-04-29T08:24:27","slug":"2-siecles-de-solidarites-en-limousin-et-au-dela","status":"publish","type":"product","link":"https:\/\/www.libraria-occitana.org\/oc\/produch\/2-siecles-de-solidarites-en-limousin-et-au-dela\/","title":{"rendered":"2 si\u00e8cles de solidarit\u00e9s en Limousin et au-del\u00e0"},"content":{"rendered":"<p>L\u2019histoire des mouvements associatifs, coop\u00e9ratifs et mutualistes en Limousin s\u2019inscrit dans un long itin\u00e9raire qui d\u00e9bute au XIXe si\u00e8cle (notamment en Angleterre, avec les \u00c9quitables Pionniers de Rochdale) et se poursuit jusqu\u2019\u00e0 nos jours. Qu\u2019il s\u2019agisse d\u2019\u00e9cohabitat \u00e0 Faux-la-Montagne (Creuse), d\u2019une maison d\u2019enfants de la Fondation Claude Pompidou \u00e0 Treignac (Corr\u00e8ze) ou encore des Jardins de Cocagne \u00e0 Couzeix (Haute-Vienne), l\u2019\u00e9conomie sociale et solidaire en Limousin fait preuve d\u2019une grande vitalit\u00e9 que l\u2019on d\u00e9couvre \u00e0 travers les pages de cet ouvrage richement illustr\u00e9. Un voyage qui nous porte aussi au-del\u00e0 des trois d\u00e9partements\u2026<\/p>\n<p>L\u2019ouvrage est \u00e9crit par les membres de l\u2019association PR2L (P\u00f4le international de Ressources de Limoges et du Limousin pour l\u2019histoire du monde du travail et de l\u2019\u00e9conomie sociale) qui a \u00e9t\u00e9 cr\u00e9\u00e9e en 2008 \u00e0 Limoges :<br \/>\nFrancis Juchereau, Bernard Lacorre, Martine Demartial, Johanna Lemercier, Christian Madec, Maurice Lasnier, Pierre-Yves Frey. Avec la participation de Thierry Jeantet, Jean-Philippe Mil\u00e9sy et Michel Dreyfus.<\/p>\n","protected":false},"excerpt":{"rendered":"<p>L\u2019histoire des mouvements associatifs, coop\u00e9ratifs et mutualistes en Limousin s\u2019inscrit dans un long itin\u00e9raire qui d\u00e9bute au XIXe si\u00e8cle (notamment en Angleterre, avec les \u00c9quitables Pionniers de Rochdale) et se poursuit jusqu\u2019\u00e0 nos jours. Qu\u2019il s\u2019agisse d\u2019\u00e9cohabitat \u00e0 Faux-la-Montagne (Creuse), d\u2019une maison d\u2019enfants de la Fondation Claude Pompidou \u00e0 Treignac (Corr\u00e8ze) ou encore des Jardins [&hellip;]<\/p>\n","protected":false},"featured_media":54835,"template":"","meta":{"_acf_changed":false,"_genesis_hide_title":false,"_genesis_hide_breadcrumbs":false,"_genesis_hide_singular_image":false,"_genesis_hide_footer_widgets":false,"_genesis_custom_body_class":"","_genesis_custom_post_class":"","_genesis_layout":""},"product_brand":[],"product_cat":[7159,7149,7133],"product_tag":[],"class_list":{"0":"post-54879","1":"product","2":"type-product","3":"status-publish","4":"has-post-thumbnail","6":"product_cat-istoria-moderna-e-contemporala-oc","7":"product_cat-istoria-geografia-oc","8":"product_cat-libres-oc","9":"pa_auteur-association-pr2l-oc","10":"pa_editeur-editions-mon-limousin-oc","11":"pa_langue-francais-oc","12":"entry","14":"first","15":"instock","16":"shipping-taxable","17":"purchasable","18":"product-type-simple"},"acf":[],"_links":{"self":[{"href":"https:\/\/www.libraria-occitana.org\/oc\/wp-json\/wp\/v2\/product\/54879","targetHints":{"allow":["GET"]}}],"collection":[{"href":"https:\/\/www.libraria-occitana.org\/oc\/wp-json\/wp\/v2\/product"}],"about":[{"href":"https:\/\/www.libraria-occitana.org\/oc\/wp-json\/wp\/v2\/types\/product"}],"wp:featuredmedia":[{"embeddable":true,"href":"https:\/\/www.libraria-occitana.org\/oc\/wp-json\/wp\/v2\/media\/54835"}],"wp:attachment":[{"href":"https:\/\/www.libraria-occitana.org\/oc\/wp-json\/wp\/v2\/media?parent=54879"}],"wp:term":[{"taxonomy":"product_brand","embeddable":true,"href":"https:\/\/www.libraria-occitana.org\/oc\/wp-json\/wp\/v2\/product_brand?post=54879"},{"taxonomy":"product_cat","embeddable":true,"href":"https:\/\/www.libraria-occitana.org\/oc\/wp-json\/wp\/v2\/product_cat?post=54879"},{"taxonomy":"product_tag","embeddable":true,"href":"https:\/\/www.libraria-occitana.org\/oc\/wp-json\/wp\/v2\/product_tag?post=54879"}],"curies":[{"name":"wp","href":"https:\/\/api.w.org\/{rel}","templated":true}]}}

2 siècles de solidarités en Limousin et au-delà

<p>L’histoire des mouvements associatifs, coopératifs et mutualistes en Limousin s’inscrit dans un long itinéraire qui débute au XIXe siècle (notamment en Angleterre, avec les Équitables Pionniers de Rochdale) et se poursuit jusqu’à nos jours. Qu’il s’agisse d’écohabitat à Faux-la-Montagne (Creuse), d’une maison d’enfants de la Fondation Claude Pompidou à Treignac (Corrèze) ou encore des Jardins de Cocagne à Couzeix (Haute-Vienne), l’économie sociale et solidaire en Limousin fait preuve d’une grande vitalité que l’on découvre à travers les pages de cet ouvrage richement illustré. Un voyage qui nous porte aussi au-delà des trois départements…</p>
<p>L’ouvrage est écrit par les membres de l’association PR2L (Pôle international de Ressources de Limoges et du Limousin pour l’histoire du monde du travail et de l’économie sociale) qui a été créée en 2008 à Limoges :<br />
Francis Juchereau, Bernard Lacorre, Martine Demartial, Johanna Lemercier, Christian Madec, Maurice Lasnier, Pierre-Yves Frey. Avec la participation de Thierry Jeantet, Jean-Philippe Milésy et Michel Dreyfus.</p>

<p>L’histoire des mouvements associatifs, coopératifs et mutualistes en Limousin s’inscrit dans un long itinéraire qui débute au XIXe siècle (notamment en Angleterre, avec les Équitables Pionniers de Rochdale) et se poursuit jusqu’à nos jours. Qu’il s’agisse d’écohabitat à Faux-la-Montagne (Creuse), d’une maison d’enfants de la Fondation Claude Pompidou à Treignac (Corrèze) ou encore des Jardins [&hellip;]</p>
