{"id":55270,"date":"2020-09-17T19:00:54","date_gmt":"2020-09-17T17:00:54","guid":{"rendered":"http:\/\/www.libraria-occitana.org\/?post_type=product&#038;p=55270"},"modified":"2026-04-25T04:51:27","modified_gmt":"2026-04-25T02:51:27","slug":"prenoms-et-diminutifs-occitans","status":"publish","type":"product","link":"https:\/\/www.libraria-occitana.org\/oc\/produch\/prenoms-et-diminutifs-occitans\/","title":{"rendered":"Pr\u00e9noms et diminutifs occitans"},"content":{"rendered":"<p>Vous voulez retrouver des pr\u00e9noms d&#8217;autrefois ou donner un pr\u00e9nom occitan \u00e0 votre enfant, Jean-Claude Alvy vous aide. Il a recherch\u00e9 pour vous des pr\u00e9noms originaux dans les journaux, <em>jornalets<\/em> occitans, calendriers, litt\u00e9rature occitane et en a fait un recueil tr\u00e8s agr\u00e9able \u00e0 lire.<\/p>\n<p>Dossier photocopies A4 avec r\u00e9glette.<\/p>\n","protected":false},"excerpt":{"rendered":"<p>Vous voulez retrouver des pr\u00e9noms d&#8217;autrefois ou donner un pr\u00e9nom occitan \u00e0 votre enfant, Jean-Claude Alvy vous aide. Il a recherch\u00e9 pour vous des pr\u00e9noms originaux dans les journaux, jornalets occitans, calendriers, litt\u00e9rature occitane et en a fait un recueil tr\u00e8s agr\u00e9able \u00e0 lire. Dossier photocopies A4 avec r\u00e9glette.<\/p>\n","protected":false},"featured_media":55273,"template":"","meta":{"_acf_changed":false,"_genesis_hide_title":false,"_genesis_hide_breadcrumbs":false,"_genesis_hide_singular_image":false,"_genesis_hide_footer_widgets":false,"_genesis_custom_body_class":"","_genesis_custom_post_class":"","_genesis_layout":""},"product_brand":[],"product_cat":[7133,7203],"product_tag":[],"class_list":{"0":"post-55270","1":"product","2":"type-product","3":"status-publish","4":"has-post-thumbnail","6":"product_cat-libres-oc","7":"product_cat-politica-sociologia-actualitat-oc","8":"pa_auteur-alvy-joan-claudi-alvy-jean-claude-oc","9":"pa_editeur-associacion-aqui-loc-oc","10":"pa_langue-francais-oc","11":"entry","13":"first","14":"outofstock","15":"shipping-taxable","16":"purchasable","17":"product-type-simple"},"acf":[],"_links":{"self":[{"href":"https:\/\/www.libraria-occitana.org\/oc\/wp-json\/wp\/v2\/product\/55270","targetHints":{"allow":["GET"]}}],"collection":[{"href":"https:\/\/www.libraria-occitana.org\/oc\/wp-json\/wp\/v2\/product"}],"about":[{"href":"https:\/\/www.libraria-occitana.org\/oc\/wp-json\/wp\/v2\/types\/product"}],"wp:featuredmedia":[{"embeddable":true,"href":"https:\/\/www.libraria-occitana.org\/oc\/wp-json\/wp\/v2\/media\/55273"}],"wp:attachment":[{"href":"https:\/\/www.libraria-occitana.org\/oc\/wp-json\/wp\/v2\/media?parent=55270"}],"wp:term":[{"taxonomy":"product_brand","embeddable":true,"href":"https:\/\/www.libraria-occitana.org\/oc\/wp-json\/wp\/v2\/product_brand?post=55270"},{"taxonomy":"product_cat","embeddable":true,"href":"https:\/\/www.libraria-occitana.org\/oc\/wp-json\/wp\/v2\/product_cat?post=55270"},{"taxonomy":"product_tag","embeddable":true,"href":"https:\/\/www.libraria-occitana.org\/oc\/wp-json\/wp\/v2\/product_tag?post=55270"}],"curies":[{"name":"wp","href":"https:\/\/api.w.org\/{rel}","templated":true}]}}

Prénoms et diminutifs occitans

<p>Vous voulez retrouver des prénoms d&#8217;autrefois ou donner un prénom occitan à votre enfant, Jean-Claude Alvy vous aide. Il a recherché pour vous des prénoms originaux dans les journaux, <em>jornalets</em> occitans, calendriers, littérature occitane et en a fait un recueil très agréable à lire.</p>
<p>Dossier photocopies A4 avec réglette.</p>

<p>Vous voulez retrouver des prénoms d&#8217;autrefois ou donner un prénom occitan à votre enfant, Jean-Claude Alvy vous aide. Il a recherché pour vous des prénoms originaux dans les journaux, jornalets occitans, calendriers, littérature occitane et en a fait un recueil très agréable à lire. Dossier photocopies A4 avec réglette.</p>
