{"id":55911,"date":"2022-02-25T19:23:15","date_gmt":"2022-02-25T18:23:15","guid":{"rendered":"http:\/\/www.libraria-occitana.org\/?post_type=product&#038;p=55911"},"modified":"2026-04-29T10:55:16","modified_gmt":"2026-04-29T08:55:16","slug":"venus-a-lescorpion","status":"publish","type":"product","link":"https:\/\/www.libraria-occitana.org\/oc\/produch\/venus-a-lescorpion\/","title":{"rendered":"V\u00e8nus a l&#8217;Escorpion &#8211; V\u00e9nus en scorpion"},"content":{"rendered":"<p><em>V\u00e8nus a l'Escorpion<\/em> qu'ei un raconte poetic originau suus t\u00e8mas deu desir e de la Lenga, on la votz de la lenga occitana amena\u00e7ada s'encarna dens la d'un personatge femenin oniric e intemporau, tot en pintrar un tabl\u00e8u viu e realista de la vila de Montreal, au Queb\u00e8c.<\/p>\n<p>\u00ab Ma\u00eblle Dupon s'es sensualament apoderada de la lenga occitana coma l'a trobada, en bocins, oculta, e pasmens rica de tant de t\u00e8xtes que prenon l'univ\u00e8rs dins sa bra\u00e7ada. Sens ges d'inibicion ni de prud\u00e9ncia a fach d'aqueles bocins reconquistats un grand bras\u00e0s inextinguible. \u00bb (Jean-Fr\u00e9d\u00e9ric Brun)<\/p>\n","protected":false},"excerpt":{"rendered":"<p>V\u00e8nus a l&#8217;Escorpion qu&#8217;ei un raconte poetic originau suus t\u00e8mas deu desir e de la Lenga, on la votz de la lenga occitana amena\u00e7ada s&#8217;encarna dens la d&#8217;un personatge femenin oniric e intemporau, tot en pintrar un tabl\u00e8u viu e realista de la vila de Montreal, au Queb\u00e8c. \u00ab Ma\u00eblle Dupon s&#8217;es sensualament apoderada de [&hellip;]<\/p>\n","protected":false},"featured_media":55914,"template":"","meta":{"_acf_changed":false,"_genesis_hide_title":false,"_genesis_hide_breadcrumbs":false,"_genesis_hide_singular_image":false,"_genesis_hide_footer_widgets":false,"_genesis_custom_body_class":"","_genesis_custom_post_class":"","_genesis_layout":""},"product_brand":[],"product_cat":[7133,7175,7183],"product_tag":[],"class_list":{"0":"post-55911","1":"product","2":"type-product","3":"status-publish","4":"has-post-thumbnail","6":"product_cat-libres-oc","7":"product_cat-literatura-oc","8":"product_cat-romans-novelas-oc","9":"pa_auteur-dupon-maelle-oc","10":"pa_editeur-reclams-oc","11":"pa_langue-occitan-lengadocian-oc","12":"pa_langue-occitan-francais-oc","13":"entry","15":"first","16":"instock","17":"shipping-taxable","18":"purchasable","19":"product-type-simple"},"acf":[],"_links":{"self":[{"href":"https:\/\/www.libraria-occitana.org\/oc\/wp-json\/wp\/v2\/product\/55911","targetHints":{"allow":["GET"]}}],"collection":[{"href":"https:\/\/www.libraria-occitana.org\/oc\/wp-json\/wp\/v2\/product"}],"about":[{"href":"https:\/\/www.libraria-occitana.org\/oc\/wp-json\/wp\/v2\/types\/product"}],"wp:featuredmedia":[{"embeddable":true,"href":"https:\/\/www.libraria-occitana.org\/oc\/wp-json\/wp\/v2\/media\/55914"}],"wp:attachment":[{"href":"https:\/\/www.libraria-occitana.org\/oc\/wp-json\/wp\/v2\/media?parent=55911"}],"wp:term":[{"taxonomy":"product_brand","embeddable":true,"href":"https:\/\/www.libraria-occitana.org\/oc\/wp-json\/wp\/v2\/product_brand?post=55911"},{"taxonomy":"product_cat","embeddable":true,"href":"https:\/\/www.libraria-occitana.org\/oc\/wp-json\/wp\/v2\/product_cat?post=55911"},{"taxonomy":"product_tag","embeddable":true,"href":"https:\/\/www.libraria-occitana.org\/oc\/wp-json\/wp\/v2\/product_tag?post=55911"}],"curies":[{"name":"wp","href":"https:\/\/api.w.org\/{rel}","templated":true}]}}

Vènus a l&#8217;Escorpion &#8211; Vénus en scorpion

<p><em>Vènus a l'Escorpion</em> qu'ei un raconte poetic originau suus tèmas deu desir e de la Lenga, on la votz de la lenga occitana amenaçada s'encarna dens la d'un personatge femenin oniric e intemporau, tot en pintrar un tablèu viu e realista de la vila de Montreal, au Quebèc.</p>
<p>« Maëlle Dupon s'es sensualament apoderada de la lenga occitana coma l'a trobada, en bocins, oculta, e pasmens rica de tant de tèxtes que prenon l'univèrs dins sa braçada. Sens ges d'inibicion ni de prudéncia a fach d'aqueles bocins reconquistats un grand brasàs inextinguible. » (Jean-Frédéric Brun)</p>

<p>Vènus a l&#8217;Escorpion qu&#8217;ei un raconte poetic originau suus tèmas deu desir e de la Lenga, on la votz de la lenga occitana amenaçada s&#8217;encarna dens la d&#8217;un personatge femenin oniric e intemporau, tot en pintrar un tablèu viu e realista de la vila de Montreal, au Quebèc. « Maëlle Dupon s&#8217;es sensualament apoderada de [&hellip;]</p>
