{"id":56130,"date":"2018-04-14T18:02:31","date_gmt":"2018-04-14T16:02:31","guid":{"rendered":"http:\/\/www.libraria-occitana.org\/?post_type=product&#038;p=56130"},"modified":"2026-04-26T02:21:11","modified_gmt":"2026-04-26T00:21:11","slug":"aubres-arbres","status":"publish","type":"product","link":"https:\/\/www.libraria-occitana.org\/oc\/produch\/aubres-arbres\/","title":{"rendered":"Aubres &#8211; Arbres"},"content":{"rendered":"<p>Aqueleis aubres, Silvan Chabaud leis a rescontrats, descub\u00e8rts, cadun dins son lustre e segon son eng\u00e8ni d'individu e d'esp\u00e8cia. Aqu\u00f2's aqu\u00f2 lo met\u00f2de e la riquesa d'aquel recuelh, tan coma de la pensada que se i religa, lo chamanisme, que si\u00e1gue d'Asia, d'America latina, o que si\u00e1gue... la poesia d'Occident quand s'acara a la realitat dau reau e a son misteri : aquela riquesa ven de la coexist\u00e9ncia, de l'unitat capitada, entre l'agach menim\u00f3s, la coneissen\u00e7a sanc\u00e8ra, lo saupre d'experi\u00e9ncia (cada aubre es exacte, es una \u00ab persona \u00bb), e d'un autre band la vision alargada, lei conotacions, lei reminisc\u00e9ncias, tot \u00e7\u00f2 que mena a \u00e7\u00f2 que Van Gogh escrivi\u00e1 dei pintres zen japon\u00e9s, quand vistalhant una mata, desembocan sus lo rendut de l'univers tot enti\u00e8r.<br \/>\nDins una densitat d'escritura que tot-b\u00e8u-just reverta l'\u00e8ime dau zen, aqueleis Aubres pioni\u00e8rs duerbon de camins que quitar\u00e0n pas de caminar.<\/p>\n<p style=\"text-align: right;\">Roland P\u00e9cout<\/p>\n","protected":false},"excerpt":{"rendered":"<p>Aqueleis aubres, Silvan Chabaud leis a rescontrats, descub\u00e8rts, cadun dins son lustre e segon son eng\u00e8ni d&#8217;individu e d&#8217;esp\u00e8cia. Aqu\u00f2&#8217;s aqu\u00f2 lo met\u00f2de e la riquesa d&#8217;aquel recuelh, tan coma de la pensada que se i religa, lo chamanisme, que si\u00e1gue d&#8217;Asia, d&#8217;America latina, o que si\u00e1gue&#8230; la poesia d&#8217;Occident quand s&#8217;acara a la realitat [&hellip;]<\/p>\n","protected":false},"featured_media":56133,"template":"","meta":{"_acf_changed":false,"_genesis_hide_title":false,"_genesis_hide_breadcrumbs":false,"_genesis_hide_singular_image":false,"_genesis_hide_footer_widgets":false,"_genesis_custom_body_class":"","_genesis_custom_post_class":"","_genesis_layout":""},"product_brand":[],"product_cat":[7133,7175,7181],"product_tag":[],"class_list":{"0":"post-56130","1":"product","2":"type-product","3":"status-publish","4":"has-post-thumbnail","6":"product_cat-libres-oc","7":"product_cat-literatura-oc","8":"product_cat-poesia-oc","9":"pa_auteur-chabaud-silvan-chabaud-sylvan-oc","10":"pa_editeur-troba-vox-oc","11":"pa_illustrateur-chabaud-joan-oc","12":"pa_langue-occitan-provencau-oc","13":"pa_langue-occitan-francais-oc","14":"entry","16":"first","17":"instock","18":"shipping-taxable","19":"purchasable","20":"product-type-simple"},"acf":[],"_links":{"self":[{"href":"https:\/\/www.libraria-occitana.org\/oc\/wp-json\/wp\/v2\/product\/56130","targetHints":{"allow":["GET"]}}],"collection":[{"href":"https:\/\/www.libraria-occitana.org\/oc\/wp-json\/wp\/v2\/product"}],"about":[{"href":"https:\/\/www.libraria-occitana.org\/oc\/wp-json\/wp\/v2\/types\/product"}],"wp:featuredmedia":[{"embeddable":true,"href":"https:\/\/www.libraria-occitana.org\/oc\/wp-json\/wp\/v2\/media\/56133"}],"wp:attachment":[{"href":"https:\/\/www.libraria-occitana.org\/oc\/wp-json\/wp\/v2\/media?parent=56130"}],"wp:term":[{"taxonomy":"product_brand","embeddable":true,"href":"https:\/\/www.libraria-occitana.org\/oc\/wp-json\/wp\/v2\/product_brand?post=56130"},{"taxonomy":"product_cat","embeddable":true,"href":"https:\/\/www.libraria-occitana.org\/oc\/wp-json\/wp\/v2\/product_cat?post=56130"},{"taxonomy":"product_tag","embeddable":true,"href":"https:\/\/www.libraria-occitana.org\/oc\/wp-json\/wp\/v2\/product_tag?post=56130"}],"curies":[{"name":"wp","href":"https:\/\/api.w.org\/{rel}","templated":true}]}}

<p>Aqueleis aubres, Silvan Chabaud leis a rescontrats, descubèrts, cadun dins son lustre e segon son engèni d'individu e d'espècia. Aquò's aquò lo metòde e la riquesa d'aquel recuelh, tan coma de la pensada que se i religa, lo chamanisme, que siágue d'Asia, d'America latina, o que siágue... la poesia d'Occident quand s'acara a la realitat dau reau e a son misteri : aquela riquesa ven de la coexisténcia, de l'unitat capitada, entre l'agach menimós, la coneissença sancèra, lo saupre d'experiéncia (cada aubre es exacte, es una « persona »), e d'un autre band la vision alargada, lei conotacions, lei reminiscéncias, tot çò que mena a çò que Van Gogh escriviá dei pintres zen japonés, quand vistalhant una mata, desembocan sus lo rendut de l'univers tot entièr.<br />
Dins una densitat d'escritura que tot-bèu-just reverta l'èime dau zen, aqueleis Aubres pionièrs duerbon de camins que quitaràn pas de caminar.</p>
<p style="text-align: right;">Roland Pécout</p>

<p>Aqueleis aubres, Silvan Chabaud leis a rescontrats, descubèrts, cadun dins son lustre e segon son engèni d&#8217;individu e d&#8217;espècia. Aquò&#8217;s aquò lo metòde e la riquesa d&#8217;aquel recuelh, tan coma de la pensada que se i religa, lo chamanisme, que siágue d&#8217;Asia, d&#8217;America latina, o que siágue&#8230; la poesia d&#8217;Occident quand s&#8217;acara a la realitat [&hellip;]</p>
