{"id":56712,"date":"2022-10-04T18:59:58","date_gmt":"2022-10-04T16:59:58","guid":{"rendered":"http:\/\/www.libraria-occitana.org\/?post_type=product&#038;p=56712"},"modified":"2026-04-29T10:04:19","modified_gmt":"2026-04-29T08:04:19","slug":"loccitan-du-sud-est-de-la-charente-grammaire-et-lexique-du-parler-doc-des-pays-daubeterre-sur-dronne-et-de-villebois-lavalette","status":"publish","type":"product","link":"https:\/\/www.libraria-occitana.org\/oc\/produch\/loccitan-du-sud-est-de-la-charente-grammaire-et-lexique-du-parler-doc-des-pays-daubeterre-sur-dronne-et-de-villebois-lavalette\/","title":{"rendered":"L&#8217;occitan du sud-est de la Charente : Grammaire et lexique du parler d&#8217;oc des pays d&#8217;Aubeterre-sur-Dronne et de Villebois-Lavalette"},"content":{"rendered":"<p>La zone de transition entre langue d&#8217;oc et langue d&#8217;o\u00efl traverse la quasi-totalit\u00e9 de l&#8217;espace gallo-roman d&#8217;est en ouest. Une limite nette y alterne avec des aires de parlers interm\u00e9diaires, dont notamment le parler <em>angoumoisin<\/em> \u2013 aussi nomm\u00e9 de fa\u00e7on plus contemporaine <em>p\u00e9rigourdin occidental<\/em> \u2013, au sud-est de la Charente sur les anciens cantons d&#8217;Aubeterre-sur-Dronne et Villebois-Lavalette, aussi appel\u00e9s <em>Croissant m\u00e9ridional<\/em> en r\u00e9f\u00e9rence au Croissant marchois plus au nord.<\/p>\n<p>Cet ouvrage s&#8217;inscrit dans une optique de linguistique descriptive et permet de d\u00e9couvrir ce parler occitan particulier suivant un nombre large de perspectives : phon\u00e9tique, lexique, prosodie, grammaire et conjugaison. Pour chacune d&#8217;entre elles, ce parler se caract\u00e9rise par une grande majorit\u00e9 de traits occitans, r\u00e9guli\u00e8rement associ\u00e9s \u00e0 quelques traits de langue d&#8217;o\u00efl.<\/p>\n","protected":false},"excerpt":{"rendered":"<p>La zone de transition entre langue d&#8217;oc et langue d&#8217;o\u00efl traverse la quasi-totalit\u00e9 de l&#8217;espace gallo-roman d&#8217;est en ouest. Une limite nette y alterne avec des aires de parlers interm\u00e9diaires, dont notamment le parler angoumoisin \u2013 aussi nomm\u00e9 de fa\u00e7on plus contemporaine p\u00e9rigourdin occidental \u2013, au sud-est de la Charente sur les anciens cantons d&#8217;Aubeterre-sur-Dronne [&hellip;]<\/p>\n","protected":false},"featured_media":56715,"template":"","meta":{"_acf_changed":false,"_genesis_hide_title":false,"_genesis_hide_breadcrumbs":false,"_genesis_hide_singular_image":false,"_genesis_hide_footer_widgets":false,"_genesis_custom_body_class":"","_genesis_custom_post_class":"","_genesis_layout":""},"product_brand":[],"product_cat":[7137,7133,7141],"product_tag":[],"class_list":{"0":"post-56712","1":"product","2":"type-product","3":"status-publish","4":"has-post-thumbnail","6":"product_cat-diccionaris-lenga-escolar-oc","7":"product_cat-libres-oc","8":"product_cat-linguistica-oc","9":"pa_auteur-dussouchaud-olivier-oc","10":"pa_editeur-lharmattan-oc","11":"pa_langue-francais-oc","12":"entry","14":"first","15":"instock","16":"shipping-taxable","17":"purchasable","18":"product-type-simple"},"acf":[],"_links":{"self":[{"href":"https:\/\/www.libraria-occitana.org\/oc\/wp-json\/wp\/v2\/product\/56712","targetHints":{"allow":["GET"]}}],"collection":[{"href":"https:\/\/www.libraria-occitana.org\/oc\/wp-json\/wp\/v2\/product"}],"about":[{"href":"https:\/\/www.libraria-occitana.org\/oc\/wp-json\/wp\/v2\/types\/product"}],"wp:featuredmedia":[{"embeddable":true,"href":"https:\/\/www.libraria-occitana.org\/oc\/wp-json\/wp\/v2\/media\/56715"}],"wp:attachment":[{"href":"https:\/\/www.libraria-occitana.org\/oc\/wp-json\/wp\/v2\/media?parent=56712"}],"wp:term":[{"taxonomy":"product_brand","embeddable":true,"href":"https:\/\/www.libraria-occitana.org\/oc\/wp-json\/wp\/v2\/product_brand?post=56712"},{"taxonomy":"product_cat","embeddable":true,"href":"https:\/\/www.libraria-occitana.org\/oc\/wp-json\/wp\/v2\/product_cat?post=56712"},{"taxonomy":"product_tag","embeddable":true,"href":"https:\/\/www.libraria-occitana.org\/oc\/wp-json\/wp\/v2\/product_tag?post=56712"}],"curies":[{"name":"wp","href":"https:\/\/api.w.org\/{rel}","templated":true}]}}

<p>La zone de transition entre langue d&#8217;oc et langue d&#8217;oïl traverse la quasi-totalité de l&#8217;espace gallo-roman d&#8217;est en ouest. Une limite nette y alterne avec des aires de parlers intermédiaires, dont notamment le parler <em>angoumoisin</em> – aussi nommé de façon plus contemporaine <em>périgourdin occidental</em> –, au sud-est de la Charente sur les anciens cantons d&#8217;Aubeterre-sur-Dronne et Villebois-Lavalette, aussi appelés <em>Croissant méridional</em> en référence au Croissant marchois plus au nord.</p>
<p>Cet ouvrage s&#8217;inscrit dans une optique de linguistique descriptive et permet de découvrir ce parler occitan particulier suivant un nombre large de perspectives : phonétique, lexique, prosodie, grammaire et conjugaison. Pour chacune d&#8217;entre elles, ce parler se caractérise par une grande majorité de traits occitans, régulièrement associés à quelques traits de langue d&#8217;oïl.</p>

<p>La zone de transition entre langue d&#8217;oc et langue d&#8217;oïl traverse la quasi-totalité de l&#8217;espace gallo-roman d&#8217;est en ouest. Une limite nette y alterne avec des aires de parlers intermédiaires, dont notamment le parler angoumoisin – aussi nommé de façon plus contemporaine périgourdin occidental –, au sud-est de la Charente sur les anciens cantons d&#8217;Aubeterre-sur-Dronne [&hellip;]</p>
