{"id":56781,"date":"2020-10-12T15:19:36","date_gmt":"2020-10-12T13:19:36","guid":{"rendered":"http:\/\/www.libraria-occitana.org\/product\/le-francais-une-si-fabuleuse-histoire\/"},"modified":"2026-04-29T10:02:30","modified_gmt":"2026-04-29T08:02:30","slug":"le-francais-une-si-fabuleuse-histoire","status":"publish","type":"product","link":"https:\/\/www.libraria-occitana.org\/oc\/produch\/le-francais-une-si-fabuleuse-histoire\/","title":{"rendered":"Le fran\u00e7ais, une si fabuleuse histoire !"},"content":{"rendered":"<p>Comment un vague idiome pratiqu\u00e9 pendant le haut Moyen \u00c2ge par quelques dizaines de milliers de personnes dispers\u00e9es le long de la Seine et de l&#8217;Oise a-t-il fini par s&#8217;imposer \u00e0 l&#8217;ensemble de la France ?<\/p>\n<p>Comment ce parler que rien ne distinguait des autres est-il devenu l&#8217;une des grandes langues mondiales ? Comment est-on pass\u00e9 du latin apport\u00e9 par les Romains au fran\u00e7ais d&#8217;aujourd&#8217;hui ?<\/p>\n<p>C&#8217;est cette histoire que vous allez d\u00e9couvrir ici, une histoire faite de grands personnages, de brillants artistes, de furieux id\u00e9ologues, de conqu\u00eates militaires, de subtilit\u00e9s diplomatiques, de cr\u00e9ations litt\u00e9raires et de drames aussi, parfois, car le fran\u00e7ais, pour s&#8217;imposer et m\u00eame pour survivre, a d\u00fb se battre.<\/p>\n","protected":false},"excerpt":{"rendered":"<p>Comment un vague idiome pratiqu\u00e9 pendant le haut Moyen \u00c2ge par quelques dizaines de milliers de personnes dispers\u00e9es le long de la Seine et de l&#8217;Oise a-t-il fini par s&#8217;imposer \u00e0 l&#8217;ensemble de la France ? Comment ce parler que rien ne distinguait des autres est-il devenu l&#8217;une des grandes langues mondiales ? Comment est-on [&hellip;]<\/p>\n","protected":false},"featured_media":56779,"template":"","meta":{"_acf_changed":false,"_genesis_hide_title":false,"_genesis_hide_breadcrumbs":false,"_genesis_hide_singular_image":false,"_genesis_hide_footer_widgets":false,"_genesis_custom_body_class":"","_genesis_custom_post_class":"","_genesis_layout":""},"product_brand":[],"product_cat":[7137,7133,7141],"product_tag":[],"class_list":{"0":"post-56781","1":"product","2":"type-product","3":"status-publish","4":"has-post-thumbnail","6":"product_cat-diccionaris-lenga-escolar-oc","7":"product_cat-libres-oc","8":"product_cat-linguistica-oc","9":"pa_auteur-feltin-palas-michel-oc","10":"pa_editeur-larousse-oc","11":"pa_langue-francais-oc","12":"entry","14":"first","15":"instock","16":"shipping-taxable","17":"purchasable","18":"product-type-simple"},"acf":[],"_links":{"self":[{"href":"https:\/\/www.libraria-occitana.org\/oc\/wp-json\/wp\/v2\/product\/56781","targetHints":{"allow":["GET"]}}],"collection":[{"href":"https:\/\/www.libraria-occitana.org\/oc\/wp-json\/wp\/v2\/product"}],"about":[{"href":"https:\/\/www.libraria-occitana.org\/oc\/wp-json\/wp\/v2\/types\/product"}],"wp:featuredmedia":[{"embeddable":true,"href":"https:\/\/www.libraria-occitana.org\/oc\/wp-json\/wp\/v2\/media\/56779"}],"wp:attachment":[{"href":"https:\/\/www.libraria-occitana.org\/oc\/wp-json\/wp\/v2\/media?parent=56781"}],"wp:term":[{"taxonomy":"product_brand","embeddable":true,"href":"https:\/\/www.libraria-occitana.org\/oc\/wp-json\/wp\/v2\/product_brand?post=56781"},{"taxonomy":"product_cat","embeddable":true,"href":"https:\/\/www.libraria-occitana.org\/oc\/wp-json\/wp\/v2\/product_cat?post=56781"},{"taxonomy":"product_tag","embeddable":true,"href":"https:\/\/www.libraria-occitana.org\/oc\/wp-json\/wp\/v2\/product_tag?post=56781"}],"curies":[{"name":"wp","href":"https:\/\/api.w.org\/{rel}","templated":true}]}}

Le français, une si fabuleuse histoire !

<p>Comment un vague idiome pratiqué pendant le haut Moyen Âge par quelques dizaines de milliers de personnes dispersées le long de la Seine et de l&#8217;Oise a-t-il fini par s&#8217;imposer à l&#8217;ensemble de la France ?</p>
<p>Comment ce parler que rien ne distinguait des autres est-il devenu l&#8217;une des grandes langues mondiales ? Comment est-on passé du latin apporté par les Romains au français d&#8217;aujourd&#8217;hui ?</p>
<p>C&#8217;est cette histoire que vous allez découvrir ici, une histoire faite de grands personnages, de brillants artistes, de furieux idéologues, de conquêtes militaires, de subtilités diplomatiques, de créations littéraires et de drames aussi, parfois, car le français, pour s&#8217;imposer et même pour survivre, a dû se battre.</p>

<p>Comment un vague idiome pratiqué pendant le haut Moyen Âge par quelques dizaines de milliers de personnes dispersées le long de la Seine et de l&#8217;Oise a-t-il fini par s&#8217;imposer à l&#8217;ensemble de la France ? Comment ce parler que rien ne distinguait des autres est-il devenu l&#8217;une des grandes langues mondiales ? Comment est-on [&hellip;]</p>
