{"id":56815,"date":"2022-06-17T16:21:33","date_gmt":"2022-06-17T14:21:33","guid":{"rendered":"http:\/\/www.libraria-occitana.org\/?post_type=product&#038;p=56815"},"modified":"2026-04-26T21:51:12","modified_gmt":"2026-04-26T19:51:12","slug":"saint-yrieix-la-perche-les-abecedaires-du-limousin","status":"publish","type":"product","link":"https:\/\/www.libraria-occitana.org\/oc\/produch\/saint-yrieix-la-perche-les-abecedaires-du-limousin\/","title":{"rendered":"Saint-Yrieix-la-Perche : Les ab\u00e9c\u00e9daires du Limousin"},"content":{"rendered":"<p>\u00c0 travers cet ab\u00e9c\u00e9daire, c&#8217;est toute l&#8217;histoire de Saint-Yrieix-la-Perche, depuis ses origines jusqu&#8217;\u00e0 nos jours, qui nous est cont\u00e9e.<\/p>\n<p>Pourquoi cette commune de la Haute-Vienne est-elle la gardienne d\u2019une fabuleuse bible enlumin\u00e9e datant du Moyen \u00c2ge ? D&#8217;o\u00f9 viennent les rivalit\u00e9s entre ville haute et ville basse ? Comment les madeleines ont fait la renomm\u00e9e de Saint-Yrieix ?<br \/>\nOn trouvera les r\u00e9ponses \u00e0 ces questions (et \u00e0 bien d\u2019autres) dans ce bel ouvrage, largement illustr\u00e9.<\/p>\n","protected":false},"excerpt":{"rendered":"<p>\u00c0 travers cet ab\u00e9c\u00e9daire, c&#8217;est toute l&#8217;histoire de Saint-Yrieix-la-Perche, depuis ses origines jusqu&#8217;\u00e0 nos jours, qui nous est cont\u00e9e. Pourquoi cette commune de la Haute-Vienne est-elle la gardienne d\u2019une fabuleuse bible enlumin\u00e9e datant du Moyen \u00c2ge ? D&#8217;o\u00f9 viennent les rivalit\u00e9s entre ville haute et ville basse ? Comment les madeleines ont fait la renomm\u00e9e [&hellip;]<\/p>\n","protected":false},"featured_media":56818,"template":"","meta":{"_acf_changed":false,"_genesis_hide_title":false,"_genesis_hide_breadcrumbs":false,"_genesis_hide_singular_image":false,"_genesis_hide_footer_widgets":false,"_genesis_custom_body_class":"","_genesis_custom_post_class":"","_genesis_layout":""},"product_brand":[],"product_cat":[7157,7149,7133],"product_tag":[],"class_list":{"0":"post-56815","1":"product","2":"type-product","3":"status-publish","4":"has-post-thumbnail","6":"product_cat-istoria-generala-oc","7":"product_cat-istoria-geografia-oc","8":"product_cat-libres-oc","9":"pa_auteur-molleman-rudi-oc","10":"pa_editeur-editions-mon-limousin-oc","11":"pa_langue-francais-oc","12":"entry","14":"first","15":"outofstock","16":"shipping-taxable","17":"purchasable","18":"product-type-simple"},"acf":[],"_links":{"self":[{"href":"https:\/\/www.libraria-occitana.org\/oc\/wp-json\/wp\/v2\/product\/56815","targetHints":{"allow":["GET"]}}],"collection":[{"href":"https:\/\/www.libraria-occitana.org\/oc\/wp-json\/wp\/v2\/product"}],"about":[{"href":"https:\/\/www.libraria-occitana.org\/oc\/wp-json\/wp\/v2\/types\/product"}],"wp:featuredmedia":[{"embeddable":true,"href":"https:\/\/www.libraria-occitana.org\/oc\/wp-json\/wp\/v2\/media\/56818"}],"wp:attachment":[{"href":"https:\/\/www.libraria-occitana.org\/oc\/wp-json\/wp\/v2\/media?parent=56815"}],"wp:term":[{"taxonomy":"product_brand","embeddable":true,"href":"https:\/\/www.libraria-occitana.org\/oc\/wp-json\/wp\/v2\/product_brand?post=56815"},{"taxonomy":"product_cat","embeddable":true,"href":"https:\/\/www.libraria-occitana.org\/oc\/wp-json\/wp\/v2\/product_cat?post=56815"},{"taxonomy":"product_tag","embeddable":true,"href":"https:\/\/www.libraria-occitana.org\/oc\/wp-json\/wp\/v2\/product_tag?post=56815"}],"curies":[{"name":"wp","href":"https:\/\/api.w.org\/{rel}","templated":true}]}}

Saint-Yrieix-la-Perche : Les abécédaires du Limousin

<p>À travers cet abécédaire, c&#8217;est toute l&#8217;histoire de Saint-Yrieix-la-Perche, depuis ses origines jusqu&#8217;à nos jours, qui nous est contée.</p>
<p>Pourquoi cette commune de la Haute-Vienne est-elle la gardienne d’une fabuleuse bible enluminée datant du Moyen Âge ? D&#8217;où viennent les rivalités entre ville haute et ville basse ? Comment les madeleines ont fait la renommée de Saint-Yrieix ?<br />
On trouvera les réponses à ces questions (et à bien d’autres) dans ce bel ouvrage, largement illustré.</p>

<p>À travers cet abécédaire, c&#8217;est toute l&#8217;histoire de Saint-Yrieix-la-Perche, depuis ses origines jusqu&#8217;à nos jours, qui nous est contée. Pourquoi cette commune de la Haute-Vienne est-elle la gardienne d’une fabuleuse bible enluminée datant du Moyen Âge ? D&#8217;où viennent les rivalités entre ville haute et ville basse ? Comment les madeleines ont fait la renommée [&hellip;]</p>
