{"id":57308,"date":"2022-12-07T17:13:36","date_gmt":"2022-12-07T16:13:36","guid":{"rendered":"http:\/\/www.libraria-occitana.org\/?post_type=product&#038;p=57308"},"modified":"2026-04-29T04:56:11","modified_gmt":"2026-04-29T02:56:11","slug":"quos-pas-per-res-pas-pour-rien","status":"publish","type":"product","link":"https:\/\/www.libraria-occitana.org\/oc\/produch\/quos-pas-per-res-pas-pour-rien\/","title":{"rendered":"Qu\u00f2&#8217;s pas per res &#8211; Pas pour rien"},"content":{"rendered":"<p>Recuelh de po\u00e8mas d'Adelina Yzac.<\/p>\n<p>I a aquel lan\u00e7 de la lenga e aqu\u00ed lo po\u00e8ma que pareis : mocandier, migr\u00f3s, sansier, lengut, cavilh\u00f3s\u2026 \u00f2c, la lenga e la paraula racan bric e rebecan. Assajar de lor far far chos ? Tant val voler far cantar un calhau !<\/p>\n","protected":false},"excerpt":{"rendered":"<p>Recuelh de po\u00e8mas d&#8217;Adelina Yzac. I a aquel lan\u00e7 de la lenga e aqu\u00ed lo po\u00e8ma que pareis : mocandier, migr\u00f3s, sansier, lengut, cavilh\u00f3s\u2026 \u00f2c, la lenga e la paraula racan bric e rebecan. Assajar de lor far far chos ? Tant val voler far cantar un calhau !<\/p>\n","protected":false},"featured_media":57242,"template":"","meta":{"_acf_changed":false,"_genesis_hide_title":false,"_genesis_hide_breadcrumbs":false,"_genesis_hide_singular_image":false,"_genesis_hide_footer_widgets":false,"_genesis_custom_body_class":"","_genesis_custom_post_class":"","_genesis_layout":""},"product_brand":[],"product_cat":[7133,7175,7181],"product_tag":[],"class_list":{"0":"post-57308","1":"product","2":"type-product","3":"status-publish","4":"has-post-thumbnail","6":"product_cat-libres-oc","7":"product_cat-literatura-oc","8":"product_cat-poesia-oc","9":"pa_auteur-yzac-adelina-oc","10":"pa_editeur-reclams-oc","11":"pa_langue-occitan-lengadocian-oc","12":"pa_langue-occitan-francais-oc","13":"entry","15":"first","16":"instock","17":"shipping-taxable","18":"purchasable","19":"product-type-simple"},"acf":[],"_links":{"self":[{"href":"https:\/\/www.libraria-occitana.org\/oc\/wp-json\/wp\/v2\/product\/57308","targetHints":{"allow":["GET"]}}],"collection":[{"href":"https:\/\/www.libraria-occitana.org\/oc\/wp-json\/wp\/v2\/product"}],"about":[{"href":"https:\/\/www.libraria-occitana.org\/oc\/wp-json\/wp\/v2\/types\/product"}],"wp:featuredmedia":[{"embeddable":true,"href":"https:\/\/www.libraria-occitana.org\/oc\/wp-json\/wp\/v2\/media\/57242"}],"wp:attachment":[{"href":"https:\/\/www.libraria-occitana.org\/oc\/wp-json\/wp\/v2\/media?parent=57308"}],"wp:term":[{"taxonomy":"product_brand","embeddable":true,"href":"https:\/\/www.libraria-occitana.org\/oc\/wp-json\/wp\/v2\/product_brand?post=57308"},{"taxonomy":"product_cat","embeddable":true,"href":"https:\/\/www.libraria-occitana.org\/oc\/wp-json\/wp\/v2\/product_cat?post=57308"},{"taxonomy":"product_tag","embeddable":true,"href":"https:\/\/www.libraria-occitana.org\/oc\/wp-json\/wp\/v2\/product_tag?post=57308"}],"curies":[{"name":"wp","href":"https:\/\/api.w.org\/{rel}","templated":true}]}}

Quò&#8217;s pas per res &#8211; Pas pour rien

<p>Recuelh de poèmas d'Adelina Yzac.</p>
<p>I a aquel lanç de la lenga e aquí lo poèma que pareis : mocandier, migrós, sansier, lengut, cavilhós… òc, la lenga e la paraula racan bric e rebecan. Assajar de lor far far chos ? Tant val voler far cantar un calhau !</p>

<p>Recuelh de poèmas d&#8217;Adelina Yzac. I a aquel lanç de la lenga e aquí lo poèma que pareis : mocandier, migrós, sansier, lengut, cavilhós… òc, la lenga e la paraula racan bric e rebecan. Assajar de lor far far chos ? Tant val voler far cantar un calhau !</p>
