{"id":57374,"date":"2012-10-19T16:48:37","date_gmt":"2012-10-19T14:48:37","guid":{"rendered":"http:\/\/www.libraria-occitana.org\/product\/chants-de-troubadours-pas-e-camins-passages-et-chemins\/"},"modified":"2026-04-29T05:41:07","modified_gmt":"2026-04-29T03:41:07","slug":"chants-de-troubadours-pas-e-camins-passages-et-chemins","status":"publish","type":"product","link":"https:\/\/www.libraria-occitana.org\/oc\/produch\/chants-de-troubadours-pas-e-camins-passages-et-chemins\/","title":{"rendered":"Chants de troubadours : Pas e camins &#8211; Passages et chemins"},"content":{"rendered":"<p><strong>Maurice Moncozet :<\/strong> Chant, rebec, chalemie, mati\u00e8res sonores \u00e9lectroniques, conception et direction musicale<br \/>\n<strong>V\u00e9ronique Condesse :<\/strong> Harpe<\/p>\n<p>Avec la participation de Delphine Barbut &#8211; guitare, Delphine Chomel &#8211; violon, Bertrand No\u00ebl &#8211; batterie, Yonathan Avisha\u00ef &#8211; piano, Dominique Regef &#8211; vielle \u00e0 roue, vi\u00e8les \u00e0 archet, Jaqui D\u00e9traz &#8211; percussions.<\/p>\n<p><strong>Titres :<\/strong><br \/>\n1. Atressi co\u00b7l signes fai (Peirol) 3&#8217;12<br \/>\n2. Lanquan li jorn son lonc en mai (Jaufre Rudel) 7&#8217;08<br \/>\n3. Res contr&#8217;amor non es guirens (Raimon de Miraval) 6&#8217;46<br \/>\n4. La doussa votz ai auzida (Bernat de Ventadorn) 6&#8217;36<br \/>\n5. Bel m&#8217;es qu&#8217;ieu chant e coindei (Raimon de Miraval) 5&#8217;28<br \/>\n6. Plus que\u00b7l paubres que jatz e\u00b7l ric ostal (Peire Vidal) 6&#8217;17<br \/>\n7. Quan vei la lauzeta mover (Bernart de Ventadorn) 8&#8217;30<br \/>\n8. Lanquan folhon bosc e jarric (Bernart de Ventadorn) 4&#8217;54<br \/>\n9. Quan lo rius de la fontana (Jaufre Rudel) 4&#8217;54<br \/>\n10. A tantas bonas chansos (Bernart de Ventadorn) 4&#8217;34<br \/>\n11. Aissi pert poder amors (Guiraut Riquier) 3&#8217;45<\/p>\n","protected":false},"excerpt":{"rendered":"<p>Maurice Moncozet : Chant, rebec, chalemie, mati\u00e8res sonores \u00e9lectroniques, conception et direction musicale V\u00e9ronique Condesse : Harpe Avec la participation de Delphine Barbut &#8211; guitare, Delphine Chomel &#8211; violon, Bertrand No\u00ebl &#8211; batterie, Yonathan Avisha\u00ef &#8211; piano, Dominique Regef &#8211; vielle \u00e0 roue, vi\u00e8les \u00e0 archet, Jaqui D\u00e9traz &#8211; percussions. Titres : 1. Atressi co\u00b7l [&hellip;]<\/p>\n","protected":false},"featured_media":57372,"template":"","meta":{"_acf_changed":false,"_genesis_hide_title":false,"_genesis_hide_breadcrumbs":false,"_genesis_hide_singular_image":false,"_genesis_hide_footer_widgets":false,"_genesis_custom_body_class":"","_genesis_custom_post_class":"","_genesis_layout":""},"product_brand":[],"product_cat":[16683,7227],"product_tag":[],"class_list":{"0":"post-57374","1":"product","2":"type-product","3":"status-publish","4":"has-post-thumbnail","6":"product_cat-musica-oc","7":"product_cat-musica-classica-trobadors-oc","8":"pa_auteur-condesse-veronique-oc","9":"pa_auteur-moncozet-maurice-oc","10":"pa_editeur-troba-vox-oc","11":"pa_langue-occitan-oc","12":"pa_langue-occitan-medievau-oc","13":"entry","15":"first","16":"outofstock","17":"shipping-taxable","18":"purchasable","19":"product-type-simple"},"acf":[],"_links":{"self":[{"href":"https:\/\/www.libraria-occitana.org\/oc\/wp-json\/wp\/v2\/product\/57374","targetHints":{"allow":["GET"]}}],"collection":[{"href":"https:\/\/www.libraria-occitana.org\/oc\/wp-json\/wp\/v2\/product"}],"about":[{"href":"https:\/\/www.libraria-occitana.org\/oc\/wp-json\/wp\/v2\/types\/product"}],"wp:featuredmedia":[{"embeddable":true,"href":"https:\/\/www.libraria-occitana.org\/oc\/wp-json\/wp\/v2\/media\/57372"}],"wp:attachment":[{"href":"https:\/\/www.libraria-occitana.org\/oc\/wp-json\/wp\/v2\/media?parent=57374"}],"wp:term":[{"taxonomy":"product_brand","embeddable":true,"href":"https:\/\/www.libraria-occitana.org\/oc\/wp-json\/wp\/v2\/product_brand?post=57374"},{"taxonomy":"product_cat","embeddable":true,"href":"https:\/\/www.libraria-occitana.org\/oc\/wp-json\/wp\/v2\/product_cat?post=57374"},{"taxonomy":"product_tag","embeddable":true,"href":"https:\/\/www.libraria-occitana.org\/oc\/wp-json\/wp\/v2\/product_tag?post=57374"}],"curies":[{"name":"wp","href":"https:\/\/api.w.org\/{rel}","templated":true}]}}

<p><strong>Maurice Moncozet :</strong> Chant, rebec, chalemie, matières sonores électroniques, conception et direction musicale<br />
<strong>Véronique Condesse :</strong> Harpe</p>
<p>Avec la participation de Delphine Barbut &#8211; guitare, Delphine Chomel &#8211; violon, Bertrand Noël &#8211; batterie, Yonathan Avishaï &#8211; piano, Dominique Regef &#8211; vielle à roue, vièles à archet, Jaqui Détraz &#8211; percussions.</p>
<p><strong>Titres :</strong><br />
1. Atressi co·l signes fai (Peirol) 3&#8217;12<br />
2. Lanquan li jorn son lonc en mai (Jaufre Rudel) 7&#8217;08<br />
3. Res contr&#8217;amor non es guirens (Raimon de Miraval) 6&#8217;46<br />
4. La doussa votz ai auzida (Bernat de Ventadorn) 6&#8217;36<br />
5. Bel m&#8217;es qu&#8217;ieu chant e coindei (Raimon de Miraval) 5&#8217;28<br />
6. Plus que·l paubres que jatz e·l ric ostal (Peire Vidal) 6&#8217;17<br />
7. Quan vei la lauzeta mover (Bernart de Ventadorn) 8&#8217;30<br />
8. Lanquan folhon bosc e jarric (Bernart de Ventadorn) 4&#8217;54<br />
9. Quan lo rius de la fontana (Jaufre Rudel) 4&#8217;54<br />
10. A tantas bonas chansos (Bernart de Ventadorn) 4&#8217;34<br />
11. Aissi pert poder amors (Guiraut Riquier) 3&#8217;45</p>

<p>Maurice Moncozet : Chant, rebec, chalemie, matières sonores électroniques, conception et direction musicale Véronique Condesse : Harpe Avec la participation de Delphine Barbut &#8211; guitare, Delphine Chomel &#8211; violon, Bertrand Noël &#8211; batterie, Yonathan Avishaï &#8211; piano, Dominique Regef &#8211; vielle à roue, vièles à archet, Jaqui Détraz &#8211; percussions. Titres : 1. Atressi co·l [&hellip;]</p>
