{"id":57826,"date":"2023-04-13T18:22:12","date_gmt":"2023-04-13T16:22:12","guid":{"rendered":"http:\/\/www.libraria-occitana.org\/?post_type=product&#038;p=57826"},"modified":"2026-04-29T10:25:08","modified_gmt":"2026-04-29T08:25:08","slug":"prague-capitale-magique-grand-entretien-jan-dau-melhau-arts-plastiques-dafflo-creation-lectures-regards-revue-a-n15","status":"publish","type":"product","link":"https:\/\/www.libraria-occitana.org\/oc\/produch\/prague-capitale-magique-grand-entretien-jan-dau-melhau-arts-plastiques-dafflo-creation-lectures-regards-revue-a-n15\/","title":{"rendered":"Prague \u00ab Capitale magique \u00bb &#8211; Grand entretien : Jan dau Melhau &#8211; Arts plastiques : Dafflo &#8211; Cr\u00e9ation &#8211; Lectures &#8211; Regards \/ Revue A N\u00b015"},"content":{"rendered":"<p>Num\u00e9ro comprenant un dossier de 26 pages consacr\u00e9 \u00e0 Jan dau Melhau : Le grand entretien : nouvelle conversation avec Jan dau Melhau, par Marie Virolle.<\/p>\n<p><a href=\"http:\/\/www.libraria-occitana.org\/wp-content\/uploads\/2023\/04\/sommaire_n15.pdf\"><strong>Somari<\/strong><\/a><\/p>\n","protected":false},"excerpt":{"rendered":"<p>Num\u00e9ro comprenant un dossier de 26 pages consacr\u00e9 \u00e0 Jan dau Melhau : Le grand entretien : nouvelle conversation avec Jan dau Melhau, par Marie Virolle. Somari<\/p>\n","protected":false},"featured_media":57832,"template":"","meta":{"_acf_changed":false,"_genesis_hide_title":false,"_genesis_hide_breadcrumbs":false,"_genesis_hide_singular_image":false,"_genesis_hide_footer_widgets":false,"_genesis_custom_body_class":"","_genesis_custom_post_class":"","_genesis_layout":""},"product_brand":[],"product_cat":[7189,7133,7175],"product_tag":[],"class_list":{"0":"post-57826","1":"product","2":"type-product","3":"status-publish","4":"has-post-thumbnail","6":"product_cat-estudis-literaris-oc","7":"product_cat-libres-oc","8":"product_cat-literatura-oc","9":"pa_auteur-collectiu-oc-2","10":"pa_editeur-marsa-publications-oc","11":"pa_langue-francais-oc","12":"entry","14":"first","15":"instock","16":"shipping-taxable","17":"purchasable","18":"product-type-simple"},"acf":[],"_links":{"self":[{"href":"https:\/\/www.libraria-occitana.org\/oc\/wp-json\/wp\/v2\/product\/57826","targetHints":{"allow":["GET"]}}],"collection":[{"href":"https:\/\/www.libraria-occitana.org\/oc\/wp-json\/wp\/v2\/product"}],"about":[{"href":"https:\/\/www.libraria-occitana.org\/oc\/wp-json\/wp\/v2\/types\/product"}],"wp:featuredmedia":[{"embeddable":true,"href":"https:\/\/www.libraria-occitana.org\/oc\/wp-json\/wp\/v2\/media\/57832"}],"wp:attachment":[{"href":"https:\/\/www.libraria-occitana.org\/oc\/wp-json\/wp\/v2\/media?parent=57826"}],"wp:term":[{"taxonomy":"product_brand","embeddable":true,"href":"https:\/\/www.libraria-occitana.org\/oc\/wp-json\/wp\/v2\/product_brand?post=57826"},{"taxonomy":"product_cat","embeddable":true,"href":"https:\/\/www.libraria-occitana.org\/oc\/wp-json\/wp\/v2\/product_cat?post=57826"},{"taxonomy":"product_tag","embeddable":true,"href":"https:\/\/www.libraria-occitana.org\/oc\/wp-json\/wp\/v2\/product_tag?post=57826"}],"curies":[{"name":"wp","href":"https:\/\/api.w.org\/{rel}","templated":true}]}}

Prague « Capitale magique » &#8211; Grand entretien : Jan dau Melhau &#8211; Arts plastiques : Dafflo &#8211; Création &#8211; Lectures &#8211; Regards / Revue A N°15

<p>Numéro comprenant un dossier de 26 pages consacré à Jan dau Melhau : Le grand entretien : nouvelle conversation avec Jan dau Melhau, par Marie Virolle.</p>
<p><a href="http://www.libraria-occitana.org/wp-content/uploads/2023/04/sommaire_n15.pdf"><strong>Somari</strong></a></p>

<p>Numéro comprenant un dossier de 26 pages consacré à Jan dau Melhau : Le grand entretien : nouvelle conversation avec Jan dau Melhau, par Marie Virolle. Somari</p>
