{"id":58116,"date":"2023-06-09T17:00:37","date_gmt":"2023-06-09T15:00:37","guid":{"rendered":"http:\/\/www.libraria-occitana.org\/?post_type=product&#038;p=58116"},"modified":"2026-04-28T05:46:19","modified_gmt":"2026-04-28T03:46:19","slug":"les-ostensions-septennales-limousines-en-charente-limousine-abzac-brigueuil-chabanais-esse-etagnac-et-charroux-vienne","status":"publish","type":"product","link":"https:\/\/www.libraria-occitana.org\/oc\/produch\/les-ostensions-septennales-limousines-en-charente-limousine-abzac-brigueuil-chabanais-esse-etagnac-et-charroux-vienne\/","title":{"rendered":"Les Ostensions septennales limousines : En Charente limousine, Abzac &#8211; Brigueuil &#8211; Chabanais &#8211; Esse &#8211; \u00c9tagnac et Charroux (Vienne)"},"content":{"rendered":"<p>Jean-Louis Qu\u00e9riaud et Jos\u00e9 D\u00e9lias, de la Soci\u00e9t\u00e9 des Amis du vieux Confolens, exposent le r\u00e9sultat de leurs recherches sur les Ostensions en Charente limousine : origine, histoire, d\u00e9roulement, \u00e9volutions jusqu&#8217;\u00e0 aujourd&#8217;hui, ceci agr\u00e9ment\u00e9 de photos anciennes ou plus r\u00e9centes.<\/p>\n","protected":false},"excerpt":{"rendered":"<p>Jean-Louis Qu\u00e9riaud et Jos\u00e9 D\u00e9lias, de la Soci\u00e9t\u00e9 des Amis du vieux Confolens, exposent le r\u00e9sultat de leurs recherches sur les Ostensions en Charente limousine : origine, histoire, d\u00e9roulement, \u00e9volutions jusqu&#8217;\u00e0 aujourd&#8217;hui, ceci agr\u00e9ment\u00e9 de photos anciennes ou plus r\u00e9centes.<\/p>\n","protected":false},"featured_media":58122,"template":"","meta":{"_acf_changed":false,"_genesis_hide_title":false,"_genesis_hide_breadcrumbs":false,"_genesis_hide_singular_image":false,"_genesis_hide_footer_widgets":false,"_genesis_custom_body_class":"","_genesis_custom_post_class":"","_genesis_layout":""},"product_brand":[],"product_cat":[7209,7157,7149,7133,7205,7207],"product_tag":[],"class_list":{"0":"post-58116","1":"product","2":"type-product","3":"status-publish","4":"has-post-thumbnail","6":"product_cat-costumas-rites-e-cresencas-oc","7":"product_cat-istoria-generala-oc","8":"product_cat-istoria-geografia-oc","9":"product_cat-libres-oc","10":"product_cat-religion-espiritualitat-oc","11":"product_cat-tradicions-patrimoni-oc","12":"pa_auteur-delias-jose-oc","13":"pa_auteur-queriaud-jean-louis-oc","14":"pa_editeur-societe-des-amis-du-vieux-confolens-oc","15":"pa_langue-francais-oc","16":"entry","18":"first","19":"outofstock","20":"shipping-taxable","21":"purchasable","22":"product-type-simple"},"acf":[],"_links":{"self":[{"href":"https:\/\/www.libraria-occitana.org\/oc\/wp-json\/wp\/v2\/product\/58116","targetHints":{"allow":["GET"]}}],"collection":[{"href":"https:\/\/www.libraria-occitana.org\/oc\/wp-json\/wp\/v2\/product"}],"about":[{"href":"https:\/\/www.libraria-occitana.org\/oc\/wp-json\/wp\/v2\/types\/product"}],"wp:featuredmedia":[{"embeddable":true,"href":"https:\/\/www.libraria-occitana.org\/oc\/wp-json\/wp\/v2\/media\/58122"}],"wp:attachment":[{"href":"https:\/\/www.libraria-occitana.org\/oc\/wp-json\/wp\/v2\/media?parent=58116"}],"wp:term":[{"taxonomy":"product_brand","embeddable":true,"href":"https:\/\/www.libraria-occitana.org\/oc\/wp-json\/wp\/v2\/product_brand?post=58116"},{"taxonomy":"product_cat","embeddable":true,"href":"https:\/\/www.libraria-occitana.org\/oc\/wp-json\/wp\/v2\/product_cat?post=58116"},{"taxonomy":"product_tag","embeddable":true,"href":"https:\/\/www.libraria-occitana.org\/oc\/wp-json\/wp\/v2\/product_tag?post=58116"}],"curies":[{"name":"wp","href":"https:\/\/api.w.org\/{rel}","templated":true}]}}

Les Ostensions septennales limousines : En Charente limousine, Abzac &#8211; Brigueuil &#8211; Chabanais &#8211; Esse &#8211; Étagnac et Charroux (Vienne)

<p>Jean-Louis Quériaud et José Délias, de la Société des Amis du vieux Confolens, exposent le résultat de leurs recherches sur les Ostensions en Charente limousine : origine, histoire, déroulement, évolutions jusqu&#8217;à aujourd&#8217;hui, ceci agrémenté de photos anciennes ou plus récentes.</p>
